{"id":4044,"date":"2025-07-25T11:29:17","date_gmt":"2025-07-25T09:29:17","guid":{"rendered":"https:\/\/www.wpd.de\/windpark-kemnitz\/?page_id=4044"},"modified":"2025-07-25T12:08:41","modified_gmt":"2025-07-25T10:08:41","slug":"schall-und-schatten","status":"publish","type":"page","link":"https:\/\/www.wpd.de\/windpark-kemnitz\/planung\/schall-und-schatten\/","title":{"rendered":"Schall und Schatten"},"content":{"rendered":"","protected":false},"excerpt":{"rendered":"a:2:{i:0;s:11:&#8220;text-normal&#8220;;i:1;s:11:&#8220;text-normal&#8220;;} a:1:{i:0;s:4:&#8220;3847&#8243;;}    a:1:{i:0;s:0:&#8220;&#8220;;}  Schall- und Schattengutachten  Im Genehmigungsverfahren werden Schall- und Schattengutachten abgegeben, die von einem unabh\u00e4ngigen Gutachter erstellt werden. Im ersten Schritt werden dabei f\u00fcr die umliegenden Wohnh\u00e4user sogenannte Immissionsorte festgelegt, die von Schall und Schatten der WEA betroffen sind. Dieses sind die Wohnh\u00e4user, die sich am n\u00e4chsten an den geplanten WEA-Standorten befinden.\r\n\r\n<a href=\"https:\/\/www.wpd.de\/windpark-kemnitz\/wp-content\/uploads\/sites\/12\/2025\/07\/IO-Gesamtpark.png\"><img loading=\"lazy\" decoding=\"async\" class=\"wp-image-3725 alignnone\" src=\"https:\/\/www.wpd.de\/windpark-kemnitz\/wp-content\/uploads\/sites\/12\/2025\/07\/IO-Gesamtpark-992x717.png\" alt=\"\" width=\"383\" height=\"277\" srcset=\"https:\/\/www.wpd.de\/windpark-kemnitz\/wp-content\/uploads\/sites\/12\/2025\/07\/IO-Gesamtpark-992x717.png 992w, https:\/\/www.wpd.de\/windpark-kemnitz\/wp-content\/uploads\/sites\/12\/2025\/07\/IO-Gesamtpark-768x555.png 768w, https:\/\/www.wpd.de\/windpark-kemnitz\/wp-content\/uploads\/sites\/12\/2025\/07\/IO-Gesamtpark-600x433.png 600w, https:\/\/www.wpd.de\/windpark-kemnitz\/wp-content\/uploads\/sites\/12\/2025\/07\/IO-Gesamtpark-720x520.png 720w, https:\/\/www.wpd.de\/windpark-kemnitz\/wp-content\/uploads\/sites\/12\/2025\/07\/IO-Gesamtpark-360x260.png 360w, https:\/\/www.wpd.de\/windpark-kemnitz\/wp-content\/uploads\/sites\/12\/2025\/07\/IO-Gesamtpark.png 994w\" sizes=\"auto, (max-width: 383px) 100vw, 383px\" \/><\/a>\r\n<h3>Schallberechnungen<\/h3>\r\nDie Rotorbl\u00e4tter von Windr\u00e4dern erreichen an den Spitzen Geschwindigkeiten bis zu 300 km\/h, was ein rhythmisches Rauschen erzeugt. Diese Ger\u00e4usche k\u00f6nnen nicht vermieden, aber minimiert werden: durch optimierte Rotorblattformen und durch einen schalloptimierten Betrieb der WEA.\r\n\r\n<strong>Die Schallentwicklung der Windr\u00e4der wird am Computer simuliert, so dass die gesetzlichen Grenzwerte f\u00fcr die Schallbelastung eingehalten werden.<\/strong>\r\n\r\nF\u00fcr die Berechnung der Schallbelastung wird gepr\u00fcft, in welcher Gebietskategorie gem\u00e4\u00df Fl\u00e4chennutzungs- oder Bebauungsplan die Wohnh\u00e4user stehen. Entsprechend der Gebietskategorie gelten die folgenden n\u00e4chtlichen Beurteilungspegel, die nicht \u00fcberschritten werden d\u00fcrfen:\r\n<ul>\r\n \t<li>in Kurgebieten, f\u00fcr Krankenh\u00e4user und Pflegeanstalten: 35 dB(A)<\/li>\r\n \t<li>in reinen Wohngebieten: 35 dB(A)<\/li>\r\n \t<li>in allgemeinen Wohngebieten und Kleinsiedlungsgebieten: 40 dB(A)<\/li>\r\n \t<li>in Kerngebieten, Dorfgebieten und Mischgebieten: 45 dB(A)<\/li>\r\n \t<li>in urbanen Gebieten: 45 dB(A)<\/li>\r\n \t<li>in Gewerbegebieten: 50 dB(A)<\/li>\r\n \t<li>in Industriegebieten: 70 dB(A)<\/li>\r\n<\/ul>\r\nKommt es bei den Berechnungen zu einer \u00dcberschreitung dieser Beurteilungspegel durch den n\u00e4chtlichen Betrieb der WEA, so werden vom Gutachter f\u00fcr diese WEA andere Betriebsmodi gew\u00e4hlt, bei denen die Anlage leiser betrieben wird. F\u00fcr die geplanten WEA vom Hersteller Nordex gibt es viele verschiedene Betriebsmodi. Es wird berechnet, bei welchem Modus die Grenzwerte eingehalten werden. H\u00e4ufig werden WEA nachts zum Schutz der Anwohner schallreduziert betrieben. In der Genehmigung wird der n\u00e4chtliche Betriebsmodus f\u00fcr jede einzelne der geplanten WEA festgelegt. Anwohner haben nach Errichtung der WEA die M\u00f6glichkeit, die genehmigten Schallpegel sowie den entsprechend ordnungsgem\u00e4\u00dfen Betrieb der WEA bei der zust\u00e4ndigen Immissionsschutzbeh\u00f6rde einzusehen.     kein_schmuck weiss 0    <h3>Schattenberechnungen<\/h3>\r\nDie Rotorbl\u00e4tter der Windenergieanlagen erzeugen bei niedrigem Sonnenstand einen regelm\u00e4\u00dfigen Schattenwurf. F\u00fcr s\u00e4mtliche Wohngebiete in der Nachbarschaft des Windparks wird dieser Schattenwurf \u00fcberwacht \u2013 mit Sensoren und Computertechnik.\r\n\r\n<strong>Wird an einem der umliegenden Wohnh\u00e4user die gesetzlich festgelegte H\u00f6chstdauer f\u00fcr den Schattenwurf \u00fcberschritten, schalten die Anlagen ab und werden erst wieder eingeschaltet, wenn auf dem betroffenen Wohnhaus kein Schatten mehr f\u00e4llt.<\/strong> \r\n\r\nDas Ab- und wieder Einschalten erfolgt \u00fcber ein Schattenabschaltmodul, das in jede WEA eingebaut wird.\r\nBei der Berechnung der Schattenbelastung gelten f\u00fcr jeden Immissionsort, also f\u00fcr jedes Wohnhaus, das von Schatten getroffen wird, die folgenden Grenzwerte:\r\n&#8211; 30 Minuten Schattenwurf am Tag\r\n&#8211; bzw. 8 Stunden Schattenwurf im Jahr\r\n\r\nWird also ein Immissionsort 30 Minuten lang am Tag von Schatten getroffen, so wird die WEA, die diesen Schatten verursacht, nach diesen 30 Minuten abgeschaltet. Sind in Summe \u00fcber mehrere Tage 8 Stunden Schattenwurf an einem Immissionsort erreicht, so wird die WEA, die diesen Schatten verursacht, f\u00fcr den Rest des Jahres abgeschaltet, sobald der betroffene Immissionsort erneut vom Schatten dieser WEA getroffen werden w\u00fcrde.      kein_schmuck weiss 1 ","protected":false},"author":36,"featured_media":2471,"parent":470,"menu_order":2,"comment_status":"closed","ping_status":"closed","template":"template-flexible-contents.php","meta":{"_acf_changed":false,"footnotes":""},"class_list":["post-4044","page","type-page","status-publish","has-post-thumbnail","hentry"],"acf":[],"yoast_head":"<!-- This site is optimized with the Yoast SEO plugin v25.4 - https:\/\/yoast.com\/wordpress\/plugins\/seo\/ -->\n<title>Schall und Schatten - Windpark Kemnitz Repowering<\/title>\n<meta name=\"description\" content=\"Im Genehmigungsverfahren werden Schall- und Schattengutachten abgegeben, die von einem unabh\u00e4ngigen Gutachter erstellt werden. Im ersten Schritt werden dabei f\u00fcr die umliegenden Wohnh\u00e4user sogenannte Immissionsorte festgelegt, die von Schall\" \/>\n<meta name=\"robots\" content=\"index, follow, max-snippet:-1, max-image-preview:large, max-video-preview:-1\" \/>\n<link rel=\"canonical\" href=\"https:\/\/www.wpd.de\/windpark-kemnitz\/planung\/schall-und-schatten\/\" \/>\n<meta property=\"og:locale\" content=\"de_DE\" \/>\n<meta property=\"og:type\" content=\"article\" \/>\n<meta property=\"og:title\" content=\"Schall und Schatten - Windpark Kemnitz Repowering\" \/>\n<meta property=\"og:description\" content=\"Im Genehmigungsverfahren werden Schall- und Schattengutachten abgegeben, die von einem unabh\u00e4ngigen Gutachter erstellt werden. Im ersten Schritt werden dabei f\u00fcr die umliegenden Wohnh\u00e4user sogenannte Immissionsorte festgelegt, die von Schall\" \/>\n<meta property=\"og:url\" content=\"https:\/\/www.wpd.de\/windpark-kemnitz\/planung\/schall-und-schatten\/\" \/>\n<meta property=\"og:site_name\" content=\"Windpark Kemnitz Repowering\" \/>\n<meta property=\"article:modified_time\" content=\"2025-07-25T10:08:41+00:00\" \/>\n<meta property=\"og:image\" content=\"https:\/\/www.wpd.de\/windpark-kemnitz\/wp-content\/uploads\/sites\/12\/2025\/06\/wpd_PotsdamBuero_006-scaled-e1749819418927.jpg\" \/>\n\t<meta property=\"og:image:width\" content=\"1984\" \/>\n\t<meta property=\"og:image:height\" content=\"1984\" \/>\n\t<meta property=\"og:image:type\" content=\"image\/jpeg\" \/>\n<meta name=\"twitter:card\" content=\"summary_large_image\" \/>\n<script type=\"application\/ld+json\" class=\"yoast-schema-graph\">{\"@context\":\"https:\/\/schema.org\",\"@graph\":[{\"@type\":\"WebPage\",\"@id\":\"https:\/\/www.wpd.de\/windpark-kemnitz\/planung\/schall-und-schatten\/\",\"url\":\"https:\/\/www.wpd.de\/windpark-kemnitz\/planung\/schall-und-schatten\/\",\"name\":\"Schall und Schatten - Windpark Kemnitz Repowering\",\"isPartOf\":{\"@id\":\"https:\/\/www.wpd.de\/windpark-kemnitz\/#website\"},\"primaryImageOfPage\":{\"@id\":\"https:\/\/www.wpd.de\/windpark-kemnitz\/planung\/schall-und-schatten\/#primaryimage\"},\"image\":{\"@id\":\"https:\/\/www.wpd.de\/windpark-kemnitz\/planung\/schall-und-schatten\/#primaryimage\"},\"thumbnailUrl\":\"https:\/\/www.wpd.de\/windpark-kemnitz\/wp-content\/uploads\/sites\/12\/2025\/06\/wpd_PotsdamBuero_006-scaled-e1749819418927.jpg\",\"datePublished\":\"2025-07-25T09:29:17+00:00\",\"dateModified\":\"2025-07-25T10:08:41+00:00\",\"breadcrumb\":{\"@id\":\"https:\/\/www.wpd.de\/windpark-kemnitz\/planung\/schall-und-schatten\/#breadcrumb\"},\"inLanguage\":\"de\",\"potentialAction\":[{\"@type\":\"ReadAction\",\"target\":[\"https:\/\/www.wpd.de\/windpark-kemnitz\/planung\/schall-und-schatten\/\"]}]},{\"@type\":\"ImageObject\",\"inLanguage\":\"de\",\"@id\":\"https:\/\/www.wpd.de\/windpark-kemnitz\/planung\/schall-und-schatten\/#primaryimage\",\"url\":\"https:\/\/www.wpd.de\/windpark-kemnitz\/wp-content\/uploads\/sites\/12\/2025\/06\/wpd_PotsdamBuero_006-scaled-e1749819418927.jpg\",\"contentUrl\":\"https:\/\/www.wpd.de\/windpark-kemnitz\/wp-content\/uploads\/sites\/12\/2025\/06\/wpd_PotsdamBuero_006-scaled-e1749819418927.jpg\",\"width\":1984,\"height\":1984},{\"@type\":\"BreadcrumbList\",\"@id\":\"https:\/\/www.wpd.de\/windpark-kemnitz\/planung\/schall-und-schatten\/#breadcrumb\",\"itemListElement\":[{\"@type\":\"ListItem\",\"position\":1,\"name\":\"Startseite\",\"item\":\"https:\/\/www.wpd.de\/windpark-kemnitz\/\"},{\"@type\":\"ListItem\",\"position\":2,\"name\":\"Planung\",\"item\":\"https:\/\/www.wpd.de\/windpark-kemnitz\/planung\/\"},{\"@type\":\"ListItem\",\"position\":3,\"name\":\"Schall und Schatten\"}]},{\"@type\":\"WebSite\",\"@id\":\"https:\/\/www.wpd.de\/windpark-kemnitz\/#website\",\"url\":\"https:\/\/www.wpd.de\/windpark-kemnitz\/\",\"name\":\"Windpark Kemnitz Repowering\",\"description\":\"Eine weitere wpd.de Websites Website\",\"potentialAction\":[{\"@type\":\"SearchAction\",\"target\":{\"@type\":\"EntryPoint\",\"urlTemplate\":\"https:\/\/www.wpd.de\/windpark-kemnitz\/?s={search_term_string}\"},\"query-input\":{\"@type\":\"PropertyValueSpecification\",\"valueRequired\":true,\"valueName\":\"search_term_string\"}}],\"inLanguage\":\"de\"}]}<\/script>\n<!-- \/ Yoast SEO plugin. -->","yoast_head_json":{"title":"Schall und Schatten - Windpark Kemnitz Repowering","description":"Im Genehmigungsverfahren werden Schall- und Schattengutachten abgegeben, die von einem unabh\u00e4ngigen Gutachter erstellt werden. Im ersten Schritt werden dabei f\u00fcr die umliegenden Wohnh\u00e4user sogenannte Immissionsorte festgelegt, die von Schall","robots":{"index":"index","follow":"follow","max-snippet":"max-snippet:-1","max-image-preview":"max-image-preview:large","max-video-preview":"max-video-preview:-1"},"canonical":"https:\/\/www.wpd.de\/windpark-kemnitz\/planung\/schall-und-schatten\/","og_locale":"de_DE","og_type":"article","og_title":"Schall und Schatten - Windpark Kemnitz Repowering","og_description":"Im Genehmigungsverfahren werden Schall- und Schattengutachten abgegeben, die von einem unabh\u00e4ngigen Gutachter erstellt werden. Im ersten Schritt werden dabei f\u00fcr die umliegenden Wohnh\u00e4user sogenannte Immissionsorte festgelegt, die von Schall","og_url":"https:\/\/www.wpd.de\/windpark-kemnitz\/planung\/schall-und-schatten\/","og_site_name":"Windpark Kemnitz Repowering","article_modified_time":"2025-07-25T10:08:41+00:00","og_image":[{"width":1984,"height":1984,"url":"https:\/\/www.wpd.de\/windpark-kemnitz\/wp-content\/uploads\/sites\/12\/2025\/06\/wpd_PotsdamBuero_006-scaled-e1749819418927.jpg","type":"image\/jpeg"}],"twitter_card":"summary_large_image","schema":{"@context":"https:\/\/schema.org","@graph":[{"@type":"WebPage","@id":"https:\/\/www.wpd.de\/windpark-kemnitz\/planung\/schall-und-schatten\/","url":"https:\/\/www.wpd.de\/windpark-kemnitz\/planung\/schall-und-schatten\/","name":"Schall und Schatten - Windpark Kemnitz Repowering","isPartOf":{"@id":"https:\/\/www.wpd.de\/windpark-kemnitz\/#website"},"primaryImageOfPage":{"@id":"https:\/\/www.wpd.de\/windpark-kemnitz\/planung\/schall-und-schatten\/#primaryimage"},"image":{"@id":"https:\/\/www.wpd.de\/windpark-kemnitz\/planung\/schall-und-schatten\/#primaryimage"},"thumbnailUrl":"https:\/\/www.wpd.de\/windpark-kemnitz\/wp-content\/uploads\/sites\/12\/2025\/06\/wpd_PotsdamBuero_006-scaled-e1749819418927.jpg","datePublished":"2025-07-25T09:29:17+00:00","dateModified":"2025-07-25T10:08:41+00:00","breadcrumb":{"@id":"https:\/\/www.wpd.de\/windpark-kemnitz\/planung\/schall-und-schatten\/#breadcrumb"},"inLanguage":"de","potentialAction":[{"@type":"ReadAction","target":["https:\/\/www.wpd.de\/windpark-kemnitz\/planung\/schall-und-schatten\/"]}]},{"@type":"ImageObject","inLanguage":"de","@id":"https:\/\/www.wpd.de\/windpark-kemnitz\/planung\/schall-und-schatten\/#primaryimage","url":"https:\/\/www.wpd.de\/windpark-kemnitz\/wp-content\/uploads\/sites\/12\/2025\/06\/wpd_PotsdamBuero_006-scaled-e1749819418927.jpg","contentUrl":"https:\/\/www.wpd.de\/windpark-kemnitz\/wp-content\/uploads\/sites\/12\/2025\/06\/wpd_PotsdamBuero_006-scaled-e1749819418927.jpg","width":1984,"height":1984},{"@type":"BreadcrumbList","@id":"https:\/\/www.wpd.de\/windpark-kemnitz\/planung\/schall-und-schatten\/#breadcrumb","itemListElement":[{"@type":"ListItem","position":1,"name":"Startseite","item":"https:\/\/www.wpd.de\/windpark-kemnitz\/"},{"@type":"ListItem","position":2,"name":"Planung","item":"https:\/\/www.wpd.de\/windpark-kemnitz\/planung\/"},{"@type":"ListItem","position":3,"name":"Schall und Schatten"}]},{"@type":"WebSite","@id":"https:\/\/www.wpd.de\/windpark-kemnitz\/#website","url":"https:\/\/www.wpd.de\/windpark-kemnitz\/","name":"Windpark Kemnitz Repowering","description":"Eine weitere wpd.de Websites Website","potentialAction":[{"@type":"SearchAction","target":{"@type":"EntryPoint","urlTemplate":"https:\/\/www.wpd.de\/windpark-kemnitz\/?s={search_term_string}"},"query-input":{"@type":"PropertyValueSpecification","valueRequired":true,"valueName":"search_term_string"}}],"inLanguage":"de"}]}},"_links":{"self":[{"href":"https:\/\/www.wpd.de\/windpark-kemnitz\/wp-json\/wp\/v2\/pages\/4044","targetHints":{"allow":["GET"]}}],"collection":[{"href":"https:\/\/www.wpd.de\/windpark-kemnitz\/wp-json\/wp\/v2\/pages"}],"about":[{"href":"https:\/\/www.wpd.de\/windpark-kemnitz\/wp-json\/wp\/v2\/types\/page"}],"author":[{"embeddable":true,"href":"https:\/\/www.wpd.de\/windpark-kemnitz\/wp-json\/wp\/v2\/users\/36"}],"replies":[{"embeddable":true,"href":"https:\/\/www.wpd.de\/windpark-kemnitz\/wp-json\/wp\/v2\/comments?post=4044"}],"version-history":[{"count":13,"href":"https:\/\/www.wpd.de\/windpark-kemnitz\/wp-json\/wp\/v2\/pages\/4044\/revisions"}],"predecessor-version":[{"id":4108,"href":"https:\/\/www.wpd.de\/windpark-kemnitz\/wp-json\/wp\/v2\/pages\/4044\/revisions\/4108"}],"up":[{"embeddable":true,"href":"https:\/\/www.wpd.de\/windpark-kemnitz\/wp-json\/wp\/v2\/pages\/470"}],"wp:featuredmedia":[{"embeddable":true,"href":"https:\/\/www.wpd.de\/windpark-kemnitz\/wp-json\/wp\/v2\/media\/2471"}],"wp:attachment":[{"href":"https:\/\/www.wpd.de\/windpark-kemnitz\/wp-json\/wp\/v2\/media?parent=4044"}],"curies":[{"name":"wp","href":"https:\/\/api.w.org\/{rel}","templated":true}]}}