{"id":3621,"date":"2025-07-16T13:21:07","date_gmt":"2025-07-16T11:21:07","guid":{"rendered":"https:\/\/www.wpd.de\/windpark-kemnitz\/?page_id=3621"},"modified":"2025-07-17T16:55:57","modified_gmt":"2025-07-17T14:55:57","slug":"stadt-pritwalk","status":"publish","type":"page","link":"https:\/\/www.wpd.de\/windpark-kemnitz\/vorteile\/stadt-pritwalk\/","title":{"rendered":"Stadt Pritwalk"},"content":{"rendered":"","protected":false},"excerpt":{"rendered":"a:1:{i:0;s:11:&#8220;text-normal&#8220;;}     a:1:{i:0;s:0:&#8220;&#8220;;} M\u00f6gliche Vorteile f\u00fcr die Stadt Pritzwalk   <h2>Finanzielle Beteiligung der Stadt Pritzwalk<\/h2>\r\nWir m\u00f6chten in diesem Projekt gerne mit der Stadt Pritzwalk zusammenarbeiten und haben das Vorhaben bereits im Stadtentwicklungs- und im Hauptausschuss der Stadt vorgestellt.\r\nDie folgenden Angebote der finanziellen Beteiligung am Gesamtprojekt wurden der Stadt Pritzwalk dabei gemacht:\r\n<ul>\r\n \t<li>Zahlung der Kommunalabgabe f\u00fcr die neu geplanten Windenergieanlagen ab Inbetriebnahme in H\u00f6he von j\u00e4hrlich insgesamt ca. 325.000,- Euro gem\u00e4\u00df\u00a0<a href=\"https:\/\/www.gesetze-im-internet.de\/eeg_2014\/__6.html\">\u00a7 6 EEG.<\/a><\/li>\r\n \t<li>Zahlung der Kommunalabgabe f\u00fcr die bestehenden Windenergieanlagen im Windpark ab 2025 in H\u00f6he von j\u00e4hrlich insgesamt 83.000,- Euro gem\u00e4\u00df <a href=\"https:\/\/www.gesetze-im-internet.de\/eeg_2014\/__6.html\">\u00a7 6 EEG.<\/a><\/li>\r\n \t<li>Zahlung von 10.000,- Euro je neu errichteter Windenergieanlage gem\u00e4\u00df brandenburgischem <a href=\"https:\/\/bravors.brandenburg.de\/gesetze\/bbgwindabgg\">Windenergieanlagenabgabengesetz<\/a> in H\u00f6he von j\u00e4hrlich insgesamt 90.000,- Euro.<\/li>\r\n        <li>Zahlung von 1 Prozent des Umsatzes aus dem Gesamtprojekt f\u00fcr die Gestattung von Kabel- und Wegerechten auf Gemeindewegen in H\u00f6he von j\u00e4hrlich ca. 125.000,- Euro. Dieser Betrag ist f\u00fcr die umliegenden Ortsteile Kemnitz, Sarnow, Neuhof und Beveringen vorgesehen. Die genaue Ausgestaltung ist noch abzustimmen.<\/li>\r\n<\/ul>\r\nDie Betreibergesellschaften im Windpark w\u00fcrden sich bei Einigung mit der Stadt mittels Abschluss eines sogenannten St\u00e4dtebaulichen Vertrages mit der Stadt Pritzwalk zur Einhaltung der vereinbarten finanziellen Beteiligungen verpflichten. Einen ersten Vertragsentwurf haben wir der Stadtverwaltung bereits \u00fcbersandt und warten aktuell auf R\u00fcckmeldung.\r\n\r\nNat\u00fcrlich sind auch andere Ma\u00dfnahmen denkbar und wir freuen uns \u00fcber konkrete Vorschl\u00e4ge von Seiten der Stadtverwaltung.      kein_schmuck weiss 0 ","protected":false},"author":36,"featured_media":3624,"parent":1699,"menu_order":1,"comment_status":"closed","ping_status":"closed","template":"template-flexible-contents.php","meta":{"_acf_changed":false,"footnotes":""},"class_list":["post-3621","page","type-page","status-publish","has-post-thumbnail","hentry"],"acf":[],"yoast_head":"<!-- This site is optimized with the Yoast SEO plugin v25.4 - https:\/\/yoast.com\/wordpress\/plugins\/seo\/ -->\n<title>Stadt Pritwalk - Windpark Kemnitz Repowering<\/title>\n<meta name=\"description\" content=\"Finanzielle Beteiligung der Stadt Pritzwalk Wir m\u00f6chten in diesem Projekt gerne mit der Stadt Pritzwalk zusammenarbeiten und haben das Vorhaben bereits im Stadtentwicklungs- und im Hauptausschuss der Stadt vorgestellt. Die fol\" \/>\n<meta name=\"robots\" content=\"index, follow, max-snippet:-1, max-image-preview:large, max-video-preview:-1\" \/>\n<link rel=\"canonical\" href=\"https:\/\/www.wpd.de\/windpark-kemnitz\/vorteile\/stadt-pritwalk\/\" \/>\n<meta property=\"og:locale\" content=\"de_DE\" \/>\n<meta property=\"og:type\" content=\"article\" \/>\n<meta property=\"og:title\" content=\"Stadt Pritwalk - Windpark Kemnitz Repowering\" \/>\n<meta property=\"og:description\" content=\"Finanzielle Beteiligung der Stadt Pritzwalk Wir m\u00f6chten in diesem Projekt gerne mit der Stadt Pritzwalk zusammenarbeiten und haben das Vorhaben bereits im Stadtentwicklungs- und im Hauptausschuss der Stadt vorgestellt. Die fol\" \/>\n<meta property=\"og:url\" content=\"https:\/\/www.wpd.de\/windpark-kemnitz\/vorteile\/stadt-pritwalk\/\" \/>\n<meta property=\"og:site_name\" content=\"Windpark Kemnitz Repowering\" \/>\n<meta property=\"article:modified_time\" content=\"2025-07-17T14:55:57+00:00\" \/>\n<meta property=\"og:image\" content=\"https:\/\/www.wpd.de\/windpark-kemnitz\/wp-content\/uploads\/sites\/12\/2025\/07\/Luft-05202-kat.jpg\" \/>\n\t<meta property=\"og:image:width\" content=\"1920\" \/>\n\t<meta property=\"og:image:height\" content=\"973\" \/>\n\t<meta property=\"og:image:type\" content=\"image\/jpeg\" \/>\n<meta name=\"twitter:card\" content=\"summary_large_image\" \/>\n<script type=\"application\/ld+json\" class=\"yoast-schema-graph\">{\"@context\":\"https:\/\/schema.org\",\"@graph\":[{\"@type\":\"WebPage\",\"@id\":\"https:\/\/www.wpd.de\/windpark-kemnitz\/vorteile\/stadt-pritwalk\/\",\"url\":\"https:\/\/www.wpd.de\/windpark-kemnitz\/vorteile\/stadt-pritwalk\/\",\"name\":\"Stadt Pritwalk - Windpark Kemnitz Repowering\",\"isPartOf\":{\"@id\":\"https:\/\/www.wpd.de\/windpark-kemnitz\/#website\"},\"primaryImageOfPage\":{\"@id\":\"https:\/\/www.wpd.de\/windpark-kemnitz\/vorteile\/stadt-pritwalk\/#primaryimage\"},\"image\":{\"@id\":\"https:\/\/www.wpd.de\/windpark-kemnitz\/vorteile\/stadt-pritwalk\/#primaryimage\"},\"thumbnailUrl\":\"https:\/\/www.wpd.de\/windpark-kemnitz\/wp-content\/uploads\/sites\/12\/2025\/07\/Luft-05202-kat.jpg\",\"datePublished\":\"2025-07-16T11:21:07+00:00\",\"dateModified\":\"2025-07-17T14:55:57+00:00\",\"breadcrumb\":{\"@id\":\"https:\/\/www.wpd.de\/windpark-kemnitz\/vorteile\/stadt-pritwalk\/#breadcrumb\"},\"inLanguage\":\"de\",\"potentialAction\":[{\"@type\":\"ReadAction\",\"target\":[\"https:\/\/www.wpd.de\/windpark-kemnitz\/vorteile\/stadt-pritwalk\/\"]}]},{\"@type\":\"ImageObject\",\"inLanguage\":\"de\",\"@id\":\"https:\/\/www.wpd.de\/windpark-kemnitz\/vorteile\/stadt-pritwalk\/#primaryimage\",\"url\":\"https:\/\/www.wpd.de\/windpark-kemnitz\/wp-content\/uploads\/sites\/12\/2025\/07\/Luft-05202-kat.jpg\",\"contentUrl\":\"https:\/\/www.wpd.de\/windpark-kemnitz\/wp-content\/uploads\/sites\/12\/2025\/07\/Luft-05202-kat.jpg\",\"width\":1920,\"height\":973},{\"@type\":\"BreadcrumbList\",\"@id\":\"https:\/\/www.wpd.de\/windpark-kemnitz\/vorteile\/stadt-pritwalk\/#breadcrumb\",\"itemListElement\":[{\"@type\":\"ListItem\",\"position\":1,\"name\":\"Startseite\",\"item\":\"https:\/\/www.wpd.de\/windpark-kemnitz\/\"},{\"@type\":\"ListItem\",\"position\":2,\"name\":\"Angebot\",\"item\":\"https:\/\/www.wpd.de\/windpark-kemnitz\/vorteile\/\"},{\"@type\":\"ListItem\",\"position\":3,\"name\":\"Stadt Pritwalk\"}]},{\"@type\":\"WebSite\",\"@id\":\"https:\/\/www.wpd.de\/windpark-kemnitz\/#website\",\"url\":\"https:\/\/www.wpd.de\/windpark-kemnitz\/\",\"name\":\"Windpark Kemnitz Repowering\",\"description\":\"Eine weitere wpd.de Websites Website\",\"potentialAction\":[{\"@type\":\"SearchAction\",\"target\":{\"@type\":\"EntryPoint\",\"urlTemplate\":\"https:\/\/www.wpd.de\/windpark-kemnitz\/?s={search_term_string}\"},\"query-input\":{\"@type\":\"PropertyValueSpecification\",\"valueRequired\":true,\"valueName\":\"search_term_string\"}}],\"inLanguage\":\"de\"}]}<\/script>\n<!-- \/ Yoast SEO plugin. -->","yoast_head_json":{"title":"Stadt Pritwalk - Windpark Kemnitz Repowering","description":"Finanzielle Beteiligung der Stadt Pritzwalk Wir m\u00f6chten in diesem Projekt gerne mit der Stadt Pritzwalk zusammenarbeiten und haben das Vorhaben bereits im Stadtentwicklungs- und im Hauptausschuss der Stadt vorgestellt. Die fol","robots":{"index":"index","follow":"follow","max-snippet":"max-snippet:-1","max-image-preview":"max-image-preview:large","max-video-preview":"max-video-preview:-1"},"canonical":"https:\/\/www.wpd.de\/windpark-kemnitz\/vorteile\/stadt-pritwalk\/","og_locale":"de_DE","og_type":"article","og_title":"Stadt Pritwalk - Windpark Kemnitz Repowering","og_description":"Finanzielle Beteiligung der Stadt Pritzwalk Wir m\u00f6chten in diesem Projekt gerne mit der Stadt Pritzwalk zusammenarbeiten und haben das Vorhaben bereits im Stadtentwicklungs- und im Hauptausschuss der Stadt vorgestellt. Die fol","og_url":"https:\/\/www.wpd.de\/windpark-kemnitz\/vorteile\/stadt-pritwalk\/","og_site_name":"Windpark Kemnitz Repowering","article_modified_time":"2025-07-17T14:55:57+00:00","og_image":[{"width":1920,"height":973,"url":"https:\/\/www.wpd.de\/windpark-kemnitz\/wp-content\/uploads\/sites\/12\/2025\/07\/Luft-05202-kat.jpg","type":"image\/jpeg"}],"twitter_card":"summary_large_image","schema":{"@context":"https:\/\/schema.org","@graph":[{"@type":"WebPage","@id":"https:\/\/www.wpd.de\/windpark-kemnitz\/vorteile\/stadt-pritwalk\/","url":"https:\/\/www.wpd.de\/windpark-kemnitz\/vorteile\/stadt-pritwalk\/","name":"Stadt Pritwalk - Windpark Kemnitz Repowering","isPartOf":{"@id":"https:\/\/www.wpd.de\/windpark-kemnitz\/#website"},"primaryImageOfPage":{"@id":"https:\/\/www.wpd.de\/windpark-kemnitz\/vorteile\/stadt-pritwalk\/#primaryimage"},"image":{"@id":"https:\/\/www.wpd.de\/windpark-kemnitz\/vorteile\/stadt-pritwalk\/#primaryimage"},"thumbnailUrl":"https:\/\/www.wpd.de\/windpark-kemnitz\/wp-content\/uploads\/sites\/12\/2025\/07\/Luft-05202-kat.jpg","datePublished":"2025-07-16T11:21:07+00:00","dateModified":"2025-07-17T14:55:57+00:00","breadcrumb":{"@id":"https:\/\/www.wpd.de\/windpark-kemnitz\/vorteile\/stadt-pritwalk\/#breadcrumb"},"inLanguage":"de","potentialAction":[{"@type":"ReadAction","target":["https:\/\/www.wpd.de\/windpark-kemnitz\/vorteile\/stadt-pritwalk\/"]}]},{"@type":"ImageObject","inLanguage":"de","@id":"https:\/\/www.wpd.de\/windpark-kemnitz\/vorteile\/stadt-pritwalk\/#primaryimage","url":"https:\/\/www.wpd.de\/windpark-kemnitz\/wp-content\/uploads\/sites\/12\/2025\/07\/Luft-05202-kat.jpg","contentUrl":"https:\/\/www.wpd.de\/windpark-kemnitz\/wp-content\/uploads\/sites\/12\/2025\/07\/Luft-05202-kat.jpg","width":1920,"height":973},{"@type":"BreadcrumbList","@id":"https:\/\/www.wpd.de\/windpark-kemnitz\/vorteile\/stadt-pritwalk\/#breadcrumb","itemListElement":[{"@type":"ListItem","position":1,"name":"Startseite","item":"https:\/\/www.wpd.de\/windpark-kemnitz\/"},{"@type":"ListItem","position":2,"name":"Angebot","item":"https:\/\/www.wpd.de\/windpark-kemnitz\/vorteile\/"},{"@type":"ListItem","position":3,"name":"Stadt Pritwalk"}]},{"@type":"WebSite","@id":"https:\/\/www.wpd.de\/windpark-kemnitz\/#website","url":"https:\/\/www.wpd.de\/windpark-kemnitz\/","name":"Windpark Kemnitz Repowering","description":"Eine weitere wpd.de Websites Website","potentialAction":[{"@type":"SearchAction","target":{"@type":"EntryPoint","urlTemplate":"https:\/\/www.wpd.de\/windpark-kemnitz\/?s={search_term_string}"},"query-input":{"@type":"PropertyValueSpecification","valueRequired":true,"valueName":"search_term_string"}}],"inLanguage":"de"}]}},"_links":{"self":[{"href":"https:\/\/www.wpd.de\/windpark-kemnitz\/wp-json\/wp\/v2\/pages\/3621","targetHints":{"allow":["GET"]}}],"collection":[{"href":"https:\/\/www.wpd.de\/windpark-kemnitz\/wp-json\/wp\/v2\/pages"}],"about":[{"href":"https:\/\/www.wpd.de\/windpark-kemnitz\/wp-json\/wp\/v2\/types\/page"}],"author":[{"embeddable":true,"href":"https:\/\/www.wpd.de\/windpark-kemnitz\/wp-json\/wp\/v2\/users\/36"}],"replies":[{"embeddable":true,"href":"https:\/\/www.wpd.de\/windpark-kemnitz\/wp-json\/wp\/v2\/comments?post=3621"}],"version-history":[{"count":31,"href":"https:\/\/www.wpd.de\/windpark-kemnitz\/wp-json\/wp\/v2\/pages\/3621\/revisions"}],"predecessor-version":[{"id":3909,"href":"https:\/\/www.wpd.de\/windpark-kemnitz\/wp-json\/wp\/v2\/pages\/3621\/revisions\/3909"}],"up":[{"embeddable":true,"href":"https:\/\/www.wpd.de\/windpark-kemnitz\/wp-json\/wp\/v2\/pages\/1699"}],"wp:featuredmedia":[{"embeddable":true,"href":"https:\/\/www.wpd.de\/windpark-kemnitz\/wp-json\/wp\/v2\/media\/3624"}],"wp:attachment":[{"href":"https:\/\/www.wpd.de\/windpark-kemnitz\/wp-json\/wp\/v2\/media?parent=3621"}],"curies":[{"name":"wp","href":"https:\/\/api.w.org\/{rel}","templated":true}]}}

a:1:{i:0;s:11:&#8220;text-normal&#8220;;}     a:1:{i:0;s:0:&#8220;&#8220;;} Mögliche Vorteile für die Stadt Pritzwalk   <h2>Finanzielle Beteiligung der Stadt Pritzwalk</h2>
Wir möchten in diesem Projekt gerne mit der Stadt Pritzwalk zusammenarbeiten und haben das Vorhaben bereits im Stadtentwicklungs- und im Hauptausschuss der Stadt vorgestellt.
Die folgenden Angebote der finanziellen Beteiligung am Gesamtprojekt wurden der Stadt Pritzwalk dabei gemacht:
<ul>
 	<li>Zahlung der Kommunalabgabe für die neu geplanten Windenergieanlagen ab Inbetriebnahme in Höhe von jährlich insgesamt ca. 325.000,- Euro gemäß <a href="https://www.gesetze-im-internet.de/eeg_2014/__6.html">§ 6 EEG.</a></li>
 	<li>Zahlung der Kommunalabgabe für die bestehenden Windenergieanlagen im Windpark ab 2025 in Höhe von jährlich insgesamt 83.000,- Euro gemäß <a href="https://www.gesetze-im-internet.de/eeg_2014/__6.html">§ 6 EEG.</a></li>
 	<li>Zahlung von 10.000,- Euro je neu errichteter Windenergieanlage gemäß brandenburgischem <a href="https://bravors.brandenburg.de/gesetze/bbgwindabgg">Windenergieanlagenabgabengesetz</a> in Höhe von jährlich insgesamt 90.000,- Euro.</li>
        <li>Zahlung von 1 Prozent des Umsatzes aus dem Gesamtprojekt für die Gestattung von Kabel- und Wegerechten auf Gemeindewegen in Höhe von jährlich ca. 125.000,- Euro. Dieser Betrag ist für die umliegenden Ortsteile Kemnitz, Sarnow, Neuhof und Beveringen vorgesehen. Die genaue Ausgestaltung ist noch abzustimmen.</li>
</ul>
Die Betreibergesellschaften im Windpark würden sich bei Einigung mit der Stadt mittels Abschluss eines sogenannten Städtebaulichen Vertrages mit der Stadt Pritzwalk zur Einhaltung der vereinbarten finanziellen Beteiligungen verpflichten. Einen ersten Vertragsentwurf haben wir der Stadtverwaltung bereits übersandt und warten aktuell auf Rückmeldung.

Natürlich sind auch andere Maßnahmen denkbar und wir freuen uns über konkrete Vorschläge von Seiten der Stadtverwaltung.      kein_schmuck weiss 0

<!-- This site is optimized with the Yoast SEO plugin v25.4 - https://yoast.com/wordpress/plugins/seo/ -->
<title>Stadt Pritwalk - Windpark Kemnitz Repowering</title>
<meta name="description" content="Finanzielle Beteiligung der Stadt Pritzwalk Wir möchten in diesem Projekt gerne mit der Stadt Pritzwalk zusammenarbeiten und haben das Vorhaben bereits im Stadtentwicklungs- und im Hauptausschuss der Stadt vorgestellt. Die fol" />
<meta name="robots" content="index, follow, max-snippet:-1, max-image-preview:large, max-video-preview:-1" />
<link rel="canonical" href="https://www.wpd.de/windpark-kemnitz/vorteile/stadt-pritwalk/" />
<meta property="og:locale" content="de_DE" />
<meta property="og:type" content="article" />
<meta property="og:title" content="Stadt Pritwalk - Windpark Kemnitz Repowering" />
<meta property="og:description" content="Finanzielle Beteiligung der Stadt Pritzwalk Wir möchten in diesem Projekt gerne mit der Stadt Pritzwalk zusammenarbeiten und haben das Vorhaben bereits im Stadtentwicklungs- und im Hauptausschuss der Stadt vorgestellt. Die fol" />
<meta property="og:url" content="https://www.wpd.de/windpark-kemnitz/vorteile/stadt-pritwalk/" />
<meta property="og:site_name" content="Windpark Kemnitz Repowering" />
<meta property="article:modified_time" content="2025-07-17T14:55:57+00:00" />
<meta property="og:image" content="https://www.wpd.de/windpark-kemnitz/wp-content/uploads/sites/12/2025/07/Luft-05202-kat.jpg" />
	<meta property="og:image:width" content="1920" />
	<meta property="og:image:height" content="973" />
	<meta property="og:image:type" content="image/jpeg" />
<meta name="twitter:card" content="summary_large_image" />
<script type="application/ld+json" class="yoast-schema-graph">{"@context":"https://schema.org","@graph":[{"@type":"WebPage","@id":"https://www.wpd.de/windpark-kemnitz/vorteile/stadt-pritwalk/","url":"https://www.wpd.de/windpark-kemnitz/vorteile/stadt-pritwalk/","name":"Stadt Pritwalk - Windpark Kemnitz Repowering","isPartOf":{"@id":"https://www.wpd.de/windpark-kemnitz/#website"},"primaryImageOfPage":{"@id":"https://www.wpd.de/windpark-kemnitz/vorteile/stadt-pritwalk/#primaryimage"},"image":{"@id":"https://www.wpd.de/windpark-kemnitz/vorteile/stadt-pritwalk/#primaryimage"},"thumbnailUrl":"https://www.wpd.de/windpark-kemnitz/wp-content/uploads/sites/12/2025/07/Luft-05202-kat.jpg","datePublished":"2025-07-16T11:21:07+00:00","dateModified":"2025-07-17T14:55:57+00:00","breadcrumb":{"@id":"https://www.wpd.de/windpark-kemnitz/vorteile/stadt-pritwalk/#breadcrumb"},"inLanguage":"de","potentialAction":[{"@type":"ReadAction","target":["https://www.wpd.de/windpark-kemnitz/vorteile/stadt-pritwalk/"]}]},{"@type":"ImageObject","inLanguage":"de","@id":"https://www.wpd.de/windpark-kemnitz/vorteile/stadt-pritwalk/#primaryimage","url":"https://www.wpd.de/windpark-kemnitz/wp-content/uploads/sites/12/2025/07/Luft-05202-kat.jpg","contentUrl":"https://www.wpd.de/windpark-kemnitz/wp-content/uploads/sites/12/2025/07/Luft-05202-kat.jpg","width":1920,"height":973},{"@type":"BreadcrumbList","@id":"https://www.wpd.de/windpark-kemnitz/vorteile/stadt-pritwalk/#breadcrumb","itemListElement":[{"@type":"ListItem","position":1,"name":"Startseite","item":"https://www.wpd.de/windpark-kemnitz/"},{"@type":"ListItem","position":2,"name":"Angebot","item":"https://www.wpd.de/windpark-kemnitz/vorteile/"},{"@type":"ListItem","position":3,"name":"Stadt Pritwalk"}]},{"@type":"WebSite","@id":"https://www.wpd.de/windpark-kemnitz/#website","url":"https://www.wpd.de/windpark-kemnitz/","name":"Windpark Kemnitz Repowering","description":"Eine weitere wpd.de Websites Website","potentialAction":[{"@type":"SearchAction","target":{"@type":"EntryPoint","urlTemplate":"https://www.wpd.de/windpark-kemnitz/?s={search_term_string}"},"query-input":{"@type":"PropertyValueSpecification","valueRequired":true,"valueName":"search_term_string"}}],"inLanguage":"de"}]}</script>
<!-- / Yoast SEO plugin. -->

Finanzielle Beteiligung der Stadt Pritzwalk Wir möchten in diesem Projekt gerne mit der Stadt Pritzwalk zusammenarbeiten und haben das Vorhaben bereits im Stadtentwicklungs- und im Hauptausschuss der Stadt vorgestellt. Die fol
