{"id":2067,"date":"2025-06-11T14:09:48","date_gmt":"2025-06-11T12:09:48","guid":{"rendered":"https:\/\/www.wpd.de\/windpark-kemnitz\/?page_id=2067"},"modified":"2025-07-18T11:23:31","modified_gmt":"2025-07-18T09:23:31","slug":"schatten","status":"publish","type":"page","link":"https:\/\/www.wpd.de\/windpark-kemnitz\/wissenswertes\/umweltvertraeglichkeit\/schatten\/","title":{"rendered":"Schatten"},"content":{"rendered":"","protected":false},"excerpt":{"rendered":"a:4:{i:0;s:11:&#8220;text-normal&#8220;;i:1;s:11:&#8220;text-normal&#8220;;i:2;s:11:&#8220;text-normal&#8220;;i:3;s:11:&#8220;text-normal&#8220;;}   a:1:{i:0;s:4:&#8220;2657&#8243;;}  a:1:{i:0;s:0:&#8220;&#8220;;}  Schattenwurf  &nbsp;\r\n\r\n<strong>Was ist Schattenwurf?<\/strong>\r\n<ul>\r\n \t<li>Entsteht durch rotierende Rotorbl\u00e4tter bei Sonnenschein<\/li>\r\n \t<li>Kann zu einem flackernden Schattenwurf auf Geb\u00e4uden f\u00fchren<\/li>\r\n \t<li>Wird als besonders st\u00f6rend empfunden, wenn er in Wohnr\u00e4ume f\u00e4llt, z. B. durch Fenster auf Schreibtische oder Betten<\/li>\r\n \t<li>Tritt nur bei bestimmten Sonnenstands- und Wetterbedingungen auf<\/li>\r\n<\/ul>     kein_schmuck weiss 0 PDF Hinweise Schattenwurf TA L\u00e4rm    <strong>Gesetzliche Regelungen:<\/strong>\r\n<ul>\r\n \t<li>Geregelt durch die <strong>Technische Anleitung zum Schutz gegen L\u00e4rm (TA L\u00e4rm)<\/strong><\/li>\r\n \t<li><strong>Grenzwerte<\/strong>:\r\n<ul>\r\n \t<li><strong>30 Minuten pro Tag<\/strong><\/li>\r\n \t<li><strong>30 bzw. 8 Stunden pro Jahr<\/strong>, je nach Berechnungsgrundlage<\/li>\r\n<\/ul>\r\n<\/li>\r\n<\/ul>   Download 2638 0   zweidritteltext 1 links kein_schmuck weiss 1    &nbsp;\r\n\r\n<strong>Technische Ma\u00dfnahmen:<\/strong>\r\n<ul>\r\n \t<li>Einsatz von <strong>Sensorik<\/strong>, die Sonnenstand und Geb\u00e4udeerfassung erm\u00f6glicht<\/li>\r\n \t<li>Automatische Abschaltung oder Verlangsamung der Anlage bei \u00dcberschreitung des Grenzwerts<\/li>\r\n<\/ul>\r\n<strong>Planung:<\/strong>\r\n<ul>\r\n \t<li>Vor Bau eines Windparks sind <strong>Emissionsgutachten<\/strong> mit Berechnung des erwarteten Schattenwurfs verpflichtend<\/li>\r\n<\/ul>   Download  1   zweidritteltext 0 rechts kein_schmuck weiss 1    <strong>Hinweis:<\/strong>\r\n\r\nWeitere Details finden sich direkt in der TA L\u00e4rm unter &#8222;Hinweise Schattenwurf TA L\u00e4rm&#8220;:  2251 Download 2429 1   zweidritteltext 0 rechts kein_schmuck grau 1 ","protected":false},"author":34,"featured_media":2235,"parent":1351,"menu_order":2,"comment_status":"closed","ping_status":"closed","template":"template-flexible-contents.php","meta":{"_acf_changed":false,"footnotes":""},"class_list":["post-2067","page","type-page","status-publish","has-post-thumbnail","hentry"],"acf":[],"yoast_head":"<!-- This site is optimized with the Yoast SEO plugin v25.4 - https:\/\/yoast.com\/wordpress\/plugins\/seo\/ -->\n<title>Schatten - Windpark Kemnitz Repowering<\/title>\n<meta name=\"description\" content=\"&nbsp; Was ist Schattenwurf? Entsteht durch rotierende Rotorbl\u00e4tter bei Sonnenschein Kann zu einem flackernden Schattenwurf auf Geb\u00e4uden f\u00fchren Wird als besonders st\u00f6rend empfunden, wenn\" \/>\n<meta name=\"robots\" content=\"index, follow, max-snippet:-1, max-image-preview:large, max-video-preview:-1\" \/>\n<link rel=\"canonical\" href=\"https:\/\/www.wpd.de\/windpark-kemnitz\/wissenswertes\/umweltvertraeglichkeit\/schatten\/\" \/>\n<meta property=\"og:locale\" content=\"de_DE\" \/>\n<meta property=\"og:type\" content=\"article\" \/>\n<meta property=\"og:title\" content=\"Schatten - Windpark Kemnitz Repowering\" \/>\n<meta property=\"og:description\" content=\"&nbsp; Was ist Schattenwurf? Entsteht durch rotierende Rotorbl\u00e4tter bei Sonnenschein Kann zu einem flackernden Schattenwurf auf Geb\u00e4uden f\u00fchren Wird als besonders st\u00f6rend empfunden, wenn\" \/>\n<meta property=\"og:url\" content=\"https:\/\/www.wpd.de\/windpark-kemnitz\/wissenswertes\/umweltvertraeglichkeit\/schatten\/\" \/>\n<meta property=\"og:site_name\" content=\"Windpark Kemnitz Repowering\" \/>\n<meta property=\"article:modified_time\" content=\"2025-07-18T09:23:31+00:00\" \/>\n<meta property=\"og:image\" content=\"https:\/\/www.wpd.de\/windpark-kemnitz\/wp-content\/uploads\/sites\/12\/2025\/06\/Biegen_069_zug-scaled.jpg\" \/>\n\t<meta property=\"og:image:width\" content=\"2560\" \/>\n\t<meta property=\"og:image:height\" content=\"1336\" \/>\n\t<meta property=\"og:image:type\" content=\"image\/jpeg\" \/>\n<meta name=\"twitter:card\" content=\"summary_large_image\" \/>\n<script type=\"application\/ld+json\" class=\"yoast-schema-graph\">{\"@context\":\"https:\/\/schema.org\",\"@graph\":[{\"@type\":\"WebPage\",\"@id\":\"https:\/\/www.wpd.de\/windpark-kemnitz\/wissenswertes\/umweltvertraeglichkeit\/schatten\/\",\"url\":\"https:\/\/www.wpd.de\/windpark-kemnitz\/wissenswertes\/umweltvertraeglichkeit\/schatten\/\",\"name\":\"Schatten - Windpark Kemnitz Repowering\",\"isPartOf\":{\"@id\":\"https:\/\/www.wpd.de\/windpark-kemnitz\/#website\"},\"primaryImageOfPage\":{\"@id\":\"https:\/\/www.wpd.de\/windpark-kemnitz\/wissenswertes\/umweltvertraeglichkeit\/schatten\/#primaryimage\"},\"image\":{\"@id\":\"https:\/\/www.wpd.de\/windpark-kemnitz\/wissenswertes\/umweltvertraeglichkeit\/schatten\/#primaryimage\"},\"thumbnailUrl\":\"https:\/\/www.wpd.de\/windpark-kemnitz\/wp-content\/uploads\/sites\/12\/2025\/06\/Biegen_069_zug-scaled.jpg\",\"datePublished\":\"2025-06-11T12:09:48+00:00\",\"dateModified\":\"2025-07-18T09:23:31+00:00\",\"breadcrumb\":{\"@id\":\"https:\/\/www.wpd.de\/windpark-kemnitz\/wissenswertes\/umweltvertraeglichkeit\/schatten\/#breadcrumb\"},\"inLanguage\":\"de\",\"potentialAction\":[{\"@type\":\"ReadAction\",\"target\":[\"https:\/\/www.wpd.de\/windpark-kemnitz\/wissenswertes\/umweltvertraeglichkeit\/schatten\/\"]}]},{\"@type\":\"ImageObject\",\"inLanguage\":\"de\",\"@id\":\"https:\/\/www.wpd.de\/windpark-kemnitz\/wissenswertes\/umweltvertraeglichkeit\/schatten\/#primaryimage\",\"url\":\"https:\/\/www.wpd.de\/windpark-kemnitz\/wp-content\/uploads\/sites\/12\/2025\/06\/Biegen_069_zug-scaled.jpg\",\"contentUrl\":\"https:\/\/www.wpd.de\/windpark-kemnitz\/wp-content\/uploads\/sites\/12\/2025\/06\/Biegen_069_zug-scaled.jpg\",\"width\":2560,\"height\":1336},{\"@type\":\"BreadcrumbList\",\"@id\":\"https:\/\/www.wpd.de\/windpark-kemnitz\/wissenswertes\/umweltvertraeglichkeit\/schatten\/#breadcrumb\",\"itemListElement\":[{\"@type\":\"ListItem\",\"position\":1,\"name\":\"Startseite\",\"item\":\"https:\/\/www.wpd.de\/windpark-kemnitz\/\"},{\"@type\":\"ListItem\",\"position\":2,\"name\":\"Wissenswertes\",\"item\":\"https:\/\/www.wpd.de\/windpark-kemnitz\/wissenswertes\/\"},{\"@type\":\"ListItem\",\"position\":3,\"name\":\"Umweltvertr\u00e4glichkeit\",\"item\":\"https:\/\/www.wpd.de\/windpark-kemnitz\/wissenswertes\/umweltvertraeglichkeit\/\"},{\"@type\":\"ListItem\",\"position\":4,\"name\":\"Schatten\"}]},{\"@type\":\"WebSite\",\"@id\":\"https:\/\/www.wpd.de\/windpark-kemnitz\/#website\",\"url\":\"https:\/\/www.wpd.de\/windpark-kemnitz\/\",\"name\":\"Windpark Kemnitz Repowering\",\"description\":\"Eine weitere wpd.de Websites Website\",\"potentialAction\":[{\"@type\":\"SearchAction\",\"target\":{\"@type\":\"EntryPoint\",\"urlTemplate\":\"https:\/\/www.wpd.de\/windpark-kemnitz\/?s={search_term_string}\"},\"query-input\":{\"@type\":\"PropertyValueSpecification\",\"valueRequired\":true,\"valueName\":\"search_term_string\"}}],\"inLanguage\":\"de\"}]}<\/script>\n<!-- \/ Yoast SEO plugin. -->","yoast_head_json":{"title":"Schatten - Windpark Kemnitz Repowering","description":"&nbsp; Was ist Schattenwurf? Entsteht durch rotierende Rotorbl\u00e4tter bei Sonnenschein Kann zu einem flackernden Schattenwurf auf Geb\u00e4uden f\u00fchren Wird als besonders st\u00f6rend empfunden, wenn","robots":{"index":"index","follow":"follow","max-snippet":"max-snippet:-1","max-image-preview":"max-image-preview:large","max-video-preview":"max-video-preview:-1"},"canonical":"https:\/\/www.wpd.de\/windpark-kemnitz\/wissenswertes\/umweltvertraeglichkeit\/schatten\/","og_locale":"de_DE","og_type":"article","og_title":"Schatten - Windpark Kemnitz Repowering","og_description":"&nbsp; Was ist Schattenwurf? Entsteht durch rotierende Rotorbl\u00e4tter bei Sonnenschein Kann zu einem flackernden Schattenwurf auf Geb\u00e4uden f\u00fchren Wird als besonders st\u00f6rend empfunden, wenn","og_url":"https:\/\/www.wpd.de\/windpark-kemnitz\/wissenswertes\/umweltvertraeglichkeit\/schatten\/","og_site_name":"Windpark Kemnitz Repowering","article_modified_time":"2025-07-18T09:23:31+00:00","og_image":[{"width":2560,"height":1336,"url":"https:\/\/www.wpd.de\/windpark-kemnitz\/wp-content\/uploads\/sites\/12\/2025\/06\/Biegen_069_zug-scaled.jpg","type":"image\/jpeg"}],"twitter_card":"summary_large_image","schema":{"@context":"https:\/\/schema.org","@graph":[{"@type":"WebPage","@id":"https:\/\/www.wpd.de\/windpark-kemnitz\/wissenswertes\/umweltvertraeglichkeit\/schatten\/","url":"https:\/\/www.wpd.de\/windpark-kemnitz\/wissenswertes\/umweltvertraeglichkeit\/schatten\/","name":"Schatten - Windpark Kemnitz Repowering","isPartOf":{"@id":"https:\/\/www.wpd.de\/windpark-kemnitz\/#website"},"primaryImageOfPage":{"@id":"https:\/\/www.wpd.de\/windpark-kemnitz\/wissenswertes\/umweltvertraeglichkeit\/schatten\/#primaryimage"},"image":{"@id":"https:\/\/www.wpd.de\/windpark-kemnitz\/wissenswertes\/umweltvertraeglichkeit\/schatten\/#primaryimage"},"thumbnailUrl":"https:\/\/www.wpd.de\/windpark-kemnitz\/wp-content\/uploads\/sites\/12\/2025\/06\/Biegen_069_zug-scaled.jpg","datePublished":"2025-06-11T12:09:48+00:00","dateModified":"2025-07-18T09:23:31+00:00","breadcrumb":{"@id":"https:\/\/www.wpd.de\/windpark-kemnitz\/wissenswertes\/umweltvertraeglichkeit\/schatten\/#breadcrumb"},"inLanguage":"de","potentialAction":[{"@type":"ReadAction","target":["https:\/\/www.wpd.de\/windpark-kemnitz\/wissenswertes\/umweltvertraeglichkeit\/schatten\/"]}]},{"@type":"ImageObject","inLanguage":"de","@id":"https:\/\/www.wpd.de\/windpark-kemnitz\/wissenswertes\/umweltvertraeglichkeit\/schatten\/#primaryimage","url":"https:\/\/www.wpd.de\/windpark-kemnitz\/wp-content\/uploads\/sites\/12\/2025\/06\/Biegen_069_zug-scaled.jpg","contentUrl":"https:\/\/www.wpd.de\/windpark-kemnitz\/wp-content\/uploads\/sites\/12\/2025\/06\/Biegen_069_zug-scaled.jpg","width":2560,"height":1336},{"@type":"BreadcrumbList","@id":"https:\/\/www.wpd.de\/windpark-kemnitz\/wissenswertes\/umweltvertraeglichkeit\/schatten\/#breadcrumb","itemListElement":[{"@type":"ListItem","position":1,"name":"Startseite","item":"https:\/\/www.wpd.de\/windpark-kemnitz\/"},{"@type":"ListItem","position":2,"name":"Wissenswertes","item":"https:\/\/www.wpd.de\/windpark-kemnitz\/wissenswertes\/"},{"@type":"ListItem","position":3,"name":"Umweltvertr\u00e4glichkeit","item":"https:\/\/www.wpd.de\/windpark-kemnitz\/wissenswertes\/umweltvertraeglichkeit\/"},{"@type":"ListItem","position":4,"name":"Schatten"}]},{"@type":"WebSite","@id":"https:\/\/www.wpd.de\/windpark-kemnitz\/#website","url":"https:\/\/www.wpd.de\/windpark-kemnitz\/","name":"Windpark Kemnitz Repowering","description":"Eine weitere wpd.de Websites Website","potentialAction":[{"@type":"SearchAction","target":{"@type":"EntryPoint","urlTemplate":"https:\/\/www.wpd.de\/windpark-kemnitz\/?s={search_term_string}"},"query-input":{"@type":"PropertyValueSpecification","valueRequired":true,"valueName":"search_term_string"}}],"inLanguage":"de"}]}},"_links":{"self":[{"href":"https:\/\/www.wpd.de\/windpark-kemnitz\/wp-json\/wp\/v2\/pages\/2067","targetHints":{"allow":["GET"]}}],"collection":[{"href":"https:\/\/www.wpd.de\/windpark-kemnitz\/wp-json\/wp\/v2\/pages"}],"about":[{"href":"https:\/\/www.wpd.de\/windpark-kemnitz\/wp-json\/wp\/v2\/types\/page"}],"author":[{"embeddable":true,"href":"https:\/\/www.wpd.de\/windpark-kemnitz\/wp-json\/wp\/v2\/users\/34"}],"replies":[{"embeddable":true,"href":"https:\/\/www.wpd.de\/windpark-kemnitz\/wp-json\/wp\/v2\/comments?post=2067"}],"version-history":[{"count":102,"href":"https:\/\/www.wpd.de\/windpark-kemnitz\/wp-json\/wp\/v2\/pages\/2067\/revisions"}],"predecessor-version":[{"id":3939,"href":"https:\/\/www.wpd.de\/windpark-kemnitz\/wp-json\/wp\/v2\/pages\/2067\/revisions\/3939"}],"up":[{"embeddable":true,"href":"https:\/\/www.wpd.de\/windpark-kemnitz\/wp-json\/wp\/v2\/pages\/1351"}],"wp:featuredmedia":[{"embeddable":true,"href":"https:\/\/www.wpd.de\/windpark-kemnitz\/wp-json\/wp\/v2\/media\/2235"}],"wp:attachment":[{"href":"https:\/\/www.wpd.de\/windpark-kemnitz\/wp-json\/wp\/v2\/media?parent=2067"}],"curies":[{"name":"wp","href":"https:\/\/api.w.org\/{rel}","templated":true}]}}

a:4:{i:0;s:11:&#8220;text-normal&#8220;;i:1;s:11:&#8220;text-normal&#8220;;i:2;s:11:&#8220;text-normal&#8220;;i:3;s:11:&#8220;text-normal&#8220;;}   a:1:{i:0;s:4:&#8220;2657&#8243;;}  a:1:{i:0;s:0:&#8220;&#8220;;}  Schattenwurf  &nbsp;

<strong>Was ist Schattenwurf?</strong>
<ul>
 	<li>Entsteht durch rotierende Rotorblätter bei Sonnenschein</li>
 	<li>Kann zu einem flackernden Schattenwurf auf Gebäuden führen</li>
 	<li>Wird als besonders störend empfunden, wenn er in Wohnräume fällt, z. B. durch Fenster auf Schreibtische oder Betten</li>
 	<li>Tritt nur bei bestimmten Sonnenstands- und Wetterbedingungen auf</li>
</ul>     kein_schmuck weiss 0 PDF Hinweise Schattenwurf TA Lärm    <strong>Gesetzliche Regelungen:</strong>
<ul>
 	<li>Geregelt durch die <strong>Technische Anleitung zum Schutz gegen Lärm (TA Lärm)</strong></li>
 	<li><strong>Grenzwerte</strong>:
<ul>
 	<li><strong>30 Minuten pro Tag</strong></li>
 	<li><strong>30 bzw. 8 Stunden pro Jahr</strong>, je nach Berechnungsgrundlage</li>
</ul>
</li>
</ul>   Download 2638 0   zweidritteltext 1 links kein_schmuck weiss 1    &nbsp;

<strong>Technische Maßnahmen:</strong>
<ul>
 	<li>Einsatz von <strong>Sensorik</strong>, die Sonnenstand und Gebäudeerfassung ermöglicht</li>
 	<li>Automatische Abschaltung oder Verlangsamung der Anlage bei Überschreitung des Grenzwerts</li>
</ul>
<strong>Planung:</strong>
<ul>
 	<li>Vor Bau eines Windparks sind <strong>Emissionsgutachten</strong> mit Berechnung des erwarteten Schattenwurfs verpflichtend</li>
</ul>   Download  1   zweidritteltext 0 rechts kein_schmuck weiss 1    <strong>Hinweis:</strong>

Weitere Details finden sich direkt in der TA Lärm unter &#8222;Hinweise Schattenwurf TA Lärm&#8220;:  2251 Download 2429 1   zweidritteltext 0 rechts kein_schmuck grau 1

<!-- This site is optimized with the Yoast SEO plugin v25.4 - https://yoast.com/wordpress/plugins/seo/ -->
<title>Schatten - Windpark Kemnitz Repowering</title>
<meta name="description" content="&nbsp; Was ist Schattenwurf? Entsteht durch rotierende Rotorblätter bei Sonnenschein Kann zu einem flackernden Schattenwurf auf Gebäuden führen Wird als besonders störend empfunden, wenn" />
<meta name="robots" content="index, follow, max-snippet:-1, max-image-preview:large, max-video-preview:-1" />
<link rel="canonical" href="https://www.wpd.de/windpark-kemnitz/wissenswertes/umweltvertraeglichkeit/schatten/" />
<meta property="og:locale" content="de_DE" />
<meta property="og:type" content="article" />
<meta property="og:title" content="Schatten - Windpark Kemnitz Repowering" />
<meta property="og:description" content="&nbsp; Was ist Schattenwurf? Entsteht durch rotierende Rotorblätter bei Sonnenschein Kann zu einem flackernden Schattenwurf auf Gebäuden führen Wird als besonders störend empfunden, wenn" />
<meta property="og:url" content="https://www.wpd.de/windpark-kemnitz/wissenswertes/umweltvertraeglichkeit/schatten/" />
<meta property="og:site_name" content="Windpark Kemnitz Repowering" />
<meta property="article:modified_time" content="2025-07-18T09:23:31+00:00" />
<meta property="og:image" content="https://www.wpd.de/windpark-kemnitz/wp-content/uploads/sites/12/2025/06/Biegen_069_zug-scaled.jpg" />
	<meta property="og:image:width" content="2560" />
	<meta property="og:image:height" content="1336" />
	<meta property="og:image:type" content="image/jpeg" />
<meta name="twitter:card" content="summary_large_image" />
<script type="application/ld+json" class="yoast-schema-graph">{"@context":"https://schema.org","@graph":[{"@type":"WebPage","@id":"https://www.wpd.de/windpark-kemnitz/wissenswertes/umweltvertraeglichkeit/schatten/","url":"https://www.wpd.de/windpark-kemnitz/wissenswertes/umweltvertraeglichkeit/schatten/","name":"Schatten - Windpark Kemnitz Repowering","isPartOf":{"@id":"https://www.wpd.de/windpark-kemnitz/#website"},"primaryImageOfPage":{"@id":"https://www.wpd.de/windpark-kemnitz/wissenswertes/umweltvertraeglichkeit/schatten/#primaryimage"},"image":{"@id":"https://www.wpd.de/windpark-kemnitz/wissenswertes/umweltvertraeglichkeit/schatten/#primaryimage"},"thumbnailUrl":"https://www.wpd.de/windpark-kemnitz/wp-content/uploads/sites/12/2025/06/Biegen_069_zug-scaled.jpg","datePublished":"2025-06-11T12:09:48+00:00","dateModified":"2025-07-18T09:23:31+00:00","breadcrumb":{"@id":"https://www.wpd.de/windpark-kemnitz/wissenswertes/umweltvertraeglichkeit/schatten/#breadcrumb"},"inLanguage":"de","potentialAction":[{"@type":"ReadAction","target":["https://www.wpd.de/windpark-kemnitz/wissenswertes/umweltvertraeglichkeit/schatten/"]}]},{"@type":"ImageObject","inLanguage":"de","@id":"https://www.wpd.de/windpark-kemnitz/wissenswertes/umweltvertraeglichkeit/schatten/#primaryimage","url":"https://www.wpd.de/windpark-kemnitz/wp-content/uploads/sites/12/2025/06/Biegen_069_zug-scaled.jpg","contentUrl":"https://www.wpd.de/windpark-kemnitz/wp-content/uploads/sites/12/2025/06/Biegen_069_zug-scaled.jpg","width":2560,"height":1336},{"@type":"BreadcrumbList","@id":"https://www.wpd.de/windpark-kemnitz/wissenswertes/umweltvertraeglichkeit/schatten/#breadcrumb","itemListElement":[{"@type":"ListItem","position":1,"name":"Startseite","item":"https://www.wpd.de/windpark-kemnitz/"},{"@type":"ListItem","position":2,"name":"Wissenswertes","item":"https://www.wpd.de/windpark-kemnitz/wissenswertes/"},{"@type":"ListItem","position":3,"name":"Umweltverträglichkeit","item":"https://www.wpd.de/windpark-kemnitz/wissenswertes/umweltvertraeglichkeit/"},{"@type":"ListItem","position":4,"name":"Schatten"}]},{"@type":"WebSite","@id":"https://www.wpd.de/windpark-kemnitz/#website","url":"https://www.wpd.de/windpark-kemnitz/","name":"Windpark Kemnitz Repowering","description":"Eine weitere wpd.de Websites Website","potentialAction":[{"@type":"SearchAction","target":{"@type":"EntryPoint","urlTemplate":"https://www.wpd.de/windpark-kemnitz/?s={search_term_string}"},"query-input":{"@type":"PropertyValueSpecification","valueRequired":true,"valueName":"search_term_string"}}],"inLanguage":"de"}]}</script>
<!-- / Yoast SEO plugin. -->

&nbsp; Was ist Schattenwurf? Entsteht durch rotierende Rotorblätter bei Sonnenschein Kann zu einem flackernden Schattenwurf auf Gebäuden führen Wird als besonders störend empfunden, wenn

Umweltverträglichkeit
