{"id":2,"date":"2020-09-28T10:01:33","date_gmt":"2020-09-28T08:01:33","guid":{"rendered":"https:\/\/www.wpd.de\/saulheim-partenheim\/?page_id=2"},"modified":"2025-07-25T12:09:49","modified_gmt":"2025-07-25T10:09:49","slug":"beispiel-seite","status":"publish","type":"page","link":"https:\/\/www.wpd.de\/windpark-kemnitz\/","title":{"rendered":"Start"},"content":{"rendered":"","protected":false},"excerpt":{"rendered":"a:1:{i:0;s:0:&#8220;&#8220;;} Herzlich Willkommen! Im Auftrag der Betreibergesellschaft EBV Windpark Kemnitz GmbH &amp; Co. Betriebs-KG, die im Windpark Kemnitz die zehn Altanlagen vom Typ Enercon E-66 betreibt, plant die erneuerbare energien europa e3 GmbH gemeinsam mit der EnerVest AG ein Repowering im Windpark Kemnitz. Zwischen Kemnitz, Sarnow und Neuhof sollen die zehn Altanlagen durch bis zu neun Windr\u00e4der der 7-MW-Klasse ersetzt werden. \r\n\r\nDiese Webseite soll Ihnen einen \u00dcberblick \u00fcber die Vorteile des Vorhabens f\u00fcr die Stadt Pritzwalk und die den Windpark umfassenden Ortsteile, die Ma\u00dfnahmen zum Schutz von Mensch und Natur sowie den aktuellen Planungsstand geben. \r\n\r\nSollten Fragen offen bleiben, schreiben Sie uns bitte! weiss    a:1:{i:0;s:11:&#8220;text-normal&#8220;;}  a:2:{i:0;s:3:&#8220;124&#8243;;i:1;s:3:&#8220;318&#8243;;}      kein_schmuck 0 ","protected":false},"author":1,"featured_media":1901,"parent":0,"menu_order":0,"comment_status":"closed","ping_status":"closed","template":"template-flexible-contents.php","meta":{"_acf_changed":false,"footnotes":""},"class_list":["post-2","page","type-page","status-publish","has-post-thumbnail","hentry"],"acf":[],"yoast_head":"<!-- This site is optimized with the Yoast SEO plugin v25.4 - https:\/\/yoast.com\/wordpress\/plugins\/seo\/ -->\n<title>Start - Windpark Kemnitz Repowering<\/title>\n<meta name=\"description\" content=\"Im Auftrag der Betreibergesellschaft EBV Windpark Kemnitz GmbH &amp; Co. Betriebs-KG, die im Windpark Kemnitz die zehn Altanlagen vom Typ Enercon E-66 betreibt, plant die erneuerbare energien europa e3 GmbH gemeinsam mit der EnerVest AG ein\" \/>\n<meta name=\"robots\" content=\"index, follow, max-snippet:-1, max-image-preview:large, max-video-preview:-1\" \/>\n<link rel=\"canonical\" href=\"https:\/\/www.wpd.de\/windpark-kemnitz\/\" \/>\n<meta property=\"og:locale\" content=\"de_DE\" \/>\n<meta property=\"og:type\" content=\"article\" \/>\n<meta property=\"og:title\" content=\"Start - Windpark Kemnitz Repowering\" \/>\n<meta property=\"og:description\" content=\"Im Auftrag der Betreibergesellschaft EBV Windpark Kemnitz GmbH &amp; Co. Betriebs-KG, die im Windpark Kemnitz die zehn Altanlagen vom Typ Enercon E-66 betreibt, plant die erneuerbare energien europa e3 GmbH gemeinsam mit der EnerVest AG ein\" \/>\n<meta property=\"og:url\" content=\"https:\/\/www.wpd.de\/windpark-kemnitz\/\" \/>\n<meta property=\"og:site_name\" content=\"Windpark Kemnitz Repowering\" \/>\n<meta property=\"article:modified_time\" content=\"2025-07-25T10:09:49+00:00\" \/>\n<meta property=\"og:image\" content=\"https:\/\/www.wpd.de\/windpark-kemnitz\/wp-content\/uploads\/sites\/12\/2025\/06\/BeggerowBorrentin-01pano-scaled.jpg\" \/>\n\t<meta property=\"og:image:width\" content=\"2560\" \/>\n\t<meta property=\"og:image:height\" content=\"768\" \/>\n\t<meta property=\"og:image:type\" content=\"image\/jpeg\" \/>\n<meta name=\"twitter:card\" content=\"summary_large_image\" \/>\n<script type=\"application\/ld+json\" class=\"yoast-schema-graph\">{\"@context\":\"https:\/\/schema.org\",\"@graph\":[{\"@type\":\"WebPage\",\"@id\":\"https:\/\/www.wpd.de\/windpark-kemnitz\/\",\"url\":\"https:\/\/www.wpd.de\/windpark-kemnitz\/\",\"name\":\"Start - Windpark Kemnitz Repowering\",\"isPartOf\":{\"@id\":\"https:\/\/www.wpd.de\/windpark-kemnitz\/#website\"},\"primaryImageOfPage\":{\"@id\":\"https:\/\/www.wpd.de\/windpark-kemnitz\/#primaryimage\"},\"image\":{\"@id\":\"https:\/\/www.wpd.de\/windpark-kemnitz\/#primaryimage\"},\"thumbnailUrl\":\"https:\/\/www.wpd.de\/windpark-kemnitz\/wp-content\/uploads\/sites\/12\/2025\/06\/BeggerowBorrentin-01pano-scaled.jpg\",\"datePublished\":\"2020-09-28T08:01:33+00:00\",\"dateModified\":\"2025-07-25T10:09:49+00:00\",\"breadcrumb\":{\"@id\":\"https:\/\/www.wpd.de\/windpark-kemnitz\/#breadcrumb\"},\"inLanguage\":\"de\",\"potentialAction\":[{\"@type\":\"ReadAction\",\"target\":[\"https:\/\/www.wpd.de\/windpark-kemnitz\/\"]}]},{\"@type\":\"ImageObject\",\"inLanguage\":\"de\",\"@id\":\"https:\/\/www.wpd.de\/windpark-kemnitz\/#primaryimage\",\"url\":\"https:\/\/www.wpd.de\/windpark-kemnitz\/wp-content\/uploads\/sites\/12\/2025\/06\/BeggerowBorrentin-01pano-scaled.jpg\",\"contentUrl\":\"https:\/\/www.wpd.de\/windpark-kemnitz\/wp-content\/uploads\/sites\/12\/2025\/06\/BeggerowBorrentin-01pano-scaled.jpg\",\"width\":2560,\"height\":768},{\"@type\":\"BreadcrumbList\",\"@id\":\"https:\/\/www.wpd.de\/windpark-kemnitz\/#breadcrumb\",\"itemListElement\":[{\"@type\":\"ListItem\",\"position\":1,\"name\":\"Startseite\",\"item\":\"https:\/\/www.wpd.de\/windpark-kemnitz\/\"},{\"@type\":\"ListItem\",\"position\":2,\"name\":\"Start\"}]},{\"@type\":\"WebSite\",\"@id\":\"https:\/\/www.wpd.de\/windpark-kemnitz\/#website\",\"url\":\"https:\/\/www.wpd.de\/windpark-kemnitz\/\",\"name\":\"Windpark Kemnitz Repowering\",\"description\":\"Eine weitere wpd.de Websites Website\",\"potentialAction\":[{\"@type\":\"SearchAction\",\"target\":{\"@type\":\"EntryPoint\",\"urlTemplate\":\"https:\/\/www.wpd.de\/windpark-kemnitz\/?s={search_term_string}\"},\"query-input\":{\"@type\":\"PropertyValueSpecification\",\"valueRequired\":true,\"valueName\":\"search_term_string\"}}],\"inLanguage\":\"de\"}]}<\/script>\n<!-- \/ Yoast SEO plugin. -->","yoast_head_json":{"title":"Start - Windpark Kemnitz Repowering","description":"Im Auftrag der Betreibergesellschaft EBV Windpark Kemnitz GmbH &amp; Co. Betriebs-KG, die im Windpark Kemnitz die zehn Altanlagen vom Typ Enercon E-66 betreibt, plant die erneuerbare energien europa e3 GmbH gemeinsam mit der EnerVest AG ein","robots":{"index":"index","follow":"follow","max-snippet":"max-snippet:-1","max-image-preview":"max-image-preview:large","max-video-preview":"max-video-preview:-1"},"canonical":"https:\/\/www.wpd.de\/windpark-kemnitz\/","og_locale":"de_DE","og_type":"article","og_title":"Start - Windpark Kemnitz Repowering","og_description":"Im Auftrag der Betreibergesellschaft EBV Windpark Kemnitz GmbH &amp; Co. Betriebs-KG, die im Windpark Kemnitz die zehn Altanlagen vom Typ Enercon E-66 betreibt, plant die erneuerbare energien europa e3 GmbH gemeinsam mit der EnerVest AG ein","og_url":"https:\/\/www.wpd.de\/windpark-kemnitz\/","og_site_name":"Windpark Kemnitz Repowering","article_modified_time":"2025-07-25T10:09:49+00:00","og_image":[{"width":2560,"height":768,"url":"https:\/\/www.wpd.de\/windpark-kemnitz\/wp-content\/uploads\/sites\/12\/2025\/06\/BeggerowBorrentin-01pano-scaled.jpg","type":"image\/jpeg"}],"twitter_card":"summary_large_image","schema":{"@context":"https:\/\/schema.org","@graph":[{"@type":"WebPage","@id":"https:\/\/www.wpd.de\/windpark-kemnitz\/","url":"https:\/\/www.wpd.de\/windpark-kemnitz\/","name":"Start - Windpark Kemnitz Repowering","isPartOf":{"@id":"https:\/\/www.wpd.de\/windpark-kemnitz\/#website"},"primaryImageOfPage":{"@id":"https:\/\/www.wpd.de\/windpark-kemnitz\/#primaryimage"},"image":{"@id":"https:\/\/www.wpd.de\/windpark-kemnitz\/#primaryimage"},"thumbnailUrl":"https:\/\/www.wpd.de\/windpark-kemnitz\/wp-content\/uploads\/sites\/12\/2025\/06\/BeggerowBorrentin-01pano-scaled.jpg","datePublished":"2020-09-28T08:01:33+00:00","dateModified":"2025-07-25T10:09:49+00:00","breadcrumb":{"@id":"https:\/\/www.wpd.de\/windpark-kemnitz\/#breadcrumb"},"inLanguage":"de","potentialAction":[{"@type":"ReadAction","target":["https:\/\/www.wpd.de\/windpark-kemnitz\/"]}]},{"@type":"ImageObject","inLanguage":"de","@id":"https:\/\/www.wpd.de\/windpark-kemnitz\/#primaryimage","url":"https:\/\/www.wpd.de\/windpark-kemnitz\/wp-content\/uploads\/sites\/12\/2025\/06\/BeggerowBorrentin-01pano-scaled.jpg","contentUrl":"https:\/\/www.wpd.de\/windpark-kemnitz\/wp-content\/uploads\/sites\/12\/2025\/06\/BeggerowBorrentin-01pano-scaled.jpg","width":2560,"height":768},{"@type":"BreadcrumbList","@id":"https:\/\/www.wpd.de\/windpark-kemnitz\/#breadcrumb","itemListElement":[{"@type":"ListItem","position":1,"name":"Startseite","item":"https:\/\/www.wpd.de\/windpark-kemnitz\/"},{"@type":"ListItem","position":2,"name":"Start"}]},{"@type":"WebSite","@id":"https:\/\/www.wpd.de\/windpark-kemnitz\/#website","url":"https:\/\/www.wpd.de\/windpark-kemnitz\/","name":"Windpark Kemnitz Repowering","description":"Eine weitere wpd.de Websites Website","potentialAction":[{"@type":"SearchAction","target":{"@type":"EntryPoint","urlTemplate":"https:\/\/www.wpd.de\/windpark-kemnitz\/?s={search_term_string}"},"query-input":{"@type":"PropertyValueSpecification","valueRequired":true,"valueName":"search_term_string"}}],"inLanguage":"de"}]}},"_links":{"self":[{"href":"https:\/\/www.wpd.de\/windpark-kemnitz\/wp-json\/wp\/v2\/pages\/2","targetHints":{"allow":["GET"]}}],"collection":[{"href":"https:\/\/www.wpd.de\/windpark-kemnitz\/wp-json\/wp\/v2\/pages"}],"about":[{"href":"https:\/\/www.wpd.de\/windpark-kemnitz\/wp-json\/wp\/v2\/types\/page"}],"author":[{"embeddable":true,"href":"https:\/\/www.wpd.de\/windpark-kemnitz\/wp-json\/wp\/v2\/users\/1"}],"replies":[{"embeddable":true,"href":"https:\/\/www.wpd.de\/windpark-kemnitz\/wp-json\/wp\/v2\/comments?post=2"}],"version-history":[{"count":508,"href":"https:\/\/www.wpd.de\/windpark-kemnitz\/wp-json\/wp\/v2\/pages\/2\/revisions"}],"predecessor-version":[{"id":4111,"href":"https:\/\/www.wpd.de\/windpark-kemnitz\/wp-json\/wp\/v2\/pages\/2\/revisions\/4111"}],"wp:featuredmedia":[{"embeddable":true,"href":"https:\/\/www.wpd.de\/windpark-kemnitz\/wp-json\/wp\/v2\/media\/1901"}],"wp:attachment":[{"href":"https:\/\/www.wpd.de\/windpark-kemnitz\/wp-json\/wp\/v2\/media?parent=2"}],"curies":[{"name":"wp","href":"https:\/\/api.w.org\/{rel}","templated":true}]}}

a:1:{i:0;s:0:&#8220;&#8220;;} Herzlich Willkommen! Im Auftrag der Betreibergesellschaft EBV Windpark Kemnitz GmbH &amp; Co. Betriebs-KG, die im Windpark Kemnitz die zehn Altanlagen vom Typ Enercon E-66 betreibt, plant die erneuerbare energien europa e3 GmbH gemeinsam mit der EnerVest AG ein Repowering im Windpark Kemnitz. Zwischen Kemnitz, Sarnow und Neuhof sollen die zehn Altanlagen durch bis zu neun Windräder der 7-MW-Klasse ersetzt werden. 

Diese Webseite soll Ihnen einen Überblick über die Vorteile des Vorhabens für die Stadt Pritzwalk und die den Windpark umfassenden Ortsteile, die Maßnahmen zum Schutz von Mensch und Natur sowie den aktuellen Planungsstand geben. 

Sollten Fragen offen bleiben, schreiben Sie uns bitte! weiss    a:1:{i:0;s:11:&#8220;text-normal&#8220;;}  a:2:{i:0;s:3:&#8220;124&#8243;;i:1;s:3:&#8220;318&#8243;;}      kein_schmuck 0
