{"id":1984,"date":"2025-06-10T11:00:35","date_gmt":"2025-06-10T09:00:35","guid":{"rendered":"https:\/\/www.wpd.de\/windpark-kemnitz\/?page_id=1984"},"modified":"2025-07-17T16:10:47","modified_gmt":"2025-07-17T14:10:47","slug":"aktuelles-2","status":"publish","type":"page","link":"https:\/\/www.wpd.de\/windpark-kemnitz\/aktuelles-2\/","title":{"rendered":"Aktuelles"},"content":{"rendered":"<p>Hier werden aktuelle Entwicklungen gepostet.<\/p>\n","protected":false},"excerpt":{"rendered":"a:1:{i:0;s:11:&#8220;text-normal&#8220;;}  a:2:{i:0;s:3:&#8220;124&#8243;;i:1;s:3:&#8220;318&#8243;;}   a:1:{i:0;s:0:&#8220;&#8220;;}  Einwohnerversammlungen zum Repowering im Windpark Kemnitz  <strong>Einwohnerversammlungen in Beveringen, Buchholz\/Sarnow, Kemnitz und Neuhof\/Neuhausen<\/strong>\r\n\r\nUm die Einwohner der umliegenden Ortsteile \u00fcber das geplante Repowering im Windpark Kemnitz zu informieren und ein Meinungsbild einzuholen, organisiert die Stadt Pritzwalk Einwohnerversammlungen. Wir wurden zur Vorstellung des Projektes eingeladen und wollen diese Termine nutzen, eine m\u00f6glichst b\u00fcrgervertr\u00e4gliche Umsetzung des Projektes auszuloten. \r\n<ul>\r\n \t<li>Dienstag, 22. Juli 2025 um 17 Uhr im Saal der Prignitzer Speisewirtschaft<\/li>\r\n        <li>Donnerstag, 24. Juli 2025 um 18 Uhr im Feuerwehrger\u00e4tehaus der Ortswehr Beveringen<\/li>\r\n \t<li>Dienstag, 29. Juli 2025 um 18 Uhr im Gemeinderaum in Sarnow<\/li>\r\n \t<li>Donnerstag, 31. Juli 2025 um 18 Uhr im Gemeinderaum Kemnitz<\/li>\r\n<\/ul>\r\nWir freuen uns auf einen regen Austausch!     kein_schmuck weiss 0  ","protected":false},"author":34,"featured_media":3596,"parent":0,"menu_order":0,"comment_status":"closed","ping_status":"closed","template":"template-flexible-contents.php","meta":{"_acf_changed":false,"footnotes":""},"class_list":["post-1984","page","type-page","status-publish","has-post-thumbnail","hentry"],"acf":[],"yoast_head":"<!-- This site is optimized with the Yoast SEO plugin v25.4 - https:\/\/yoast.com\/wordpress\/plugins\/seo\/ -->\n<title>Aktuelles - Windpark Kemnitz Repowering<\/title>\n<meta name=\"description\" content=\"Einwohnerversammlungen in Beveringen, Buchholz\/Sarnow, Kemnitz und Neuhof\/Neuhausen Um die Einwohner der umliegenden Ortsteile \u00fcber das geplante Repowering im Windpark Kemnitz zu informieren und ein Meinungsbild einzu\" \/>\n<meta name=\"robots\" content=\"index, follow, max-snippet:-1, max-image-preview:large, max-video-preview:-1\" \/>\n<link rel=\"canonical\" href=\"https:\/\/www.wpd.de\/windpark-kemnitz\/aktuelles-2\/\" \/>\n<meta property=\"og:locale\" content=\"de_DE\" \/>\n<meta property=\"og:type\" content=\"article\" \/>\n<meta property=\"og:title\" content=\"Aktuelles - Windpark Kemnitz Repowering\" \/>\n<meta property=\"og:description\" content=\"Einwohnerversammlungen in Beveringen, Buchholz\/Sarnow, Kemnitz und Neuhof\/Neuhausen Um die Einwohner der umliegenden Ortsteile \u00fcber das geplante Repowering im Windpark Kemnitz zu informieren und ein Meinungsbild einzu\" \/>\n<meta property=\"og:url\" content=\"https:\/\/www.wpd.de\/windpark-kemnitz\/aktuelles-2\/\" \/>\n<meta property=\"og:site_name\" content=\"Windpark Kemnitz Repowering\" \/>\n<meta property=\"article:modified_time\" content=\"2025-07-17T14:10:47+00:00\" \/>\n<meta property=\"og:image\" content=\"https:\/\/www.wpd.de\/windpark-kemnitz\/wp-content\/uploads\/sites\/12\/2025\/07\/Luftbild-Sarnow-Windpark-scaled-e1752664434444.jpg\" \/>\n\t<meta property=\"og:image:width\" content=\"2560\" \/>\n\t<meta property=\"og:image:height\" content=\"1062\" \/>\n\t<meta property=\"og:image:type\" content=\"image\/jpeg\" \/>\n<meta name=\"twitter:card\" content=\"summary_large_image\" \/>\n<script type=\"application\/ld+json\" class=\"yoast-schema-graph\">{\"@context\":\"https:\/\/schema.org\",\"@graph\":[{\"@type\":\"WebPage\",\"@id\":\"https:\/\/www.wpd.de\/windpark-kemnitz\/aktuelles-2\/\",\"url\":\"https:\/\/www.wpd.de\/windpark-kemnitz\/aktuelles-2\/\",\"name\":\"Aktuelles - Windpark Kemnitz Repowering\",\"isPartOf\":{\"@id\":\"https:\/\/www.wpd.de\/windpark-kemnitz\/#website\"},\"primaryImageOfPage\":{\"@id\":\"https:\/\/www.wpd.de\/windpark-kemnitz\/aktuelles-2\/#primaryimage\"},\"image\":{\"@id\":\"https:\/\/www.wpd.de\/windpark-kemnitz\/aktuelles-2\/#primaryimage\"},\"thumbnailUrl\":\"https:\/\/www.wpd.de\/windpark-kemnitz\/wp-content\/uploads\/sites\/12\/2025\/07\/Luftbild-Sarnow-Windpark-scaled-e1752664434444.jpg\",\"datePublished\":\"2025-06-10T09:00:35+00:00\",\"dateModified\":\"2025-07-17T14:10:47+00:00\",\"breadcrumb\":{\"@id\":\"https:\/\/www.wpd.de\/windpark-kemnitz\/aktuelles-2\/#breadcrumb\"},\"inLanguage\":\"de\",\"potentialAction\":[{\"@type\":\"ReadAction\",\"target\":[\"https:\/\/www.wpd.de\/windpark-kemnitz\/aktuelles-2\/\"]}]},{\"@type\":\"ImageObject\",\"inLanguage\":\"de\",\"@id\":\"https:\/\/www.wpd.de\/windpark-kemnitz\/aktuelles-2\/#primaryimage\",\"url\":\"https:\/\/www.wpd.de\/windpark-kemnitz\/wp-content\/uploads\/sites\/12\/2025\/07\/Luftbild-Sarnow-Windpark-scaled-e1752664434444.jpg\",\"contentUrl\":\"https:\/\/www.wpd.de\/windpark-kemnitz\/wp-content\/uploads\/sites\/12\/2025\/07\/Luftbild-Sarnow-Windpark-scaled-e1752664434444.jpg\",\"width\":2560,\"height\":1062},{\"@type\":\"BreadcrumbList\",\"@id\":\"https:\/\/www.wpd.de\/windpark-kemnitz\/aktuelles-2\/#breadcrumb\",\"itemListElement\":[{\"@type\":\"ListItem\",\"position\":1,\"name\":\"Startseite\",\"item\":\"https:\/\/www.wpd.de\/windpark-kemnitz\/\"},{\"@type\":\"ListItem\",\"position\":2,\"name\":\"Aktuelles\"}]},{\"@type\":\"WebSite\",\"@id\":\"https:\/\/www.wpd.de\/windpark-kemnitz\/#website\",\"url\":\"https:\/\/www.wpd.de\/windpark-kemnitz\/\",\"name\":\"Windpark Kemnitz Repowering\",\"description\":\"Eine weitere wpd.de Websites Website\",\"potentialAction\":[{\"@type\":\"SearchAction\",\"target\":{\"@type\":\"EntryPoint\",\"urlTemplate\":\"https:\/\/www.wpd.de\/windpark-kemnitz\/?s={search_term_string}\"},\"query-input\":{\"@type\":\"PropertyValueSpecification\",\"valueRequired\":true,\"valueName\":\"search_term_string\"}}],\"inLanguage\":\"de\"}]}<\/script>\n<!-- \/ Yoast SEO plugin. -->","yoast_head_json":{"title":"Aktuelles - Windpark Kemnitz Repowering","description":"Einwohnerversammlungen in Beveringen, Buchholz\/Sarnow, Kemnitz und Neuhof\/Neuhausen Um die Einwohner der umliegenden Ortsteile \u00fcber das geplante Repowering im Windpark Kemnitz zu informieren und ein Meinungsbild einzu","robots":{"index":"index","follow":"follow","max-snippet":"max-snippet:-1","max-image-preview":"max-image-preview:large","max-video-preview":"max-video-preview:-1"},"canonical":"https:\/\/www.wpd.de\/windpark-kemnitz\/aktuelles-2\/","og_locale":"de_DE","og_type":"article","og_title":"Aktuelles - Windpark Kemnitz Repowering","og_description":"Einwohnerversammlungen in Beveringen, Buchholz\/Sarnow, Kemnitz und Neuhof\/Neuhausen Um die Einwohner der umliegenden Ortsteile \u00fcber das geplante Repowering im Windpark Kemnitz zu informieren und ein Meinungsbild einzu","og_url":"https:\/\/www.wpd.de\/windpark-kemnitz\/aktuelles-2\/","og_site_name":"Windpark Kemnitz Repowering","article_modified_time":"2025-07-17T14:10:47+00:00","og_image":[{"width":2560,"height":1062,"url":"https:\/\/www.wpd.de\/windpark-kemnitz\/wp-content\/uploads\/sites\/12\/2025\/07\/Luftbild-Sarnow-Windpark-scaled-e1752664434444.jpg","type":"image\/jpeg"}],"twitter_card":"summary_large_image","schema":{"@context":"https:\/\/schema.org","@graph":[{"@type":"WebPage","@id":"https:\/\/www.wpd.de\/windpark-kemnitz\/aktuelles-2\/","url":"https:\/\/www.wpd.de\/windpark-kemnitz\/aktuelles-2\/","name":"Aktuelles - Windpark Kemnitz Repowering","isPartOf":{"@id":"https:\/\/www.wpd.de\/windpark-kemnitz\/#website"},"primaryImageOfPage":{"@id":"https:\/\/www.wpd.de\/windpark-kemnitz\/aktuelles-2\/#primaryimage"},"image":{"@id":"https:\/\/www.wpd.de\/windpark-kemnitz\/aktuelles-2\/#primaryimage"},"thumbnailUrl":"https:\/\/www.wpd.de\/windpark-kemnitz\/wp-content\/uploads\/sites\/12\/2025\/07\/Luftbild-Sarnow-Windpark-scaled-e1752664434444.jpg","datePublished":"2025-06-10T09:00:35+00:00","dateModified":"2025-07-17T14:10:47+00:00","breadcrumb":{"@id":"https:\/\/www.wpd.de\/windpark-kemnitz\/aktuelles-2\/#breadcrumb"},"inLanguage":"de","potentialAction":[{"@type":"ReadAction","target":["https:\/\/www.wpd.de\/windpark-kemnitz\/aktuelles-2\/"]}]},{"@type":"ImageObject","inLanguage":"de","@id":"https:\/\/www.wpd.de\/windpark-kemnitz\/aktuelles-2\/#primaryimage","url":"https:\/\/www.wpd.de\/windpark-kemnitz\/wp-content\/uploads\/sites\/12\/2025\/07\/Luftbild-Sarnow-Windpark-scaled-e1752664434444.jpg","contentUrl":"https:\/\/www.wpd.de\/windpark-kemnitz\/wp-content\/uploads\/sites\/12\/2025\/07\/Luftbild-Sarnow-Windpark-scaled-e1752664434444.jpg","width":2560,"height":1062},{"@type":"BreadcrumbList","@id":"https:\/\/www.wpd.de\/windpark-kemnitz\/aktuelles-2\/#breadcrumb","itemListElement":[{"@type":"ListItem","position":1,"name":"Startseite","item":"https:\/\/www.wpd.de\/windpark-kemnitz\/"},{"@type":"ListItem","position":2,"name":"Aktuelles"}]},{"@type":"WebSite","@id":"https:\/\/www.wpd.de\/windpark-kemnitz\/#website","url":"https:\/\/www.wpd.de\/windpark-kemnitz\/","name":"Windpark Kemnitz Repowering","description":"Eine weitere wpd.de Websites Website","potentialAction":[{"@type":"SearchAction","target":{"@type":"EntryPoint","urlTemplate":"https:\/\/www.wpd.de\/windpark-kemnitz\/?s={search_term_string}"},"query-input":{"@type":"PropertyValueSpecification","valueRequired":true,"valueName":"search_term_string"}}],"inLanguage":"de"}]}},"_links":{"self":[{"href":"https:\/\/www.wpd.de\/windpark-kemnitz\/wp-json\/wp\/v2\/pages\/1984","targetHints":{"allow":["GET"]}}],"collection":[{"href":"https:\/\/www.wpd.de\/windpark-kemnitz\/wp-json\/wp\/v2\/pages"}],"about":[{"href":"https:\/\/www.wpd.de\/windpark-kemnitz\/wp-json\/wp\/v2\/types\/page"}],"author":[{"embeddable":true,"href":"https:\/\/www.wpd.de\/windpark-kemnitz\/wp-json\/wp\/v2\/users\/34"}],"replies":[{"embeddable":true,"href":"https:\/\/www.wpd.de\/windpark-kemnitz\/wp-json\/wp\/v2\/comments?post=1984"}],"version-history":[{"count":19,"href":"https:\/\/www.wpd.de\/windpark-kemnitz\/wp-json\/wp\/v2\/pages\/1984\/revisions"}],"predecessor-version":[{"id":3872,"href":"https:\/\/www.wpd.de\/windpark-kemnitz\/wp-json\/wp\/v2\/pages\/1984\/revisions\/3872"}],"wp:featuredmedia":[{"embeddable":true,"href":"https:\/\/www.wpd.de\/windpark-kemnitz\/wp-json\/wp\/v2\/media\/3596"}],"wp:attachment":[{"href":"https:\/\/www.wpd.de\/windpark-kemnitz\/wp-json\/wp\/v2\/media?parent=1984"}],"curies":[{"name":"wp","href":"https:\/\/api.w.org\/{rel}","templated":true}]}}

a:1:{i:0;s:11:&#8220;text-normal&#8220;;}  a:2:{i:0;s:3:&#8220;124&#8243;;i:1;s:3:&#8220;318&#8243;;}   a:1:{i:0;s:0:&#8220;&#8220;;}  Einwohnerversammlungen zum Repowering im Windpark Kemnitz  <strong>Einwohnerversammlungen in Beveringen, Buchholz/Sarnow, Kemnitz und Neuhof/Neuhausen</strong>

Um die Einwohner der umliegenden Ortsteile über das geplante Repowering im Windpark Kemnitz zu informieren und ein Meinungsbild einzuholen, organisiert die Stadt Pritzwalk Einwohnerversammlungen. Wir wurden zur Vorstellung des Projektes eingeladen und wollen diese Termine nutzen, eine möglichst bürgerverträgliche Umsetzung des Projektes auszuloten. 
<ul>
 	<li>Dienstag, 22. Juli 2025 um 17 Uhr im Saal der Prignitzer Speisewirtschaft</li>
        <li>Donnerstag, 24. Juli 2025 um 18 Uhr im Feuerwehrgerätehaus der Ortswehr Beveringen</li>
 	<li>Dienstag, 29. Juli 2025 um 18 Uhr im Gemeinderaum in Sarnow</li>
 	<li>Donnerstag, 31. Juli 2025 um 18 Uhr im Gemeinderaum Kemnitz</li>
</ul>
Wir freuen uns auf einen regen Austausch!     kein_schmuck weiss 0

<!-- This site is optimized with the Yoast SEO plugin v25.4 - https://yoast.com/wordpress/plugins/seo/ -->
<title>Aktuelles - Windpark Kemnitz Repowering</title>
<meta name="description" content="Einwohnerversammlungen in Beveringen, Buchholz/Sarnow, Kemnitz und Neuhof/Neuhausen Um die Einwohner der umliegenden Ortsteile über das geplante Repowering im Windpark Kemnitz zu informieren und ein Meinungsbild einzu" />
<meta name="robots" content="index, follow, max-snippet:-1, max-image-preview:large, max-video-preview:-1" />
<link rel="canonical" href="https://www.wpd.de/windpark-kemnitz/aktuelles-2/" />
<meta property="og:locale" content="de_DE" />
<meta property="og:type" content="article" />
<meta property="og:title" content="Aktuelles - Windpark Kemnitz Repowering" />
<meta property="og:description" content="Einwohnerversammlungen in Beveringen, Buchholz/Sarnow, Kemnitz und Neuhof/Neuhausen Um die Einwohner der umliegenden Ortsteile über das geplante Repowering im Windpark Kemnitz zu informieren und ein Meinungsbild einzu" />
<meta property="og:url" content="https://www.wpd.de/windpark-kemnitz/aktuelles-2/" />
<meta property="og:site_name" content="Windpark Kemnitz Repowering" />
<meta property="article:modified_time" content="2025-07-17T14:10:47+00:00" />
<meta property="og:image" content="https://www.wpd.de/windpark-kemnitz/wp-content/uploads/sites/12/2025/07/Luftbild-Sarnow-Windpark-scaled-e1752664434444.jpg" />
	<meta property="og:image:width" content="2560" />
	<meta property="og:image:height" content="1062" />
	<meta property="og:image:type" content="image/jpeg" />
<meta name="twitter:card" content="summary_large_image" />
<script type="application/ld+json" class="yoast-schema-graph">{"@context":"https://schema.org","@graph":[{"@type":"WebPage","@id":"https://www.wpd.de/windpark-kemnitz/aktuelles-2/","url":"https://www.wpd.de/windpark-kemnitz/aktuelles-2/","name":"Aktuelles - Windpark Kemnitz Repowering","isPartOf":{"@id":"https://www.wpd.de/windpark-kemnitz/#website"},"primaryImageOfPage":{"@id":"https://www.wpd.de/windpark-kemnitz/aktuelles-2/#primaryimage"},"image":{"@id":"https://www.wpd.de/windpark-kemnitz/aktuelles-2/#primaryimage"},"thumbnailUrl":"https://www.wpd.de/windpark-kemnitz/wp-content/uploads/sites/12/2025/07/Luftbild-Sarnow-Windpark-scaled-e1752664434444.jpg","datePublished":"2025-06-10T09:00:35+00:00","dateModified":"2025-07-17T14:10:47+00:00","breadcrumb":{"@id":"https://www.wpd.de/windpark-kemnitz/aktuelles-2/#breadcrumb"},"inLanguage":"de","potentialAction":[{"@type":"ReadAction","target":["https://www.wpd.de/windpark-kemnitz/aktuelles-2/"]}]},{"@type":"ImageObject","inLanguage":"de","@id":"https://www.wpd.de/windpark-kemnitz/aktuelles-2/#primaryimage","url":"https://www.wpd.de/windpark-kemnitz/wp-content/uploads/sites/12/2025/07/Luftbild-Sarnow-Windpark-scaled-e1752664434444.jpg","contentUrl":"https://www.wpd.de/windpark-kemnitz/wp-content/uploads/sites/12/2025/07/Luftbild-Sarnow-Windpark-scaled-e1752664434444.jpg","width":2560,"height":1062},{"@type":"BreadcrumbList","@id":"https://www.wpd.de/windpark-kemnitz/aktuelles-2/#breadcrumb","itemListElement":[{"@type":"ListItem","position":1,"name":"Startseite","item":"https://www.wpd.de/windpark-kemnitz/"},{"@type":"ListItem","position":2,"name":"Aktuelles"}]},{"@type":"WebSite","@id":"https://www.wpd.de/windpark-kemnitz/#website","url":"https://www.wpd.de/windpark-kemnitz/","name":"Windpark Kemnitz Repowering","description":"Eine weitere wpd.de Websites Website","potentialAction":[{"@type":"SearchAction","target":{"@type":"EntryPoint","urlTemplate":"https://www.wpd.de/windpark-kemnitz/?s={search_term_string}"},"query-input":{"@type":"PropertyValueSpecification","valueRequired":true,"valueName":"search_term_string"}}],"inLanguage":"de"}]}</script>
<!-- / Yoast SEO plugin. -->

Einwohnerversammlungen in Beveringen, Buchholz/Sarnow, Kemnitz und Neuhof/Neuhausen Um die Einwohner der umliegenden Ortsteile über das geplante Repowering im Windpark Kemnitz zu informieren und ein Meinungsbild einzu
