{"id":1260,"date":"2025-05-21T12:06:19","date_gmt":"2025-05-21T10:06:19","guid":{"rendered":"https:\/\/www.wpd.de\/windpark-saulheim-partenheim\/?page_id=1260"},"modified":"2025-07-25T10:44:36","modified_gmt":"2025-07-25T08:44:36","slug":"anlagen","status":"publish","type":"page","link":"https:\/\/www.wpd.de\/windpark-kemnitz\/planung\/anlagen\/","title":{"rendered":"Planungsgrundlagen"},"content":{"rendered":"","protected":false},"excerpt":{"rendered":"a:1:{i:0;s:0:&#8220;&#8220;;} a:2:{i:0;s:4:&#8220;3829&#8243;;i:1;s:4:&#8220;3835&#8243;;}    Planungsgrundlagen Im Windpark Kemnitz werden seit 2001 Windenergieanlagen vom Typ E-66 mit einer Nabenh\u00f6he von 67 m und einer Leistung von 1,8 MW betrieben. Im Jahr 2021\/2022 hat es bereits ein erstes Repowering gegeben, bei dem zwei der 12 Altanlagen zur\u00fcckgebaut und durch eine neue Anlage ersetzt wurden.\r\n\r\nBei dem aktuell geplanten Repowering sollen die \u00fcbrigen zehn Altanlagen zur\u00fcckgebaut und durch bis zu neun neue Anlagen ersetzt werden.\r\n\r\nPlanungsgrundlagen f\u00fcr das Repowering sind\r\n<ul>\r\n \t<li>zum einen der Regionalplanentwurf der Planungsgemeinschaft Prignitz-Oberhavel von Dezember 2024, in dem das <strong>Windvorranggebiet 15: Beveringen \u2013 Kemnitz \u2013 Sarnow<\/strong> enthalten ist und<\/li>\r\n \t<li>zum anderen der Sachliche Teil-Fl\u00e4chennutzungsplan \u201eWindenergienutzung\u201c der Stadt Pritzwalk, in dem die <strong>Konzentrationszone D \u201eBeveringen \u2013 Buchholz \u2013 Kemnitz\u201c<\/strong> enthalten ist.<\/li>\r\n<\/ul>\r\nSobald der Regionalplan Rechtskraft erlangt hat, ist der Fl\u00e4chennutzungsplan der Stadt an die \u00fcbergeordneten Ziele der Raumordnung anzupassen (sogenanntes Anpassungsgebot gem\u00e4\u00df \u00a71 Absatz 4 BauGB). Die Stadt muss also sp\u00e4testens bei Rechtskraft des Regionalplans ihren FNP entsprechend des Windvorranggebietes im Regionalplan \u00fcberarbeiten und darf dann keine H\u00f6henbegrenzung mehr enthalten.  weiss  3831  a:3:{i:0;s:11:&#8220;text-normal&#8220;;i:1;s:11:&#8220;text-normal&#8220;;i:2;s:11:&#8220;text-normal&#8220;;}    kein_schmuck 0  Link zum Auszug aus dem Fl\u00e4chennutzungsplan 0  zweidritteltext 0 rechts      3837 Link zum Auszug aus dem Regionalplanentwurf 2024  0   zweidritteltext 0 rechts kein_schmuck weiss 1    Der sachliche Teilfl\u00e4chennutzungsplan Windenergie der Stadt Pritzwalk von 2013 sieht f\u00fcr den Ortsteil Kemnitz die Konzentrationszone D vor, die in die zwei Sondergebiete SO WK 1 und SO WK 2 aufgeteilt ist. F\u00fcr das Sondergebiet WK 1 gibt es eine H\u00f6henbeschr\u00e4nkung f\u00fcr WEA von 100 m (Bezeichnung im FNP: &#8222;Sondergebiet Zweckbestimmung Konzentrationszone Windenergienutzung zul\u00e4ssig WEA &lt; 100 m&quot;). F\u00fcr das Sondergebiet WK 2 besteht keine H\u00f6henbeschr\u00e4nkung f\u00fcr WEA. \r\n\r\nDie Grenze des Windvorranggebietes aus dem Regionalplan \u00fcberlagert sich mit dem SO WK 1, sodass sich die neu geplanten WEA innerhalb des Windvorranggebietes und innerhalb des Sondergebietes mit H\u00f6henbeschr\u00e4nkung befinden.\r\n\r\n  3585 Zum Vergr\u00f6\u00dfern des Lageplanes klicken 3585  woelbung_nach_oben dunkelblau 0 0  zweidritteltext 0 rechts ","protected":false},"author":15,"featured_media":2211,"parent":470,"menu_order":4,"comment_status":"closed","ping_status":"closed","template":"template-flexible-contents.php","meta":{"_acf_changed":false,"footnotes":""},"class_list":["post-1260","page","type-page","status-publish","has-post-thumbnail","hentry"],"acf":[],"yoast_head":"<!-- This site is optimized with the Yoast SEO plugin v25.4 - https:\/\/yoast.com\/wordpress\/plugins\/seo\/ -->\n<title>Planungsgrundlagen - Windpark Kemnitz Repowering<\/title>\n<meta name=\"description\" content=\"Im Windpark Kemnitz werden seit 2001 Windenergieanlagen vom Typ E-66 mit einer Nabenh\u00f6he von 67 m und einer Leistung von 1,8 MW betrieben. Im Jahr 2021\/2022 hat es bereits ein erstes Repowering gegeben, bei dem zwei der 12 Altanlagen zur\u00fcckg\" \/>\n<meta name=\"robots\" content=\"index, follow, max-snippet:-1, max-image-preview:large, max-video-preview:-1\" \/>\n<link rel=\"canonical\" href=\"https:\/\/www.wpd.de\/windpark-kemnitz\/planung\/anlagen\/\" \/>\n<meta property=\"og:locale\" content=\"de_DE\" \/>\n<meta property=\"og:type\" content=\"article\" \/>\n<meta property=\"og:title\" content=\"Planungsgrundlagen - Windpark Kemnitz Repowering\" \/>\n<meta property=\"og:description\" content=\"Im Windpark Kemnitz werden seit 2001 Windenergieanlagen vom Typ E-66 mit einer Nabenh\u00f6he von 67 m und einer Leistung von 1,8 MW betrieben. Im Jahr 2021\/2022 hat es bereits ein erstes Repowering gegeben, bei dem zwei der 12 Altanlagen zur\u00fcckg\" \/>\n<meta property=\"og:url\" content=\"https:\/\/www.wpd.de\/windpark-kemnitz\/planung\/anlagen\/\" \/>\n<meta property=\"og:site_name\" content=\"Windpark Kemnitz Repowering\" \/>\n<meta property=\"article:modified_time\" content=\"2025-07-25T08:44:36+00:00\" \/>\n<meta property=\"og:image\" content=\"https:\/\/www.wpd.de\/windpark-kemnitz\/wp-content\/uploads\/sites\/12\/2025\/06\/DSC_0419-scaled-e1749727683898.jpg\" \/>\n\t<meta property=\"og:image:width\" content=\"2560\" \/>\n\t<meta property=\"og:image:height\" content=\"1370\" \/>\n\t<meta property=\"og:image:type\" content=\"image\/jpeg\" \/>\n<meta name=\"twitter:card\" content=\"summary_large_image\" \/>\n<script type=\"application\/ld+json\" class=\"yoast-schema-graph\">{\"@context\":\"https:\/\/schema.org\",\"@graph\":[{\"@type\":\"WebPage\",\"@id\":\"https:\/\/www.wpd.de\/windpark-kemnitz\/planung\/anlagen\/\",\"url\":\"https:\/\/www.wpd.de\/windpark-kemnitz\/planung\/anlagen\/\",\"name\":\"Planungsgrundlagen - Windpark Kemnitz Repowering\",\"isPartOf\":{\"@id\":\"https:\/\/www.wpd.de\/windpark-kemnitz\/#website\"},\"primaryImageOfPage\":{\"@id\":\"https:\/\/www.wpd.de\/windpark-kemnitz\/planung\/anlagen\/#primaryimage\"},\"image\":{\"@id\":\"https:\/\/www.wpd.de\/windpark-kemnitz\/planung\/anlagen\/#primaryimage\"},\"thumbnailUrl\":\"https:\/\/www.wpd.de\/windpark-kemnitz\/wp-content\/uploads\/sites\/12\/2025\/06\/DSC_0419-scaled-e1749727683898.jpg\",\"datePublished\":\"2025-05-21T10:06:19+00:00\",\"dateModified\":\"2025-07-25T08:44:36+00:00\",\"breadcrumb\":{\"@id\":\"https:\/\/www.wpd.de\/windpark-kemnitz\/planung\/anlagen\/#breadcrumb\"},\"inLanguage\":\"de\",\"potentialAction\":[{\"@type\":\"ReadAction\",\"target\":[\"https:\/\/www.wpd.de\/windpark-kemnitz\/planung\/anlagen\/\"]}]},{\"@type\":\"ImageObject\",\"inLanguage\":\"de\",\"@id\":\"https:\/\/www.wpd.de\/windpark-kemnitz\/planung\/anlagen\/#primaryimage\",\"url\":\"https:\/\/www.wpd.de\/windpark-kemnitz\/wp-content\/uploads\/sites\/12\/2025\/06\/DSC_0419-scaled-e1749727683898.jpg\",\"contentUrl\":\"https:\/\/www.wpd.de\/windpark-kemnitz\/wp-content\/uploads\/sites\/12\/2025\/06\/DSC_0419-scaled-e1749727683898.jpg\",\"width\":2560,\"height\":1370},{\"@type\":\"BreadcrumbList\",\"@id\":\"https:\/\/www.wpd.de\/windpark-kemnitz\/planung\/anlagen\/#breadcrumb\",\"itemListElement\":[{\"@type\":\"ListItem\",\"position\":1,\"name\":\"Startseite\",\"item\":\"https:\/\/www.wpd.de\/windpark-kemnitz\/\"},{\"@type\":\"ListItem\",\"position\":2,\"name\":\"Planung\",\"item\":\"https:\/\/www.wpd.de\/windpark-kemnitz\/planung\/\"},{\"@type\":\"ListItem\",\"position\":3,\"name\":\"Planungsgrundlagen\"}]},{\"@type\":\"WebSite\",\"@id\":\"https:\/\/www.wpd.de\/windpark-kemnitz\/#website\",\"url\":\"https:\/\/www.wpd.de\/windpark-kemnitz\/\",\"name\":\"Windpark Kemnitz Repowering\",\"description\":\"Eine weitere wpd.de Websites Website\",\"potentialAction\":[{\"@type\":\"SearchAction\",\"target\":{\"@type\":\"EntryPoint\",\"urlTemplate\":\"https:\/\/www.wpd.de\/windpark-kemnitz\/?s={search_term_string}\"},\"query-input\":{\"@type\":\"PropertyValueSpecification\",\"valueRequired\":true,\"valueName\":\"search_term_string\"}}],\"inLanguage\":\"de\"}]}<\/script>\n<!-- \/ Yoast SEO plugin. -->","yoast_head_json":{"title":"Planungsgrundlagen - Windpark Kemnitz Repowering","description":"Im Windpark Kemnitz werden seit 2001 Windenergieanlagen vom Typ E-66 mit einer Nabenh\u00f6he von 67 m und einer Leistung von 1,8 MW betrieben. Im Jahr 2021\/2022 hat es bereits ein erstes Repowering gegeben, bei dem zwei der 12 Altanlagen zur\u00fcckg","robots":{"index":"index","follow":"follow","max-snippet":"max-snippet:-1","max-image-preview":"max-image-preview:large","max-video-preview":"max-video-preview:-1"},"canonical":"https:\/\/www.wpd.de\/windpark-kemnitz\/planung\/anlagen\/","og_locale":"de_DE","og_type":"article","og_title":"Planungsgrundlagen - Windpark Kemnitz Repowering","og_description":"Im Windpark Kemnitz werden seit 2001 Windenergieanlagen vom Typ E-66 mit einer Nabenh\u00f6he von 67 m und einer Leistung von 1,8 MW betrieben. Im Jahr 2021\/2022 hat es bereits ein erstes Repowering gegeben, bei dem zwei der 12 Altanlagen zur\u00fcckg","og_url":"https:\/\/www.wpd.de\/windpark-kemnitz\/planung\/anlagen\/","og_site_name":"Windpark Kemnitz Repowering","article_modified_time":"2025-07-25T08:44:36+00:00","og_image":[{"width":2560,"height":1370,"url":"https:\/\/www.wpd.de\/windpark-kemnitz\/wp-content\/uploads\/sites\/12\/2025\/06\/DSC_0419-scaled-e1749727683898.jpg","type":"image\/jpeg"}],"twitter_card":"summary_large_image","schema":{"@context":"https:\/\/schema.org","@graph":[{"@type":"WebPage","@id":"https:\/\/www.wpd.de\/windpark-kemnitz\/planung\/anlagen\/","url":"https:\/\/www.wpd.de\/windpark-kemnitz\/planung\/anlagen\/","name":"Planungsgrundlagen - Windpark Kemnitz Repowering","isPartOf":{"@id":"https:\/\/www.wpd.de\/windpark-kemnitz\/#website"},"primaryImageOfPage":{"@id":"https:\/\/www.wpd.de\/windpark-kemnitz\/planung\/anlagen\/#primaryimage"},"image":{"@id":"https:\/\/www.wpd.de\/windpark-kemnitz\/planung\/anlagen\/#primaryimage"},"thumbnailUrl":"https:\/\/www.wpd.de\/windpark-kemnitz\/wp-content\/uploads\/sites\/12\/2025\/06\/DSC_0419-scaled-e1749727683898.jpg","datePublished":"2025-05-21T10:06:19+00:00","dateModified":"2025-07-25T08:44:36+00:00","breadcrumb":{"@id":"https:\/\/www.wpd.de\/windpark-kemnitz\/planung\/anlagen\/#breadcrumb"},"inLanguage":"de","potentialAction":[{"@type":"ReadAction","target":["https:\/\/www.wpd.de\/windpark-kemnitz\/planung\/anlagen\/"]}]},{"@type":"ImageObject","inLanguage":"de","@id":"https:\/\/www.wpd.de\/windpark-kemnitz\/planung\/anlagen\/#primaryimage","url":"https:\/\/www.wpd.de\/windpark-kemnitz\/wp-content\/uploads\/sites\/12\/2025\/06\/DSC_0419-scaled-e1749727683898.jpg","contentUrl":"https:\/\/www.wpd.de\/windpark-kemnitz\/wp-content\/uploads\/sites\/12\/2025\/06\/DSC_0419-scaled-e1749727683898.jpg","width":2560,"height":1370},{"@type":"BreadcrumbList","@id":"https:\/\/www.wpd.de\/windpark-kemnitz\/planung\/anlagen\/#breadcrumb","itemListElement":[{"@type":"ListItem","position":1,"name":"Startseite","item":"https:\/\/www.wpd.de\/windpark-kemnitz\/"},{"@type":"ListItem","position":2,"name":"Planung","item":"https:\/\/www.wpd.de\/windpark-kemnitz\/planung\/"},{"@type":"ListItem","position":3,"name":"Planungsgrundlagen"}]},{"@type":"WebSite","@id":"https:\/\/www.wpd.de\/windpark-kemnitz\/#website","url":"https:\/\/www.wpd.de\/windpark-kemnitz\/","name":"Windpark Kemnitz Repowering","description":"Eine weitere wpd.de Websites Website","potentialAction":[{"@type":"SearchAction","target":{"@type":"EntryPoint","urlTemplate":"https:\/\/www.wpd.de\/windpark-kemnitz\/?s={search_term_string}"},"query-input":{"@type":"PropertyValueSpecification","valueRequired":true,"valueName":"search_term_string"}}],"inLanguage":"de"}]}},"_links":{"self":[{"href":"https:\/\/www.wpd.de\/windpark-kemnitz\/wp-json\/wp\/v2\/pages\/1260","targetHints":{"allow":["GET"]}}],"collection":[{"href":"https:\/\/www.wpd.de\/windpark-kemnitz\/wp-json\/wp\/v2\/pages"}],"about":[{"href":"https:\/\/www.wpd.de\/windpark-kemnitz\/wp-json\/wp\/v2\/types\/page"}],"author":[{"embeddable":true,"href":"https:\/\/www.wpd.de\/windpark-kemnitz\/wp-json\/wp\/v2\/users\/15"}],"replies":[{"embeddable":true,"href":"https:\/\/www.wpd.de\/windpark-kemnitz\/wp-json\/wp\/v2\/comments?post=1260"}],"version-history":[{"count":241,"href":"https:\/\/www.wpd.de\/windpark-kemnitz\/wp-json\/wp\/v2\/pages\/1260\/revisions"}],"predecessor-version":[{"id":4019,"href":"https:\/\/www.wpd.de\/windpark-kemnitz\/wp-json\/wp\/v2\/pages\/1260\/revisions\/4019"}],"up":[{"embeddable":true,"href":"https:\/\/www.wpd.de\/windpark-kemnitz\/wp-json\/wp\/v2\/pages\/470"}],"wp:featuredmedia":[{"embeddable":true,"href":"https:\/\/www.wpd.de\/windpark-kemnitz\/wp-json\/wp\/v2\/media\/2211"}],"wp:attachment":[{"href":"https:\/\/www.wpd.de\/windpark-kemnitz\/wp-json\/wp\/v2\/media?parent=1260"}],"curies":[{"name":"wp","href":"https:\/\/api.w.org\/{rel}","templated":true}]}}

a:1:{i:0;s:0:&#8220;&#8220;;} a:2:{i:0;s:4:&#8220;3829&#8243;;i:1;s:4:&#8220;3835&#8243;;}    Planungsgrundlagen Im Windpark Kemnitz werden seit 2001 Windenergieanlagen vom Typ E-66 mit einer Nabenhöhe von 67 m und einer Leistung von 1,8 MW betrieben. Im Jahr 2021/2022 hat es bereits ein erstes Repowering gegeben, bei dem zwei der 12 Altanlagen zurückgebaut und durch eine neue Anlage ersetzt wurden.

Bei dem aktuell geplanten Repowering sollen die übrigen zehn Altanlagen zurückgebaut und durch bis zu neun neue Anlagen ersetzt werden.

Planungsgrundlagen für das Repowering sind
<ul>
 	<li>zum einen der Regionalplanentwurf der Planungsgemeinschaft Prignitz-Oberhavel von Dezember 2024, in dem das <strong>Windvorranggebiet 15: Beveringen – Kemnitz – Sarnow</strong> enthalten ist und</li>
 	<li>zum anderen der Sachliche Teil-Flächennutzungsplan „Windenergienutzung“ der Stadt Pritzwalk, in dem die <strong>Konzentrationszone D „Beveringen – Buchholz – Kemnitz“</strong> enthalten ist.</li>
</ul>
Sobald der Regionalplan Rechtskraft erlangt hat, ist der Flächennutzungsplan der Stadt an die übergeordneten Ziele der Raumordnung anzupassen (sogenanntes Anpassungsgebot gemäß §1 Absatz 4 BauGB). Die Stadt muss also spätestens bei Rechtskraft des Regionalplans ihren FNP entsprechend des Windvorranggebietes im Regionalplan überarbeiten und darf dann keine Höhenbegrenzung mehr enthalten.  weiss  3831  a:3:{i:0;s:11:&#8220;text-normal&#8220;;i:1;s:11:&#8220;text-normal&#8220;;i:2;s:11:&#8220;text-normal&#8220;;}    kein_schmuck 0  Link zum Auszug aus dem Flächennutzungsplan 0  zweidritteltext 0 rechts      3837 Link zum Auszug aus dem Regionalplanentwurf 2024  0   zweidritteltext 0 rechts kein_schmuck weiss 1    Der sachliche Teilflächennutzungsplan Windenergie der Stadt Pritzwalk von 2013 sieht für den Ortsteil Kemnitz die Konzentrationszone D vor, die in die zwei Sondergebiete SO WK 1 und SO WK 2 aufgeteilt ist. Für das Sondergebiet WK 1 gibt es eine Höhenbeschränkung für WEA von 100 m (Bezeichnung im FNP: &#8222;Sondergebiet Zweckbestimmung Konzentrationszone Windenergienutzung zulässig WEA &lt; 100 m&quot;). Für das Sondergebiet WK 2 besteht keine Höhenbeschränkung für WEA. 

Die Grenze des Windvorranggebietes aus dem Regionalplan überlagert sich mit dem SO WK 1, sodass sich die neu geplanten WEA innerhalb des Windvorranggebietes und innerhalb des Sondergebietes mit Höhenbeschränkung befinden.

  3585 Zum Vergrößern des Lageplanes klicken 3585  woelbung_nach_oben dunkelblau 0 0  zweidritteltext 0 rechts

<!-- This site is optimized with the Yoast SEO plugin v25.4 - https://yoast.com/wordpress/plugins/seo/ -->
<title>Planungsgrundlagen - Windpark Kemnitz Repowering</title>
<meta name="description" content="Im Windpark Kemnitz werden seit 2001 Windenergieanlagen vom Typ E-66 mit einer Nabenhöhe von 67 m und einer Leistung von 1,8 MW betrieben. Im Jahr 2021/2022 hat es bereits ein erstes Repowering gegeben, bei dem zwei der 12 Altanlagen zurückg" />
<meta name="robots" content="index, follow, max-snippet:-1, max-image-preview:large, max-video-preview:-1" />
<link rel="canonical" href="https://www.wpd.de/windpark-kemnitz/planung/anlagen/" />
<meta property="og:locale" content="de_DE" />
<meta property="og:type" content="article" />
<meta property="og:title" content="Planungsgrundlagen - Windpark Kemnitz Repowering" />
<meta property="og:description" content="Im Windpark Kemnitz werden seit 2001 Windenergieanlagen vom Typ E-66 mit einer Nabenhöhe von 67 m und einer Leistung von 1,8 MW betrieben. Im Jahr 2021/2022 hat es bereits ein erstes Repowering gegeben, bei dem zwei der 12 Altanlagen zurückg" />
<meta property="og:url" content="https://www.wpd.de/windpark-kemnitz/planung/anlagen/" />
<meta property="og:site_name" content="Windpark Kemnitz Repowering" />
<meta property="article:modified_time" content="2025-07-25T08:44:36+00:00" />
<meta property="og:image" content="https://www.wpd.de/windpark-kemnitz/wp-content/uploads/sites/12/2025/06/DSC_0419-scaled-e1749727683898.jpg" />
	<meta property="og:image:width" content="2560" />
	<meta property="og:image:height" content="1370" />
	<meta property="og:image:type" content="image/jpeg" />
<meta name="twitter:card" content="summary_large_image" />
<script type="application/ld+json" class="yoast-schema-graph">{"@context":"https://schema.org","@graph":[{"@type":"WebPage","@id":"https://www.wpd.de/windpark-kemnitz/planung/anlagen/","url":"https://www.wpd.de/windpark-kemnitz/planung/anlagen/","name":"Planungsgrundlagen - Windpark Kemnitz Repowering","isPartOf":{"@id":"https://www.wpd.de/windpark-kemnitz/#website"},"primaryImageOfPage":{"@id":"https://www.wpd.de/windpark-kemnitz/planung/anlagen/#primaryimage"},"image":{"@id":"https://www.wpd.de/windpark-kemnitz/planung/anlagen/#primaryimage"},"thumbnailUrl":"https://www.wpd.de/windpark-kemnitz/wp-content/uploads/sites/12/2025/06/DSC_0419-scaled-e1749727683898.jpg","datePublished":"2025-05-21T10:06:19+00:00","dateModified":"2025-07-25T08:44:36+00:00","breadcrumb":{"@id":"https://www.wpd.de/windpark-kemnitz/planung/anlagen/#breadcrumb"},"inLanguage":"de","potentialAction":[{"@type":"ReadAction","target":["https://www.wpd.de/windpark-kemnitz/planung/anlagen/"]}]},{"@type":"ImageObject","inLanguage":"de","@id":"https://www.wpd.de/windpark-kemnitz/planung/anlagen/#primaryimage","url":"https://www.wpd.de/windpark-kemnitz/wp-content/uploads/sites/12/2025/06/DSC_0419-scaled-e1749727683898.jpg","contentUrl":"https://www.wpd.de/windpark-kemnitz/wp-content/uploads/sites/12/2025/06/DSC_0419-scaled-e1749727683898.jpg","width":2560,"height":1370},{"@type":"BreadcrumbList","@id":"https://www.wpd.de/windpark-kemnitz/planung/anlagen/#breadcrumb","itemListElement":[{"@type":"ListItem","position":1,"name":"Startseite","item":"https://www.wpd.de/windpark-kemnitz/"},{"@type":"ListItem","position":2,"name":"Planung","item":"https://www.wpd.de/windpark-kemnitz/planung/"},{"@type":"ListItem","position":3,"name":"Planungsgrundlagen"}]},{"@type":"WebSite","@id":"https://www.wpd.de/windpark-kemnitz/#website","url":"https://www.wpd.de/windpark-kemnitz/","name":"Windpark Kemnitz Repowering","description":"Eine weitere wpd.de Websites Website","potentialAction":[{"@type":"SearchAction","target":{"@type":"EntryPoint","urlTemplate":"https://www.wpd.de/windpark-kemnitz/?s={search_term_string}"},"query-input":{"@type":"PropertyValueSpecification","valueRequired":true,"valueName":"search_term_string"}}],"inLanguage":"de"}]}</script>
<!-- / Yoast SEO plugin. -->

Im Windpark Kemnitz werden seit 2001 Windenergieanlagen vom Typ E-66 mit einer Nabenhöhe von 67 m und einer Leistung von 1,8 MW betrieben. Im Jahr 2021/2022 hat es bereits ein erstes Repowering gegeben, bei dem zwei der 12 Altanlagen zurückg
