{"id":1025,"date":"2025-05-21T12:06:19","date_gmt":"2025-05-21T10:06:19","guid":{"rendered":"https:\/\/www.wpd.de\/windpark-saulheim-partenheim\/?page_id=1025"},"modified":"2025-06-18T11:57:56","modified_gmt":"2025-06-18T09:57:56","slug":"artenschutz","status":"publish","type":"page","link":"https:\/\/www.wpd.de\/windpark-kemnitz\/wissenswertes\/mensch-und-gesundheit\/artenschutz\/","title":{"rendered":"Natur- &amp; Artenschutz"},"content":{"rendered":"","protected":false},"excerpt":{"rendered":"a:1:{i:0;s:0:&#8220;&#8220;;} a:3:{i:0;s:11:&#8220;text-normal&#8220;;i:1;s:11:&#8220;text-normal&#8220;;i:2;s:11:&#8220;text-normal&#8220;;}     Naturschutzfachliche und artenschutzrechtliche Ber\u00fccksichtigung der Biodiversit\u00e4t im Allgemeinen &nbsp;\r\n\r\n<strong>Planung und Abstimmung<\/strong>\r\n\r\nJeder Planung geht ein <strong>Abstimmungstermin (Scoping)<\/strong> mit allen <strong>Tr\u00e4gern \u00f6ffentlicher Belange (T\u00f6B)<\/strong> voraus. Dabei wird der <strong>Untersuchungsumfang festgelegt<\/strong>, insbesondere hinsichtlich der Frage, <strong>welche Arten<\/strong> ber\u00fccksichtigt und <strong>welche Gutachten<\/strong> erstellt werden m\u00fcssen. Grundlage sind meist landesspezifische Regelwerke, z.\u202fB. der Leitfaden Naturschutzfachlicher Rahmen Rheinland-Pfalz (2012) f\u00fcr Artenschutz und NATURA 2000-Gebiete. Die oberen und unteren Naturschutzbeh\u00f6rden sind stets in Planung und Genehmigung eingebunden, um eine <strong>ad\u00e4quate Behandlung naturschutzfachlicher Belange<\/strong> sicherzustellen. weiss    1    kein_schmuck 0    <strong>Standortauswahl<\/strong>\r\n\r\nIm Vorfeld wurden auf Regionalplanungsebene <strong>Windvorranggebiete<\/strong> ausgewiesen, wo geringe Artenschutzkonflikte erwartet werden. Innerhalb dieser Gebiete w\u00e4hlt der Vorhabentr\u00e4ger die Standorte der WEA nach dem Grundsatz der <strong>Konfliktvermeidung und -minimierung<\/strong> aus, z. B. auf <strong>gesch\u00e4digten Waldfl\u00e4chen (Windwurf, Borkenk\u00e4fer)<\/strong> oder intensiv landwirtschaftlich genutzten Offenlandfl\u00e4chen. Dies ist der erste wichtige Schritt f\u00fcr <strong>Artenschutz und Biotopschutz<\/strong>.   2551 0   zweidritteltext 1 rechts kein_schmuck weiss 1    <strong>Untersuchungsrahmen<\/strong>\r\n\r\nDer vorgegebene Rahmen schreibt die Erfassung relevanter <strong>Brutvogelarten<\/strong> und weiterer Arten vor. Dabei werden zwei Bereiche unterschieden: der <strong>Mindestabstand<\/strong> (Radius um Windpark und Nistpl\u00e4tze) und der gr\u00f6\u00dfere <strong>Pr\u00fcfbereich<\/strong>, in dem untersucht wird, ob <strong>Schutzma\u00dfnahmen im Betrieb<\/strong> n\u00f6tig sind. Der Pr\u00fcfbereich erfordert umfangreiche Kartierungen und Verhaltensbeobachtungen (z. B. Flugbewegungen).   2479 0   zweidritteltext 1 links kein_schmuck weiss 1 ","protected":false},"author":16,"featured_media":2225,"parent":1197,"menu_order":14,"comment_status":"closed","ping_status":"closed","template":"template-flexible-contents.php","meta":{"_acf_changed":false,"footnotes":""},"class_list":["post-1025","page","type-page","status-publish","has-post-thumbnail","hentry"],"acf":[],"yoast_head":"<!-- This site is optimized with the Yoast SEO plugin v25.4 - https:\/\/yoast.com\/wordpress\/plugins\/seo\/ -->\n<title>Natur- &amp; Artenschutz - Windpark Kemnitz Repowering<\/title>\n<meta name=\"description\" content=\"&nbsp; Planung und Abstimmung Jeder Planung geht ein Abstimmungstermin (Scoping) mit allen Tr\u00e4gern \u00f6ffentlicher Belange (T\u00f6B) voraus. Dabei wird der Untersuchungsumfang\" \/>\n<meta name=\"robots\" content=\"index, follow, max-snippet:-1, max-image-preview:large, max-video-preview:-1\" \/>\n<link rel=\"canonical\" href=\"https:\/\/www.wpd.de\/windpark-kemnitz\/wissenswertes\/mensch-und-gesundheit\/artenschutz\/\" \/>\n<meta property=\"og:locale\" content=\"de_DE\" \/>\n<meta property=\"og:type\" content=\"article\" \/>\n<meta property=\"og:title\" content=\"Natur- &amp; Artenschutz - Windpark Kemnitz Repowering\" \/>\n<meta property=\"og:description\" content=\"&nbsp; Planung und Abstimmung Jeder Planung geht ein Abstimmungstermin (Scoping) mit allen Tr\u00e4gern \u00f6ffentlicher Belange (T\u00f6B) voraus. Dabei wird der Untersuchungsumfang\" \/>\n<meta property=\"og:url\" content=\"https:\/\/www.wpd.de\/windpark-kemnitz\/wissenswertes\/mensch-und-gesundheit\/artenschutz\/\" \/>\n<meta property=\"og:site_name\" content=\"Windpark Kemnitz Repowering\" \/>\n<meta property=\"article:modified_time\" content=\"2025-06-18T09:57:56+00:00\" \/>\n<meta property=\"og:image\" content=\"https:\/\/www.wpd.de\/windpark-kemnitz\/wp-content\/uploads\/sites\/12\/2025\/06\/Kleinbrembach-03_zug-scaled.jpg\" \/>\n\t<meta property=\"og:image:width\" content=\"2560\" \/>\n\t<meta property=\"og:image:height\" content=\"1080\" \/>\n\t<meta property=\"og:image:type\" content=\"image\/jpeg\" \/>\n<meta name=\"twitter:card\" content=\"summary_large_image\" \/>\n<script type=\"application\/ld+json\" class=\"yoast-schema-graph\">{\"@context\":\"https:\/\/schema.org\",\"@graph\":[{\"@type\":\"WebPage\",\"@id\":\"https:\/\/www.wpd.de\/windpark-kemnitz\/wissenswertes\/mensch-und-gesundheit\/artenschutz\/\",\"url\":\"https:\/\/www.wpd.de\/windpark-kemnitz\/wissenswertes\/mensch-und-gesundheit\/artenschutz\/\",\"name\":\"Natur- &amp; Artenschutz - Windpark Kemnitz Repowering\",\"isPartOf\":{\"@id\":\"https:\/\/www.wpd.de\/windpark-kemnitz\/#website\"},\"primaryImageOfPage\":{\"@id\":\"https:\/\/www.wpd.de\/windpark-kemnitz\/wissenswertes\/mensch-und-gesundheit\/artenschutz\/#primaryimage\"},\"image\":{\"@id\":\"https:\/\/www.wpd.de\/windpark-kemnitz\/wissenswertes\/mensch-und-gesundheit\/artenschutz\/#primaryimage\"},\"thumbnailUrl\":\"https:\/\/www.wpd.de\/windpark-kemnitz\/wp-content\/uploads\/sites\/12\/2025\/06\/Kleinbrembach-03_zug-scaled.jpg\",\"datePublished\":\"2025-05-21T10:06:19+00:00\",\"dateModified\":\"2025-06-18T09:57:56+00:00\",\"breadcrumb\":{\"@id\":\"https:\/\/www.wpd.de\/windpark-kemnitz\/wissenswertes\/mensch-und-gesundheit\/artenschutz\/#breadcrumb\"},\"inLanguage\":\"de\",\"potentialAction\":[{\"@type\":\"ReadAction\",\"target\":[\"https:\/\/www.wpd.de\/windpark-kemnitz\/wissenswertes\/mensch-und-gesundheit\/artenschutz\/\"]}]},{\"@type\":\"ImageObject\",\"inLanguage\":\"de\",\"@id\":\"https:\/\/www.wpd.de\/windpark-kemnitz\/wissenswertes\/mensch-und-gesundheit\/artenschutz\/#primaryimage\",\"url\":\"https:\/\/www.wpd.de\/windpark-kemnitz\/wp-content\/uploads\/sites\/12\/2025\/06\/Kleinbrembach-03_zug-scaled.jpg\",\"contentUrl\":\"https:\/\/www.wpd.de\/windpark-kemnitz\/wp-content\/uploads\/sites\/12\/2025\/06\/Kleinbrembach-03_zug-scaled.jpg\",\"width\":2560,\"height\":1080},{\"@type\":\"BreadcrumbList\",\"@id\":\"https:\/\/www.wpd.de\/windpark-kemnitz\/wissenswertes\/mensch-und-gesundheit\/artenschutz\/#breadcrumb\",\"itemListElement\":[{\"@type\":\"ListItem\",\"position\":1,\"name\":\"Startseite\",\"item\":\"https:\/\/www.wpd.de\/windpark-kemnitz\/\"},{\"@type\":\"ListItem\",\"position\":2,\"name\":\"Wissenswertes\",\"item\":\"https:\/\/www.wpd.de\/windpark-kemnitz\/wissenswertes\/\"},{\"@type\":\"ListItem\",\"position\":3,\"name\":\"Mensch und Gesundheit\",\"item\":\"https:\/\/www.wpd.de\/windpark-kemnitz\/wissenswertes\/mensch-und-gesundheit\/\"},{\"@type\":\"ListItem\",\"position\":4,\"name\":\"Natur- &amp; Artenschutz\"}]},{\"@type\":\"WebSite\",\"@id\":\"https:\/\/www.wpd.de\/windpark-kemnitz\/#website\",\"url\":\"https:\/\/www.wpd.de\/windpark-kemnitz\/\",\"name\":\"Windpark Kemnitz Repowering\",\"description\":\"Eine weitere wpd.de Websites Website\",\"potentialAction\":[{\"@type\":\"SearchAction\",\"target\":{\"@type\":\"EntryPoint\",\"urlTemplate\":\"https:\/\/www.wpd.de\/windpark-kemnitz\/?s={search_term_string}\"},\"query-input\":{\"@type\":\"PropertyValueSpecification\",\"valueRequired\":true,\"valueName\":\"search_term_string\"}}],\"inLanguage\":\"de\"}]}<\/script>\n<!-- \/ Yoast SEO plugin. -->","yoast_head_json":{"title":"Natur- &amp; Artenschutz - Windpark Kemnitz Repowering","description":"&nbsp; Planung und Abstimmung Jeder Planung geht ein Abstimmungstermin (Scoping) mit allen Tr\u00e4gern \u00f6ffentlicher Belange (T\u00f6B) voraus. Dabei wird der Untersuchungsumfang","robots":{"index":"index","follow":"follow","max-snippet":"max-snippet:-1","max-image-preview":"max-image-preview:large","max-video-preview":"max-video-preview:-1"},"canonical":"https:\/\/www.wpd.de\/windpark-kemnitz\/wissenswertes\/mensch-und-gesundheit\/artenschutz\/","og_locale":"de_DE","og_type":"article","og_title":"Natur- &amp; Artenschutz - Windpark Kemnitz Repowering","og_description":"&nbsp; Planung und Abstimmung Jeder Planung geht ein Abstimmungstermin (Scoping) mit allen Tr\u00e4gern \u00f6ffentlicher Belange (T\u00f6B) voraus. Dabei wird der Untersuchungsumfang","og_url":"https:\/\/www.wpd.de\/windpark-kemnitz\/wissenswertes\/mensch-und-gesundheit\/artenschutz\/","og_site_name":"Windpark Kemnitz Repowering","article_modified_time":"2025-06-18T09:57:56+00:00","og_image":[{"width":2560,"height":1080,"url":"https:\/\/www.wpd.de\/windpark-kemnitz\/wp-content\/uploads\/sites\/12\/2025\/06\/Kleinbrembach-03_zug-scaled.jpg","type":"image\/jpeg"}],"twitter_card":"summary_large_image","schema":{"@context":"https:\/\/schema.org","@graph":[{"@type":"WebPage","@id":"https:\/\/www.wpd.de\/windpark-kemnitz\/wissenswertes\/mensch-und-gesundheit\/artenschutz\/","url":"https:\/\/www.wpd.de\/windpark-kemnitz\/wissenswertes\/mensch-und-gesundheit\/artenschutz\/","name":"Natur- &amp; Artenschutz - Windpark Kemnitz Repowering","isPartOf":{"@id":"https:\/\/www.wpd.de\/windpark-kemnitz\/#website"},"primaryImageOfPage":{"@id":"https:\/\/www.wpd.de\/windpark-kemnitz\/wissenswertes\/mensch-und-gesundheit\/artenschutz\/#primaryimage"},"image":{"@id":"https:\/\/www.wpd.de\/windpark-kemnitz\/wissenswertes\/mensch-und-gesundheit\/artenschutz\/#primaryimage"},"thumbnailUrl":"https:\/\/www.wpd.de\/windpark-kemnitz\/wp-content\/uploads\/sites\/12\/2025\/06\/Kleinbrembach-03_zug-scaled.jpg","datePublished":"2025-05-21T10:06:19+00:00","dateModified":"2025-06-18T09:57:56+00:00","breadcrumb":{"@id":"https:\/\/www.wpd.de\/windpark-kemnitz\/wissenswertes\/mensch-und-gesundheit\/artenschutz\/#breadcrumb"},"inLanguage":"de","potentialAction":[{"@type":"ReadAction","target":["https:\/\/www.wpd.de\/windpark-kemnitz\/wissenswertes\/mensch-und-gesundheit\/artenschutz\/"]}]},{"@type":"ImageObject","inLanguage":"de","@id":"https:\/\/www.wpd.de\/windpark-kemnitz\/wissenswertes\/mensch-und-gesundheit\/artenschutz\/#primaryimage","url":"https:\/\/www.wpd.de\/windpark-kemnitz\/wp-content\/uploads\/sites\/12\/2025\/06\/Kleinbrembach-03_zug-scaled.jpg","contentUrl":"https:\/\/www.wpd.de\/windpark-kemnitz\/wp-content\/uploads\/sites\/12\/2025\/06\/Kleinbrembach-03_zug-scaled.jpg","width":2560,"height":1080},{"@type":"BreadcrumbList","@id":"https:\/\/www.wpd.de\/windpark-kemnitz\/wissenswertes\/mensch-und-gesundheit\/artenschutz\/#breadcrumb","itemListElement":[{"@type":"ListItem","position":1,"name":"Startseite","item":"https:\/\/www.wpd.de\/windpark-kemnitz\/"},{"@type":"ListItem","position":2,"name":"Wissenswertes","item":"https:\/\/www.wpd.de\/windpark-kemnitz\/wissenswertes\/"},{"@type":"ListItem","position":3,"name":"Mensch und Gesundheit","item":"https:\/\/www.wpd.de\/windpark-kemnitz\/wissenswertes\/mensch-und-gesundheit\/"},{"@type":"ListItem","position":4,"name":"Natur- &amp; Artenschutz"}]},{"@type":"WebSite","@id":"https:\/\/www.wpd.de\/windpark-kemnitz\/#website","url":"https:\/\/www.wpd.de\/windpark-kemnitz\/","name":"Windpark Kemnitz Repowering","description":"Eine weitere wpd.de Websites Website","potentialAction":[{"@type":"SearchAction","target":{"@type":"EntryPoint","urlTemplate":"https:\/\/www.wpd.de\/windpark-kemnitz\/?s={search_term_string}"},"query-input":{"@type":"PropertyValueSpecification","valueRequired":true,"valueName":"search_term_string"}}],"inLanguage":"de"}]}},"_links":{"self":[{"href":"https:\/\/www.wpd.de\/windpark-kemnitz\/wp-json\/wp\/v2\/pages\/1025","targetHints":{"allow":["GET"]}}],"collection":[{"href":"https:\/\/www.wpd.de\/windpark-kemnitz\/wp-json\/wp\/v2\/pages"}],"about":[{"href":"https:\/\/www.wpd.de\/windpark-kemnitz\/wp-json\/wp\/v2\/types\/page"}],"author":[{"embeddable":true,"href":"https:\/\/www.wpd.de\/windpark-kemnitz\/wp-json\/wp\/v2\/users\/16"}],"replies":[{"embeddable":true,"href":"https:\/\/www.wpd.de\/windpark-kemnitz\/wp-json\/wp\/v2\/comments?post=1025"}],"version-history":[{"count":94,"href":"https:\/\/www.wpd.de\/windpark-kemnitz\/wp-json\/wp\/v2\/pages\/1025\/revisions"}],"predecessor-version":[{"id":3408,"href":"https:\/\/www.wpd.de\/windpark-kemnitz\/wp-json\/wp\/v2\/pages\/1025\/revisions\/3408"}],"up":[{"embeddable":true,"href":"https:\/\/www.wpd.de\/windpark-kemnitz\/wp-json\/wp\/v2\/pages\/1197"}],"wp:featuredmedia":[{"embeddable":true,"href":"https:\/\/www.wpd.de\/windpark-kemnitz\/wp-json\/wp\/v2\/media\/2225"}],"wp:attachment":[{"href":"https:\/\/www.wpd.de\/windpark-kemnitz\/wp-json\/wp\/v2\/media?parent=1025"}],"curies":[{"name":"wp","href":"https:\/\/api.w.org\/{rel}","templated":true}]}}

a:1:{i:0;s:0:&#8220;&#8220;;} a:3:{i:0;s:11:&#8220;text-normal&#8220;;i:1;s:11:&#8220;text-normal&#8220;;i:2;s:11:&#8220;text-normal&#8220;;}     Naturschutzfachliche und artenschutzrechtliche Berücksichtigung der Biodiversität im Allgemeinen &nbsp;

<strong>Planung und Abstimmung</strong>

Jeder Planung geht ein <strong>Abstimmungstermin (Scoping)</strong> mit allen <strong>Trägern öffentlicher Belange (TöB)</strong> voraus. Dabei wird der <strong>Untersuchungsumfang festgelegt</strong>, insbesondere hinsichtlich der Frage, <strong>welche Arten</strong> berücksichtigt und <strong>welche Gutachten</strong> erstellt werden müssen. Grundlage sind meist landesspezifische Regelwerke, z. B. der Leitfaden Naturschutzfachlicher Rahmen Rheinland-Pfalz (2012) für Artenschutz und NATURA 2000-Gebiete. Die oberen und unteren Naturschutzbehörden sind stets in Planung und Genehmigung eingebunden, um eine <strong>adäquate Behandlung naturschutzfachlicher Belange</strong> sicherzustellen. weiss    1    kein_schmuck 0    <strong>Standortauswahl</strong>

Im Vorfeld wurden auf Regionalplanungsebene <strong>Windvorranggebiete</strong> ausgewiesen, wo geringe Artenschutzkonflikte erwartet werden. Innerhalb dieser Gebiete wählt der Vorhabenträger die Standorte der WEA nach dem Grundsatz der <strong>Konfliktvermeidung und -minimierung</strong> aus, z. B. auf <strong>geschädigten Waldflächen (Windwurf, Borkenkäfer)</strong> oder intensiv landwirtschaftlich genutzten Offenlandflächen. Dies ist der erste wichtige Schritt für <strong>Artenschutz und Biotopschutz</strong>.   2551 0   zweidritteltext 1 rechts kein_schmuck weiss 1    <strong>Untersuchungsrahmen</strong>

Der vorgegebene Rahmen schreibt die Erfassung relevanter <strong>Brutvogelarten</strong> und weiterer Arten vor. Dabei werden zwei Bereiche unterschieden: der <strong>Mindestabstand</strong> (Radius um Windpark und Nistplätze) und der größere <strong>Prüfbereich</strong>, in dem untersucht wird, ob <strong>Schutzmaßnahmen im Betrieb</strong> nötig sind. Der Prüfbereich erfordert umfangreiche Kartierungen und Verhaltensbeobachtungen (z. B. Flugbewegungen).   2479 0   zweidritteltext 1 links kein_schmuck weiss 1

<!-- This site is optimized with the Yoast SEO plugin v25.4 - https://yoast.com/wordpress/plugins/seo/ -->
<title>Natur- &amp; Artenschutz - Windpark Kemnitz Repowering</title>
<meta name="description" content="&nbsp; Planung und Abstimmung Jeder Planung geht ein Abstimmungstermin (Scoping) mit allen Trägern öffentlicher Belange (TöB) voraus. Dabei wird der Untersuchungsumfang" />
<meta name="robots" content="index, follow, max-snippet:-1, max-image-preview:large, max-video-preview:-1" />
<link rel="canonical" href="https://www.wpd.de/windpark-kemnitz/wissenswertes/mensch-und-gesundheit/artenschutz/" />
<meta property="og:locale" content="de_DE" />
<meta property="og:type" content="article" />
<meta property="og:title" content="Natur- &amp; Artenschutz - Windpark Kemnitz Repowering" />
<meta property="og:description" content="&nbsp; Planung und Abstimmung Jeder Planung geht ein Abstimmungstermin (Scoping) mit allen Trägern öffentlicher Belange (TöB) voraus. Dabei wird der Untersuchungsumfang" />
<meta property="og:url" content="https://www.wpd.de/windpark-kemnitz/wissenswertes/mensch-und-gesundheit/artenschutz/" />
<meta property="og:site_name" content="Windpark Kemnitz Repowering" />
<meta property="article:modified_time" content="2025-06-18T09:57:56+00:00" />
<meta property="og:image" content="https://www.wpd.de/windpark-kemnitz/wp-content/uploads/sites/12/2025/06/Kleinbrembach-03_zug-scaled.jpg" />
	<meta property="og:image:width" content="2560" />
	<meta property="og:image:height" content="1080" />
	<meta property="og:image:type" content="image/jpeg" />
<meta name="twitter:card" content="summary_large_image" />
<script type="application/ld+json" class="yoast-schema-graph">{"@context":"https://schema.org","@graph":[{"@type":"WebPage","@id":"https://www.wpd.de/windpark-kemnitz/wissenswertes/mensch-und-gesundheit/artenschutz/","url":"https://www.wpd.de/windpark-kemnitz/wissenswertes/mensch-und-gesundheit/artenschutz/","name":"Natur- &amp; Artenschutz - Windpark Kemnitz Repowering","isPartOf":{"@id":"https://www.wpd.de/windpark-kemnitz/#website"},"primaryImageOfPage":{"@id":"https://www.wpd.de/windpark-kemnitz/wissenswertes/mensch-und-gesundheit/artenschutz/#primaryimage"},"image":{"@id":"https://www.wpd.de/windpark-kemnitz/wissenswertes/mensch-und-gesundheit/artenschutz/#primaryimage"},"thumbnailUrl":"https://www.wpd.de/windpark-kemnitz/wp-content/uploads/sites/12/2025/06/Kleinbrembach-03_zug-scaled.jpg","datePublished":"2025-05-21T10:06:19+00:00","dateModified":"2025-06-18T09:57:56+00:00","breadcrumb":{"@id":"https://www.wpd.de/windpark-kemnitz/wissenswertes/mensch-und-gesundheit/artenschutz/#breadcrumb"},"inLanguage":"de","potentialAction":[{"@type":"ReadAction","target":["https://www.wpd.de/windpark-kemnitz/wissenswertes/mensch-und-gesundheit/artenschutz/"]}]},{"@type":"ImageObject","inLanguage":"de","@id":"https://www.wpd.de/windpark-kemnitz/wissenswertes/mensch-und-gesundheit/artenschutz/#primaryimage","url":"https://www.wpd.de/windpark-kemnitz/wp-content/uploads/sites/12/2025/06/Kleinbrembach-03_zug-scaled.jpg","contentUrl":"https://www.wpd.de/windpark-kemnitz/wp-content/uploads/sites/12/2025/06/Kleinbrembach-03_zug-scaled.jpg","width":2560,"height":1080},{"@type":"BreadcrumbList","@id":"https://www.wpd.de/windpark-kemnitz/wissenswertes/mensch-und-gesundheit/artenschutz/#breadcrumb","itemListElement":[{"@type":"ListItem","position":1,"name":"Startseite","item":"https://www.wpd.de/windpark-kemnitz/"},{"@type":"ListItem","position":2,"name":"Wissenswertes","item":"https://www.wpd.de/windpark-kemnitz/wissenswertes/"},{"@type":"ListItem","position":3,"name":"Mensch und Gesundheit","item":"https://www.wpd.de/windpark-kemnitz/wissenswertes/mensch-und-gesundheit/"},{"@type":"ListItem","position":4,"name":"Natur- &amp; Artenschutz"}]},{"@type":"WebSite","@id":"https://www.wpd.de/windpark-kemnitz/#website","url":"https://www.wpd.de/windpark-kemnitz/","name":"Windpark Kemnitz Repowering","description":"Eine weitere wpd.de Websites Website","potentialAction":[{"@type":"SearchAction","target":{"@type":"EntryPoint","urlTemplate":"https://www.wpd.de/windpark-kemnitz/?s={search_term_string}"},"query-input":{"@type":"PropertyValueSpecification","valueRequired":true,"valueName":"search_term_string"}}],"inLanguage":"de"}]}</script>
<!-- / Yoast SEO plugin. -->

&nbsp; Planung und Abstimmung Jeder Planung geht ein Abstimmungstermin (Scoping) mit allen Trägern öffentlicher Belange (TöB) voraus. Dabei wird der Untersuchungsumfang
