{"id":6,"date":"2020-03-17T15:52:35","date_gmt":"2020-03-17T14:52:35","guid":{"rendered":"https:\/\/www.wpd.de\/jeetze-ii\/?page_id=6"},"modified":"2022-07-01T15:52:02","modified_gmt":"2022-07-01T13:52:02","slug":"dkb-buergersparen","status":"publish","type":"page","link":"https:\/\/www.wpd.de\/windpark-jeetze2\/dkb-buergersparen\/","title":{"rendered":"DKB-B\u00fcrgersparen"},"content":{"rendered":"","protected":false},"excerpt":{"rendered":"a:1:{i:0;s:0:&#8220;&#8220;;}  a:1:{i:0;s:3:&#8220;110&#8243;;} a:2:{i:0;s:3:&#8220;254&#8243;;i:1;s:3:&#8220;452&#8243;;} Profitieren auch Sie vom Windpark Jeetze II <h2>a. Mit unserem Windsparbrief<\/h2>\r\n<p style=\"background: white;\"><span style=\"font-size: 13.5pt; color: #333333;\">Mit dem im Windpark produzierten Windstrom leistet Jeetze II einen wichtigen Beitrag zur Energiewende. Hiervon sollten auch die Anwohner*innen des Windparks profitieren! In Kooperation mit der DKB \u2013 der Deutschen Kreditbank AG \u2013 haben wir den Anwohnern und Anwohnerinnen im Jahre 2020 die M\u00f6glichkeit zur Teilnahme am DKB-B\u00fcrgersparen, einem festverzinslichen Sparbrief, angeboten. Diese M\u00f6glichkeit bestand exklusiv f\u00fcr Einwohner*innen in direkter Umgebung des Windparks Jeetze II.<\/span><\/p> weiss    a:8:{i:0;s:11:&#8220;text-normal&#8220;;i:1;s:11:&#8220;text-normal&#8220;;i:2;s:11:&#8220;text-normal&#8220;;i:3;s:11:&#8220;text-normal&#8220;;i:4;s:14:&#8220;flex-accordion&#8220;;i:5;s:14:&#8220;flex-accordion&#8220;;i:6;s:14:&#8220;flex-accordion&#8220;;i:7;s:11:&#8220;text-normal&#8220;;}  <h2>Die Konditionen<\/h2>\r\n<ul class=\"feature\">\r\n \t<li><strong>Volumen des DKB-B\u00fcrgersparen:<\/strong> 700.000 \u20ac<\/li>\r\n \t<li><strong>Wer darf sich beteiligen:<\/strong> Alle Einwohner und Einwohnerinnen mit Hauptwohnsitz in den Ortsteilen Jeetze, Siepe, Kahrstedt, Vietzen und Dolchau der Stadt Kalbe\/Milde. Da f\u00fcr jeden Einwohner\/jede Einwohnerin ein Reservierungsantrag abgegeben werden darf, k\u00f6nnen auch mehrere Reservierungsantr\u00e4ge pro Haushalt eingereicht werden.<\/li>\r\n \t<li><strong>Laufzeit:<\/strong> 5 Jahre<\/li>\r\n \t<li><strong>Verzinsung:<\/strong> 3,6% p.a. Der Zinsbetrag wird j\u00e4hrlich ausgesch\u00fcttet.<\/li>\r\n \t<li><strong>Mindestanlagebetrag:<\/strong> 500 \u20ac je Kontovertrag<\/li>\r\n \t<li><strong>Maximalanlagebetrag:<\/strong> 15.000 \u20ac je Kontovertrag<\/li>\r\n \t<li><strong>Unsere Partnerbank:<\/strong> Deutsche Kreditbank AG<\/li>\r\n<\/ul> hellblau   325  <h2>b. Mit unserem \u00d6kostromtarif<\/h2>\r\n\u00dcber unseren Kooperationspartner enercity haben Sie die M\u00f6glichkeit, einen exklusiven \u00d6kostromtarif mit einem j\u00e4hrlichen Bonus von 130 Euro \u00fcber 5 Jahre abzuschlie\u00dfen. Alle Informationen hierzu wurden den teilnahmeberechtigten Anwohnern und Anwohnerinnen von enercity zugestellt. dunkelblau   www.enercity-Beispiellink.de  W\u00e4hrend der Zeichnung Wie kann ich das DKB-B\u00fcrgersparen abschlie\u00dfen? Nachdem Sie den Ihnen automatisch postalisch zugesandten Reservierungsschein ausgef\u00fcllt und an den dort angegebenen Empf\u00e4nger versandt haben, erhalten Sie von uns die notwendigen Unterlagen f\u00fcr Zeichnung und Kontoer\u00f6ffnung. N\u00e4here Erl\u00e4uterungen zu den einzelnen Schritten entnehmen Sie einfach dem der Kontoer\u00f6ffnung beiliegenden Infoblatt.  Muss ich mich legitimieren, wenn ich bereits Kunde der DKB bin? Nein. Eine erneute Legitimation ist nicht notwendig. Bitte vermerken Sie, wenn m\u00f6glich, auf den Kontounterlagen Ihre Kontonummer der DKB.  Kann der Anlagebetrag in Raten eingezahlt werden? Nein. Der Anlagebetrag wird einmalig von Ihrem Referenzkonto eingezogen. Die Kontonummer teilen Sie uns in Ihrem Kontoer\u00f6ffnungsantrag mit.  a:4:{i:0;s:13:&#8220;accordion-add&#8220;;i:1;s:13:&#8220;accordion-add&#8220;;i:2;s:13:&#8220;accordion-add&#8220;;i:3;s:13:&#8220;accordion-add&#8220;;} W\u00e4hrend der Laufzeit Kann ich den Anlagebetrag w\u00e4hrend der Laufzeit erh\u00f6hen? Nein. Bereits bei Produktabschluss muss die H\u00f6he des gew\u00fcnschten Anlagebetrags angegeben werden.  Kann ich w\u00e4hrend der Laufzeit \u00fcber den Anlagebetrag oder Teile davon verf\u00fcgen?  Nein. Vorzeitige Verf\u00fcgungen sind nicht m\u00f6glich.\r\n\r\nMit Ablauf der vertraglich vereinbarten Laufzeit wird der Anlagebetrag zuz\u00fcglich Zinsen, die noch nicht auf das Referenzkonto ausgezahlt wurden, auf das von Ihnen angegebene Referenzkonto ausgezahlt.  Einlagensicherung Ihre Einlagen werden bei der Deutschen Kreditbank AG (nachfolgend &#8222;DKB AG&#8220; genannt) \u00fcber ein dreistufiges System abgesichert. N\u00e4here Informationen hierzu entnehmen Sie bitte dem Informationsbogen f\u00fcr Einleger, welcher den Kontoer\u00f6ffnungsunterlagen\u00a0 beiliegt oder unserer Homepage <a href=\"https:\/\/www.dkb.de\/kundenservice\/einlagensicherung\/\" target=\"_blank\" rel=\"noopener\">https:\/\/www.dkb.de\/kundenservice\/einlagensicherung\/<\/a>  a:4:{i:0;s:13:&#8220;accordion-add&#8220;;i:1;s:13:&#8220;accordion-add&#8220;;i:2;s:13:&#8220;accordion-add&#8220;;i:3;s:13:&#8220;accordion-add&#8220;;} Allgemeine Fragen und Antworten zum DKB B\u00fcrgersparen K\u00f6nnen pro Haushalt mehrere Reservierungsantr\u00e4ge eingereicht werden? Es darf f\u00fcr jeden Einwohner\/jede Einwohnerin ein Reservierungsantrag abgegeben werden. Wenn in Ihrem Haushalt mehrere Personen leben, darf jede dieser Personen auch einen eigenen Reservierungsantrag abgeben.  In unserem Haushalt m\u00f6chten mehrere Personen am DKB-B\u00fcrgersparen teilnehmen, wir haben jedoch nur einen Reservierungsantrag vorliegen. Was k\u00f6nnen wir tun?  Sie k\u00f6nnen den Reservierungsantrag einfach kopieren oder<strong><a href=\"https:\/\/www.wpd.de\/windpark-jeetze2\/wp-content\/uploads\/sites\/3\/2020\/05\/RZ_Bu\u0308rgersparen_Antrag_14.05.20.pdf\" target=\"_blank\" rel=\"noopener\"> hier<\/a><\/strong> einen weiteren Reservierungsantrag herunterladen. Bitte denken Sie daran, alle Reservierungsantr\u00e4ge fristgerecht bei uns einzureichen.  Welche Idee steht hinter dem DKB-B\u00fcrgersparen? Sie k\u00f6nnen mit Zeichnung des DKB-B\u00fcrgersparen ein konkretes Vorhaben oder Projekt in Ihrer Region ideell unterst\u00fctzen und gleichzeitig davon profitieren  Welche Verbindung besteht zwischen dem Windpark Jeetze II und dem dazugeh\u00f6rigen DKB-B\u00fcrgersparen? Auch wenn es sich um eine ideelle Beteiligung handelt, steht jedes DKB-B\u00fcrgersparen \u00a0immer in direkter Verbindung zu einem konkreten Vorhaben oder Projekt, da dessen Mitfinanzierung ebenfalls durch die Deutsche Kreditbank AG (DKB) erfolgt.  Gibt es Einschr\u00e4nkungen f\u00fcr den Kreis berechtigter Zeichner? Ja. Da das DKB-B\u00fcrgersparen immer f\u00fcr ein konkretes Vorhaben in einer Region aufgelegt wird, ist die Zeichnung den regional ans\u00e4ssigen B\u00fcrgern vorbehalten.  Welche Vorteile bietet das DKB-B\u00fcrgersparen Ihnen als Anleger? Es handelt sich beim DKB-B\u00fcrgersparen um eine risikofreie und transparente Geldanlage mit attraktiver Verzinsung. Da das DKB-B\u00fcrgersparen einen ideellen Beteiligungscharakter hat, ist es finanziell unabh\u00e4ngig vom eigentlichen Projekterfolg. Trotzdem tragen Sie damit zu einer erfolgreichen Entwicklung der Region, in der Sie leben, bei.  Gibt es einen Mindestanlagebetrag? Ja. Der Mindestanlagebetrag f\u00fcr jedes DKB-B\u00fcrgersparen betr\u00e4gt 500,00 Euro.  Wann werden mir die Zinsen aus meinem DKB-B\u00fcrgersparen gutgeschrieben? Die Zinsgutschrift erfolgt j\u00e4hrlich, ausgehend vom Laufzeitbeginn, auf dem von Ihnen angegebenen Referenzkonto.  K\u00f6nnen sich die Zinskonditionen w\u00e4hrend der Laufzeit \u00e4ndern? Bei dem DKB-B\u00fcrgersparen sind die bei Vertragsabschluss geltenden Konditionen f\u00fcr die gesamte Laufzeit g\u00fcltig.  Wie werden die Zinsen des DKB-B\u00fcrgersparen steuerlich behandelt? Zinsertr\u00e4ge aus Geldeinlagen unterliegen der Kapitalertragssteuer (Abgeltungssteuer). Die DKB f\u00fchrt Kapitalertragsteuer zzgl. Solidarit\u00e4tszuschlag und ggfs. Kirchensteuer automatisch und unabh\u00e4ngig vom pers\u00f6nlichen Einkommensteuersatz auf alle bei der DKB erwirtschafteten Eink\u00fcnfte aus Kapitalverm\u00f6gen ab. Sie haben jedoch die M\u00f6glichkeit, bei der DKB einen\u00a0 Freistellungsauftrag zu hinterlegen oder der DKB eine aktuell g\u00fcltige Nichtveranlagungs-Bescheinigung einzureichen. Ein entsprechendes Formular liegt den Kontoer\u00f6ffnungsunterlagen bei.  AEOI und FATCA \u2013 was hei\u00dft das? AEOI (Automatic Exchange of Information) ist eine multilaterale Vereinbarung zahlreicher Staaten. Ziel ist der automatische Austausch von Finanzinformationen \u00fcber Personen oder Firmen, die in den Unterzeichnerl\u00e4ndern steuerpflichtig sind.\r\n\r\nFATCA (Foreign Account Tax Compliance Act) regelt das Auskunftsverfahren \u00fcber Konto- und Depotinhaber mit Steuerpflicht in den USA. Da die USA nicht zu den AEOI-Unterzeichnerl\u00e4ndern geh\u00f6ren, gelten beide Abkommen parallel.  Was ist bei Aussch\u00fcttungen und Auszahlungen f\u00fcr Minderj\u00e4hrige gesondert zu beachten? Die \u00dcbertragung von Geldverm\u00f6gen kann unter Umst\u00e4nden schenkungssteuerliche Relevanz haben. Alle Zahlungen aus dem DKB-B\u00fcrgersparen sollten auf ein Konto des minderj\u00e4hrigen Kontoinhabers gehen.\r\n\r\nBitte informieren Sie sich hier\u00fcber bei Ihrem steuerlichen Berater.  a:13:{i:0;s:13:&#8220;accordion-add&#8220;;i:1;s:13:&#8220;accordion-add&#8220;;i:2;s:13:&#8220;accordion-add&#8220;;i:3;s:13:&#8220;accordion-add&#8220;;i:4;s:13:&#8220;accordion-add&#8220;;i:5;s:13:&#8220;accordion-add&#8220;;i:6;s:13:&#8220;accordion-add&#8220;;i:7;s:13:&#8220;accordion-add&#8220;;i:8;s:13:&#8220;accordion-add&#8220;;i:9;s:13:&#8220;accordion-add&#8220;;i:10;s:13:&#8220;accordion-add&#8220;;i:11;s:13:&#8220;accordion-add&#8220;;i:12;s:13:&#8220;accordion-add&#8220;;} So einfach sind Sie dabei <img loading=\"lazy\" decoding=\"async\" class=\"alignnone size-medium wp-image-436\" src=\"https:\/\/www.wpd.de\/jeetze-ll\/wp-content\/uploads\/sites\/3\/2020\/05\/Grafik2-2-992x518.png\" alt=\"\" width=\"992\" height=\"518\" srcset=\"https:\/\/www.wpd.de\/windpark-jeetze2\/wp-content\/uploads\/sites\/3\/2020\/05\/Grafik2-2-992x518.png 992w, https:\/\/www.wpd.de\/windpark-jeetze2\/wp-content\/uploads\/sites\/3\/2020\/05\/Grafik2-2-768x401.png 768w, https:\/\/www.wpd.de\/windpark-jeetze2\/wp-content\/uploads\/sites\/3\/2020\/05\/Grafik2-2-1500x783.png 1500w, https:\/\/www.wpd.de\/windpark-jeetze2\/wp-content\/uploads\/sites\/3\/2020\/05\/Grafik2-2-600x313.png 600w, https:\/\/www.wpd.de\/windpark-jeetze2\/wp-content\/uploads\/sites\/3\/2020\/05\/Grafik2-2-720x376.png 720w, https:\/\/www.wpd.de\/windpark-jeetze2\/wp-content\/uploads\/sites\/3\/2020\/05\/Grafik2-2-360x188.png 360w, https:\/\/www.wpd.de\/windpark-jeetze2\/wp-content\/uploads\/sites\/3\/2020\/05\/Grafik2-2.png 1942w\" sizes=\"auto, (max-width: 992px) 100vw, 992px\" \/> weiss    zweidritteltext rechts  Ihre Frage ist nicht dabei? Dann kontaktieren Sie uns f\u00fcr Fragen zur Anmeldung zum DKB-B\u00fcrgersparen und zum Zuteilungsverfahren gerne unter <a href=\"&#109;&#97;&#x69;&#x6c;&#116;&#111;&#x3a;&#x57;&#105;&#110;&#x64;&#x70;&#97;&#114;&#x6b;&#x2d;&#74;&#101;&#x65;&#x74;&#122;&#101;&#x32;&#x40;&#119;&#112;&#x64;&#x2e;&#100;&#101;\">&#87;&#x69;&#110;&#x64;&#112;&#x61;r&#x6b;-&#x4a;e&#101;&#x74;&#122;&#x65;&#50;&#x40;&#119;&#x70;d&#x2e;d&#x65;<\/a> oder telefonisch unter 0421 168 66-3024. F\u00fcr Fragen zum Kontovertrag wenden Sie sich bitte an die DKB unter <a href=\"&#109;&#x61;i&#x6c;&#x74;&#111;&#x3a;i&#x6e;&#x66;&#111;&#x40;d&#x6b;&#x62;&#46;&#x64;e\">&#x69;&#x6e;&#x66;&#x6f;&#x40;&#x64;&#x6b;&#x62;&#x2e;&#x64;&#x65;<\/a> oder telefonisch unter 030 12030-9696. weiss    Was passiert bei Vollj\u00e4hrigkeit eines minderj\u00e4hrigen Kontoinhabers? Die Deutsche Kreditbank AG (DKB) setzt sich rechtzeitig vor dem 18. Geburtstag mit dem Kontoinhaber in Verbindung, um die notwendigen Anpassungen zu besprechen.  Wie geht es weiter, nachdem ich den Reservierungsantrag verschickt habe? Nachdem am 30.09.2020 die Frist zur Einreichung der Reservierungsscheine abgelaufen ist, wird wpd pr\u00fcfen, ob Sie zum Kreis der Zeichnungsberechtigten geh\u00f6ren und bei \u00dcberschreitung des Zeichnungsvolumens von 700.000 \u20ac ein Zuteilungsverfahren durchf\u00fchren.\r\n\r\nAnschlie\u00dfend erhalten Sie (voraussichtlich Anfang Oktober 2020) automatisch die Kontoer\u00f6ffnungsunterlagen zugeschickt sowie eine Mitteilung \u00fcber Ihren finalen Anlagebetrag. Sie haben dann bis sp\u00e4testens zum 04.12.2020 Zeit, die Kontoer\u00f6ffnungsunterlagen auszuf\u00fcllen und vollst\u00e4ndig an die DKB zu schicken. Unvollst\u00e4ndige Antragsunterlagen werden bis zu diesem Stichtag nachgefordert, danach eingehende Unterlagen k\u00f6nnen leider nicht mehr ber\u00fccksichtigt werden. Die DKB wird daraufhin die Unterlagen pr\u00fcfen und Ihr Konto er\u00f6ffnen. Der Anlagebetrag wird am 14.12.2020 von Ihrem Referenzkonto (anzugeben im Kontoantrag) eingezogen. Der Verzinsungsbeginn ist bei DKB-internen Referenzkonten taggleich, bei externen Referenzkonten 1-2 Tage sp\u00e4ter.  Wie geht es weiter, nachdem ich die Kontoer\u00f6ffnungsunterlagen eingereicht habe? Die DKB wird die eingegangenen Unterlagen auf Vollst\u00e4ndigkeit pr\u00fcfen. Unvollst\u00e4ndige Antragsunterlagen werden von der DKB nachgefordert und m\u00fcssen bis sp\u00e4testens zum 04.12.2020 nachgereicht werden, danach eingehende Unterlagen k\u00f6nnen leider nicht mehr ber\u00fccksichtigt werden. Anschlie\u00dfend wird die DKB Ihr Konto er\u00f6ffnen. Der Anlagebetrag wird am 14.12.2020 von Ihrem Referenzkonto (anzugeben im Kontoantrag) eingezogen. Der Verzinsungsbeginn ist bei DKB-internen Referenzkonten taggleich, bei externen Referenzkonten 1-2 Tage sp\u00e4ter.  ","protected":false},"author":2,"featured_media":469,"parent":0,"menu_order":0,"comment_status":"closed","ping_status":"closed","template":"template-flexible-contents.php","meta":{"_acf_changed":false,"footnotes":""},"class_list":["post-6","page","type-page","status-publish","has-post-thumbnail","hentry"],"acf":[],"yoast_head":"<!-- This site is optimized with the Yoast SEO plugin v25.4 - https:\/\/yoast.com\/wordpress\/plugins\/seo\/ -->\n<title>DKB-B\u00fcrgersparen - Projekt Jeetze II<\/title>\n<meta name=\"description\" content=\"a. Mit unserem Windsparbrief Mit dem im Windpark produzierten Windstrom leistet Jeetze II einen wichtigen Beitrag zur Energiewende. Hiervon sollten auch die\" \/>\n<meta name=\"robots\" content=\"index, follow, max-snippet:-1, max-image-preview:large, max-video-preview:-1\" \/>\n<link rel=\"canonical\" href=\"https:\/\/www.wpd.de\/windpark-jeetze2\/dkb-buergersparen\/\" \/>\n<meta property=\"og:locale\" content=\"de_DE\" \/>\n<meta property=\"og:type\" content=\"article\" \/>\n<meta property=\"og:title\" content=\"DKB-B\u00fcrgersparen - Projekt Jeetze II\" \/>\n<meta property=\"og:description\" content=\"a. Mit unserem Windsparbrief Mit dem im Windpark produzierten Windstrom leistet Jeetze II einen wichtigen Beitrag zur Energiewende. Hiervon sollten auch die\" \/>\n<meta property=\"og:url\" content=\"https:\/\/www.wpd.de\/windpark-jeetze2\/dkb-buergersparen\/\" \/>\n<meta property=\"og:site_name\" content=\"Projekt Jeetze II\" \/>\n<meta property=\"article:modified_time\" content=\"2022-07-01T13:52:02+00:00\" \/>\n<meta property=\"og:image\" content=\"https:\/\/www.wpd.de\/windpark-jeetze2\/wp-content\/uploads\/sites\/3\/2022\/06\/Jeetze_085-scaled.jpg\" \/>\n\t<meta property=\"og:image:width\" content=\"2560\" \/>\n\t<meta property=\"og:image:height\" content=\"1705\" \/>\n\t<meta property=\"og:image:type\" content=\"image\/jpeg\" \/>\n<meta name=\"twitter:card\" content=\"summary_large_image\" \/>\n<script type=\"application\/ld+json\" class=\"yoast-schema-graph\">{\"@context\":\"https:\/\/schema.org\",\"@graph\":[{\"@type\":\"WebPage\",\"@id\":\"https:\/\/www.wpd.de\/windpark-jeetze2\/dkb-buergersparen\/\",\"url\":\"https:\/\/www.wpd.de\/windpark-jeetze2\/dkb-buergersparen\/\",\"name\":\"DKB-B\u00fcrgersparen - Projekt Jeetze II\",\"isPartOf\":{\"@id\":\"https:\/\/www.wpd.de\/windpark-jeetze2\/#website\"},\"primaryImageOfPage\":{\"@id\":\"https:\/\/www.wpd.de\/windpark-jeetze2\/dkb-buergersparen\/#primaryimage\"},\"image\":{\"@id\":\"https:\/\/www.wpd.de\/windpark-jeetze2\/dkb-buergersparen\/#primaryimage\"},\"thumbnailUrl\":\"https:\/\/www.wpd.de\/windpark-jeetze2\/wp-content\/uploads\/sites\/3\/2022\/06\/Jeetze_085-scaled.jpg\",\"datePublished\":\"2020-03-17T14:52:35+00:00\",\"dateModified\":\"2022-07-01T13:52:02+00:00\",\"breadcrumb\":{\"@id\":\"https:\/\/www.wpd.de\/windpark-jeetze2\/dkb-buergersparen\/#breadcrumb\"},\"inLanguage\":\"de\",\"potentialAction\":[{\"@type\":\"ReadAction\",\"target\":[\"https:\/\/www.wpd.de\/windpark-jeetze2\/dkb-buergersparen\/\"]}]},{\"@type\":\"ImageObject\",\"inLanguage\":\"de\",\"@id\":\"https:\/\/www.wpd.de\/windpark-jeetze2\/dkb-buergersparen\/#primaryimage\",\"url\":\"https:\/\/www.wpd.de\/windpark-jeetze2\/wp-content\/uploads\/sites\/3\/2022\/06\/Jeetze_085-scaled.jpg\",\"contentUrl\":\"https:\/\/www.wpd.de\/windpark-jeetze2\/wp-content\/uploads\/sites\/3\/2022\/06\/Jeetze_085-scaled.jpg\",\"width\":2560,\"height\":1705},{\"@type\":\"BreadcrumbList\",\"@id\":\"https:\/\/www.wpd.de\/windpark-jeetze2\/dkb-buergersparen\/#breadcrumb\",\"itemListElement\":[{\"@type\":\"ListItem\",\"position\":1,\"name\":\"Startseite\",\"item\":\"https:\/\/www.wpd.de\/windpark-jeetze2\/\"},{\"@type\":\"ListItem\",\"position\":2,\"name\":\"DKB-B\u00fcrgersparen\"}]},{\"@type\":\"WebSite\",\"@id\":\"https:\/\/www.wpd.de\/windpark-jeetze2\/#website\",\"url\":\"https:\/\/www.wpd.de\/windpark-jeetze2\/\",\"name\":\"Projekt Jeetze II\",\"description\":\"Eine weitere wpd.de Websites Website\",\"potentialAction\":[{\"@type\":\"SearchAction\",\"target\":{\"@type\":\"EntryPoint\",\"urlTemplate\":\"https:\/\/www.wpd.de\/windpark-jeetze2\/?s={search_term_string}\"},\"query-input\":{\"@type\":\"PropertyValueSpecification\",\"valueRequired\":true,\"valueName\":\"search_term_string\"}}],\"inLanguage\":\"de\"}]}<\/script>\n<!-- \/ Yoast SEO plugin. -->","yoast_head_json":{"title":"DKB-B\u00fcrgersparen - Projekt Jeetze II","description":"a. Mit unserem Windsparbrief Mit dem im Windpark produzierten Windstrom leistet Jeetze II einen wichtigen Beitrag zur Energiewende. Hiervon sollten auch die","robots":{"index":"index","follow":"follow","max-snippet":"max-snippet:-1","max-image-preview":"max-image-preview:large","max-video-preview":"max-video-preview:-1"},"canonical":"https:\/\/www.wpd.de\/windpark-jeetze2\/dkb-buergersparen\/","og_locale":"de_DE","og_type":"article","og_title":"DKB-B\u00fcrgersparen - Projekt Jeetze II","og_description":"a. Mit unserem Windsparbrief Mit dem im Windpark produzierten Windstrom leistet Jeetze II einen wichtigen Beitrag zur Energiewende. Hiervon sollten auch die","og_url":"https:\/\/www.wpd.de\/windpark-jeetze2\/dkb-buergersparen\/","og_site_name":"Projekt Jeetze II","article_modified_time":"2022-07-01T13:52:02+00:00","og_image":[{"width":2560,"height":1705,"url":"https:\/\/www.wpd.de\/windpark-jeetze2\/wp-content\/uploads\/sites\/3\/2022\/06\/Jeetze_085-scaled.jpg","type":"image\/jpeg"}],"twitter_card":"summary_large_image","schema":{"@context":"https:\/\/schema.org","@graph":[{"@type":"WebPage","@id":"https:\/\/www.wpd.de\/windpark-jeetze2\/dkb-buergersparen\/","url":"https:\/\/www.wpd.de\/windpark-jeetze2\/dkb-buergersparen\/","name":"DKB-B\u00fcrgersparen - Projekt Jeetze II","isPartOf":{"@id":"https:\/\/www.wpd.de\/windpark-jeetze2\/#website"},"primaryImageOfPage":{"@id":"https:\/\/www.wpd.de\/windpark-jeetze2\/dkb-buergersparen\/#primaryimage"},"image":{"@id":"https:\/\/www.wpd.de\/windpark-jeetze2\/dkb-buergersparen\/#primaryimage"},"thumbnailUrl":"https:\/\/www.wpd.de\/windpark-jeetze2\/wp-content\/uploads\/sites\/3\/2022\/06\/Jeetze_085-scaled.jpg","datePublished":"2020-03-17T14:52:35+00:00","dateModified":"2022-07-01T13:52:02+00:00","breadcrumb":{"@id":"https:\/\/www.wpd.de\/windpark-jeetze2\/dkb-buergersparen\/#breadcrumb"},"inLanguage":"de","potentialAction":[{"@type":"ReadAction","target":["https:\/\/www.wpd.de\/windpark-jeetze2\/dkb-buergersparen\/"]}]},{"@type":"ImageObject","inLanguage":"de","@id":"https:\/\/www.wpd.de\/windpark-jeetze2\/dkb-buergersparen\/#primaryimage","url":"https:\/\/www.wpd.de\/windpark-jeetze2\/wp-content\/uploads\/sites\/3\/2022\/06\/Jeetze_085-scaled.jpg","contentUrl":"https:\/\/www.wpd.de\/windpark-jeetze2\/wp-content\/uploads\/sites\/3\/2022\/06\/Jeetze_085-scaled.jpg","width":2560,"height":1705},{"@type":"BreadcrumbList","@id":"https:\/\/www.wpd.de\/windpark-jeetze2\/dkb-buergersparen\/#breadcrumb","itemListElement":[{"@type":"ListItem","position":1,"name":"Startseite","item":"https:\/\/www.wpd.de\/windpark-jeetze2\/"},{"@type":"ListItem","position":2,"name":"DKB-B\u00fcrgersparen"}]},{"@type":"WebSite","@id":"https:\/\/www.wpd.de\/windpark-jeetze2\/#website","url":"https:\/\/www.wpd.de\/windpark-jeetze2\/","name":"Projekt Jeetze II","description":"Eine weitere wpd.de Websites Website","potentialAction":[{"@type":"SearchAction","target":{"@type":"EntryPoint","urlTemplate":"https:\/\/www.wpd.de\/windpark-jeetze2\/?s={search_term_string}"},"query-input":{"@type":"PropertyValueSpecification","valueRequired":true,"valueName":"search_term_string"}}],"inLanguage":"de"}]}},"_links":{"self":[{"href":"https:\/\/www.wpd.de\/windpark-jeetze2\/wp-json\/wp\/v2\/pages\/6","targetHints":{"allow":["GET"]}}],"collection":[{"href":"https:\/\/www.wpd.de\/windpark-jeetze2\/wp-json\/wp\/v2\/pages"}],"about":[{"href":"https:\/\/www.wpd.de\/windpark-jeetze2\/wp-json\/wp\/v2\/types\/page"}],"author":[{"embeddable":true,"href":"https:\/\/www.wpd.de\/windpark-jeetze2\/wp-json\/wp\/v2\/users\/2"}],"replies":[{"embeddable":true,"href":"https:\/\/www.wpd.de\/windpark-jeetze2\/wp-json\/wp\/v2\/comments?post=6"}],"version-history":[{"count":248,"href":"https:\/\/www.wpd.de\/windpark-jeetze2\/wp-json\/wp\/v2\/pages\/6\/revisions"}],"predecessor-version":[{"id":487,"href":"https:\/\/www.wpd.de\/windpark-jeetze2\/wp-json\/wp\/v2\/pages\/6\/revisions\/487"}],"wp:featuredmedia":[{"embeddable":true,"href":"https:\/\/www.wpd.de\/windpark-jeetze2\/wp-json\/wp\/v2\/media\/469"}],"wp:attachment":[{"href":"https:\/\/www.wpd.de\/windpark-jeetze2\/wp-json\/wp\/v2\/media?parent=6"}],"curies":[{"name":"wp","href":"https:\/\/api.w.org\/{rel}","templated":true}]}}