{"id":604,"date":"2026-05-21T12:42:57","date_gmt":"2026-05-21T10:42:57","guid":{"rendered":"https:\/\/www.wpd.de\/hollerath\/?page_id=604"},"modified":"2026-08-12T15:38:18","modified_gmt":"2026-08-12T13:38:18","slug":"aktuelles","status":"publish","type":"page","link":"https:\/\/www.wpd.de\/hollerath\/der-windpark\/aktuelles\/","title":{"rendered":"Aktuelles"},"content":{"rendered":"<p>Auf dieser Seite informieren wir Sie regelm\u00e4\u00dfig \u00fcber alle aktuellen Entwicklungen, wichtige Meilensteine und relevante Neuigkeiten rund um das Windparkprojekt Hollerath. Hier finden Sie umfassende Informationen zum Projektfortschritt, zu anstehenden Ma\u00dfnahmen sowie zu wichtigen Ereignissen und Entscheidungen. So bleiben Sie jederzeit \u00fcber die neuesten Themen und Aktivit\u00e4ten informiert.<\/p>\n","protected":false},"excerpt":{"rendered":"    0    0 a:1:{i:0;s:0:&#8220;&#8220;;} ","protected":false},"author":2,"featured_media":709,"parent":294,"menu_order":0,"comment_status":"closed","ping_status":"closed","template":"template-news.php","meta":{"_acf_changed":false,"footnotes":""},"class_list":["post-604","page","type-page","status-publish","has-post-thumbnail","hentry"],"acf":[],"yoast_head":"<!-- This site is optimized with the Yoast SEO plugin v28.4 - https:\/\/yoast.com\/product\/yoast-seo-wordpress\/ -->\n<title>Aktuelles - Windpark Hollerath<\/title>\n<meta name=\"description\" content=\"Auf dieser Seite informieren wir Sie regelm\u00e4\u00dfig \u00fcber alle aktuellen Entwicklungen, wichtige Meilensteine und relevante Neuigkeiten rund um das Windparkprojekt Hollerath. Hier finden Sie umfassende Informationen zum Projektfortschritt, zu ansteh\" \/>\n<meta name=\"robots\" content=\"index, follow, max-snippet:-1, max-image-preview:large, max-video-preview:-1\" \/>\n<link rel=\"canonical\" href=\"https:\/\/www.wpd.de\/hollerath\/der-windpark\/aktuelles\/\" \/>\n<meta property=\"og:locale\" content=\"de_DE\" \/>\n<meta property=\"og:type\" content=\"article\" \/>\n<meta property=\"og:title\" content=\"Aktuelles - Windpark Hollerath\" \/>\n<meta property=\"og:description\" content=\"Auf dieser Seite informieren wir Sie regelm\u00e4\u00dfig \u00fcber alle aktuellen Entwicklungen, wichtige Meilensteine und relevante Neuigkeiten rund um das Windparkprojekt Hollerath. Hier finden Sie umfassende Informationen zum Projektfortschritt, zu ansteh\" \/>\n<meta property=\"og:url\" content=\"https:\/\/www.wpd.de\/hollerath\/der-windpark\/aktuelles\/\" \/>\n<meta property=\"og:site_name\" content=\"Windpark Hollerath\" \/>\n<meta property=\"article:modified_time\" content=\"2026-08-12T13:38:18+00:00\" \/>\n<meta property=\"og:image\" content=\"https:\/\/www.wpd.de\/hollerath\/wp-content\/uploads\/sites\/15\/2026\/06\/Helsen_P._0744_D-HDR-scaled.jpg\" \/>\n\t<meta property=\"og:image:width\" content=\"2560\" \/>\n\t<meta property=\"og:image:height\" content=\"1920\" \/>\n\t<meta property=\"og:image:type\" content=\"image\/jpeg\" \/>\n<meta name=\"twitter:card\" content=\"summary_large_image\" \/>\n<meta name=\"twitter:label1\" content=\"Gesch\u00e4tzte Lesezeit\" \/>\n\t<meta name=\"twitter:data1\" content=\"1\u00a0Minute\" \/>\n<script type=\"application\/ld+json\" class=\"yoast-schema-graph\">{\"@context\":\"https:\\\/\\\/schema.org\",\"@graph\":[{\"@type\":\"WebPage\",\"@id\":\"https:\\\/\\\/www.wpd.de\\\/hollerath\\\/der-windpark\\\/aktuelles\\\/\",\"url\":\"https:\\\/\\\/www.wpd.de\\\/hollerath\\\/der-windpark\\\/aktuelles\\\/\",\"name\":\"Aktuelles - Windpark Hollerath\",\"isPartOf\":{\"@id\":\"https:\\\/\\\/www.wpd.de\\\/hollerath\\\/#website\"},\"primaryImageOfPage\":{\"@id\":\"https:\\\/\\\/www.wpd.de\\\/hollerath\\\/der-windpark\\\/aktuelles\\\/#primaryimage\"},\"image\":{\"@id\":\"https:\\\/\\\/www.wpd.de\\\/hollerath\\\/der-windpark\\\/aktuelles\\\/#primaryimage\"},\"thumbnailUrl\":\"https:\\\/\\\/www.wpd.de\\\/hollerath\\\/wp-content\\\/uploads\\\/sites\\\/15\\\/2026\\\/06\\\/Helsen_P._0744_D-HDR-scaled.jpg\",\"datePublished\":\"2026-05-21T10:42:57+00:00\",\"dateModified\":\"2026-08-12T13:38:18+00:00\",\"breadcrumb\":{\"@id\":\"https:\\\/\\\/www.wpd.de\\\/hollerath\\\/der-windpark\\\/aktuelles\\\/#breadcrumb\"},\"inLanguage\":\"de\",\"potentialAction\":[{\"@type\":\"ReadAction\",\"target\":[\"https:\\\/\\\/www.wpd.de\\\/hollerath\\\/der-windpark\\\/aktuelles\\\/\"]}]},{\"@type\":\"ImageObject\",\"inLanguage\":\"de\",\"@id\":\"https:\\\/\\\/www.wpd.de\\\/hollerath\\\/der-windpark\\\/aktuelles\\\/#primaryimage\",\"url\":\"https:\\\/\\\/www.wpd.de\\\/hollerath\\\/wp-content\\\/uploads\\\/sites\\\/15\\\/2026\\\/06\\\/Helsen_P._0744_D-HDR-scaled.jpg\",\"contentUrl\":\"https:\\\/\\\/www.wpd.de\\\/hollerath\\\/wp-content\\\/uploads\\\/sites\\\/15\\\/2026\\\/06\\\/Helsen_P._0744_D-HDR-scaled.jpg\",\"width\":2560,\"height\":1920,\"caption\":\"default\"},{\"@type\":\"BreadcrumbList\",\"@id\":\"https:\\\/\\\/www.wpd.de\\\/hollerath\\\/der-windpark\\\/aktuelles\\\/#breadcrumb\",\"itemListElement\":[{\"@type\":\"ListItem\",\"position\":1,\"name\":\"Startseite\",\"item\":\"https:\\\/\\\/www.wpd.de\\\/hollerath\\\/\"},{\"@type\":\"ListItem\",\"position\":2,\"name\":\"Der Windpark\",\"item\":\"https:\\\/\\\/www.wpd.de\\\/hollerath\\\/der-windpark\\\/\"},{\"@type\":\"ListItem\",\"position\":3,\"name\":\"Aktuelles\"}]},{\"@type\":\"WebSite\",\"@id\":\"https:\\\/\\\/www.wpd.de\\\/hollerath\\\/#website\",\"url\":\"https:\\\/\\\/www.wpd.de\\\/hollerath\\\/\",\"name\":\"Windpark Hollerath\",\"description\":\"\",\"potentialAction\":[{\"@type\":\"SearchAction\",\"target\":{\"@type\":\"EntryPoint\",\"urlTemplate\":\"https:\\\/\\\/www.wpd.de\\\/hollerath\\\/?s={search_term_string}\"},\"query-input\":{\"@type\":\"PropertyValueSpecification\",\"valueRequired\":true,\"valueName\":\"search_term_string\"}}],\"inLanguage\":\"de\"}]}<\/script>\n<!-- \/ Yoast SEO plugin. -->","yoast_head_json":{"title":"Aktuelles - Windpark Hollerath","description":"Auf dieser Seite informieren wir Sie regelm\u00e4\u00dfig \u00fcber alle aktuellen Entwicklungen, wichtige Meilensteine und relevante Neuigkeiten rund um das Windparkprojekt Hollerath. Hier finden Sie umfassende Informationen zum Projektfortschritt, zu ansteh","robots":{"index":"index","follow":"follow","max-snippet":"max-snippet:-1","max-image-preview":"max-image-preview:large","max-video-preview":"max-video-preview:-1"},"canonical":"https:\/\/www.wpd.de\/hollerath\/der-windpark\/aktuelles\/","og_locale":"de_DE","og_type":"article","og_title":"Aktuelles - Windpark Hollerath","og_description":"Auf dieser Seite informieren wir Sie regelm\u00e4\u00dfig \u00fcber alle aktuellen Entwicklungen, wichtige Meilensteine und relevante Neuigkeiten rund um das Windparkprojekt Hollerath. Hier finden Sie umfassende Informationen zum Projektfortschritt, zu ansteh","og_url":"https:\/\/www.wpd.de\/hollerath\/der-windpark\/aktuelles\/","og_site_name":"Windpark Hollerath","article_modified_time":"2026-08-12T13:38:18+00:00","og_image":[{"width":2560,"height":1920,"url":"https:\/\/www.wpd.de\/hollerath\/wp-content\/uploads\/sites\/15\/2026\/06\/Helsen_P._0744_D-HDR-scaled.jpg","type":"image\/jpeg"}],"twitter_card":"summary_large_image","twitter_misc":{"Gesch\u00e4tzte Lesezeit":"1\u00a0Minute"},"schema":{"@context":"https:\/\/schema.org","@graph":[{"@type":"WebPage","@id":"https:\/\/www.wpd.de\/hollerath\/der-windpark\/aktuelles\/","url":"https:\/\/www.wpd.de\/hollerath\/der-windpark\/aktuelles\/","name":"Aktuelles - Windpark Hollerath","isPartOf":{"@id":"https:\/\/www.wpd.de\/hollerath\/#website"},"primaryImageOfPage":{"@id":"https:\/\/www.wpd.de\/hollerath\/der-windpark\/aktuelles\/#primaryimage"},"image":{"@id":"https:\/\/www.wpd.de\/hollerath\/der-windpark\/aktuelles\/#primaryimage"},"thumbnailUrl":"https:\/\/www.wpd.de\/hollerath\/wp-content\/uploads\/sites\/15\/2026\/06\/Helsen_P._0744_D-HDR-scaled.jpg","datePublished":"2026-05-21T10:42:57+00:00","dateModified":"2026-08-12T13:38:18+00:00","breadcrumb":{"@id":"https:\/\/www.wpd.de\/hollerath\/der-windpark\/aktuelles\/#breadcrumb"},"inLanguage":"de","potentialAction":[{"@type":"ReadAction","target":["https:\/\/www.wpd.de\/hollerath\/der-windpark\/aktuelles\/"]}]},{"@type":"ImageObject","inLanguage":"de","@id":"https:\/\/www.wpd.de\/hollerath\/der-windpark\/aktuelles\/#primaryimage","url":"https:\/\/www.wpd.de\/hollerath\/wp-content\/uploads\/sites\/15\/2026\/06\/Helsen_P._0744_D-HDR-scaled.jpg","contentUrl":"https:\/\/www.wpd.de\/hollerath\/wp-content\/uploads\/sites\/15\/2026\/06\/Helsen_P._0744_D-HDR-scaled.jpg","width":2560,"height":1920,"caption":"default"},{"@type":"BreadcrumbList","@id":"https:\/\/www.wpd.de\/hollerath\/der-windpark\/aktuelles\/#breadcrumb","itemListElement":[{"@type":"ListItem","position":1,"name":"Startseite","item":"https:\/\/www.wpd.de\/hollerath\/"},{"@type":"ListItem","position":2,"name":"Der Windpark","item":"https:\/\/www.wpd.de\/hollerath\/der-windpark\/"},{"@type":"ListItem","position":3,"name":"Aktuelles"}]},{"@type":"WebSite","@id":"https:\/\/www.wpd.de\/hollerath\/#website","url":"https:\/\/www.wpd.de\/hollerath\/","name":"Windpark Hollerath","description":"","potentialAction":[{"@type":"SearchAction","target":{"@type":"EntryPoint","urlTemplate":"https:\/\/www.wpd.de\/hollerath\/?s={search_term_string}"},"query-input":{"@type":"PropertyValueSpecification","valueRequired":true,"valueName":"search_term_string"}}],"inLanguage":"de"}]}},"_links":{"self":[{"href":"https:\/\/www.wpd.de\/hollerath\/wp-json\/wp\/v2\/pages\/604","targetHints":{"allow":["GET"]}}],"collection":[{"href":"https:\/\/www.wpd.de\/hollerath\/wp-json\/wp\/v2\/pages"}],"about":[{"href":"https:\/\/www.wpd.de\/hollerath\/wp-json\/wp\/v2\/types\/page"}],"author":[{"embeddable":true,"href":"https:\/\/www.wpd.de\/hollerath\/wp-json\/wp\/v2\/users\/2"}],"replies":[{"embeddable":true,"href":"https:\/\/www.wpd.de\/hollerath\/wp-json\/wp\/v2\/comments?post=604"}],"version-history":[{"count":2,"href":"https:\/\/www.wpd.de\/hollerath\/wp-json\/wp\/v2\/pages\/604\/revisions"}],"predecessor-version":[{"id":1029,"href":"https:\/\/www.wpd.de\/hollerath\/wp-json\/wp\/v2\/pages\/604\/revisions\/1029"}],"up":[{"embeddable":true,"href":"https:\/\/www.wpd.de\/hollerath\/wp-json\/wp\/v2\/pages\/294"}],"wp:featuredmedia":[{"embeddable":true,"href":"https:\/\/www.wpd.de\/hollerath\/wp-json\/wp\/v2\/media\/709"}],"wp:attachment":[{"href":"https:\/\/www.wpd.de\/hollerath\/wp-json\/wp\/v2\/media?parent=604"}],"curies":[{"name":"wp","href":"https:\/\/api.w.org\/{rel}","templated":true}]}}

<p>Auf dieser Seite informieren wir Sie regelmäßig über alle aktuellen Entwicklungen, wichtige Meilensteine und relevante Neuigkeiten rund um das Windparkprojekt Hollerath. Hier finden Sie umfassende Informationen zum Projektfortschritt, zu anstehenden Maßnahmen sowie zu wichtigen Ereignissen und Entscheidungen. So bleiben Sie jederzeit über die neuesten Themen und Aktivitäten informiert.</p>

<!-- This site is optimized with the Yoast SEO plugin v28.4 - https://yoast.com/product/yoast-seo-wordpress/ -->
<title>Aktuelles - Windpark Hollerath</title>
<meta name="description" content="Auf dieser Seite informieren wir Sie regelmäßig über alle aktuellen Entwicklungen, wichtige Meilensteine und relevante Neuigkeiten rund um das Windparkprojekt Hollerath. Hier finden Sie umfassende Informationen zum Projektfortschritt, zu ansteh" />
<meta name="robots" content="index, follow, max-snippet:-1, max-image-preview:large, max-video-preview:-1" />
<link rel="canonical" href="https://www.wpd.de/hollerath/der-windpark/aktuelles/" />
<meta property="og:locale" content="de_DE" />
<meta property="og:type" content="article" />
<meta property="og:title" content="Aktuelles - Windpark Hollerath" />
<meta property="og:description" content="Auf dieser Seite informieren wir Sie regelmäßig über alle aktuellen Entwicklungen, wichtige Meilensteine und relevante Neuigkeiten rund um das Windparkprojekt Hollerath. Hier finden Sie umfassende Informationen zum Projektfortschritt, zu ansteh" />
<meta property="og:url" content="https://www.wpd.de/hollerath/der-windpark/aktuelles/" />
<meta property="og:site_name" content="Windpark Hollerath" />
<meta property="article:modified_time" content="2026-08-12T13:38:18+00:00" />
<meta property="og:image" content="https://www.wpd.de/hollerath/wp-content/uploads/sites/15/2026/06/Helsen_P._0744_D-HDR-scaled.jpg" />
	<meta property="og:image:width" content="2560" />
	<meta property="og:image:height" content="1920" />
	<meta property="og:image:type" content="image/jpeg" />
<meta name="twitter:card" content="summary_large_image" />
<meta name="twitter:label1" content="Geschätzte Lesezeit" />
	<meta name="twitter:data1" content="1 Minute" />
<script type="application/ld+json" class="yoast-schema-graph">{"@context":"https:\/\/schema.org","@graph":[{"@type":"WebPage","@id":"https:\/\/www.wpd.de\/hollerath\/der-windpark\/aktuelles\/","url":"https:\/\/www.wpd.de\/hollerath\/der-windpark\/aktuelles\/","name":"Aktuelles - Windpark Hollerath","isPartOf":{"@id":"https:\/\/www.wpd.de\/hollerath\/#website"},"primaryImageOfPage":{"@id":"https:\/\/www.wpd.de\/hollerath\/der-windpark\/aktuelles\/#primaryimage"},"image":{"@id":"https:\/\/www.wpd.de\/hollerath\/der-windpark\/aktuelles\/#primaryimage"},"thumbnailUrl":"https:\/\/www.wpd.de\/hollerath\/wp-content\/uploads\/sites\/15\/2026\/06\/Helsen_P._0744_D-HDR-scaled.jpg","datePublished":"2026-05-21T10:42:57+00:00","dateModified":"2026-08-12T13:38:18+00:00","breadcrumb":{"@id":"https:\/\/www.wpd.de\/hollerath\/der-windpark\/aktuelles\/#breadcrumb"},"inLanguage":"de","potentialAction":[{"@type":"ReadAction","target":["https:\/\/www.wpd.de\/hollerath\/der-windpark\/aktuelles\/"]}]},{"@type":"ImageObject","inLanguage":"de","@id":"https:\/\/www.wpd.de\/hollerath\/der-windpark\/aktuelles\/#primaryimage","url":"https:\/\/www.wpd.de\/hollerath\/wp-content\/uploads\/sites\/15\/2026\/06\/Helsen_P._0744_D-HDR-scaled.jpg","contentUrl":"https:\/\/www.wpd.de\/hollerath\/wp-content\/uploads\/sites\/15\/2026\/06\/Helsen_P._0744_D-HDR-scaled.jpg","width":2560,"height":1920,"caption":"default"},{"@type":"BreadcrumbList","@id":"https:\/\/www.wpd.de\/hollerath\/der-windpark\/aktuelles\/#breadcrumb","itemListElement":[{"@type":"ListItem","position":1,"name":"Startseite","item":"https:\/\/www.wpd.de\/hollerath\/"},{"@type":"ListItem","position":2,"name":"Der Windpark","item":"https:\/\/www.wpd.de\/hollerath\/der-windpark\/"},{"@type":"ListItem","position":3,"name":"Aktuelles"}]},{"@type":"WebSite","@id":"https:\/\/www.wpd.de\/hollerath\/#website","url":"https:\/\/www.wpd.de\/hollerath\/","name":"Windpark Hollerath","description":"","potentialAction":[{"@type":"SearchAction","target":{"@type":"EntryPoint","urlTemplate":"https:\/\/www.wpd.de\/hollerath\/?s={search_term_string}"},"query-input":{"@type":"PropertyValueSpecification","valueRequired":true,"valueName":"search_term_string"}}],"inLanguage":"de"}]}</script>
<!-- / Yoast SEO plugin. -->

Auf dieser Seite informieren wir Sie regelmäßig über alle aktuellen Entwicklungen, wichtige Meilensteine und relevante Neuigkeiten rund um das Windparkprojekt Hollerath. Hier finden Sie umfassende Informationen zum Projektfortschritt, zu ansteh
